{"id":8353,"date":"2021-11-25T14:04:04","date_gmt":"2021-11-25T13:04:04","guid":{"rendered":"https:\/\/www.upm.es\/recursosidi\/offers-resources\/sin categor\u00eda\/controlador-experto-de-sistemas-fotovoltaicos-autonomos\/"},"modified":"2022-08-10T02:01:16","modified_gmt":"2022-08-10T00:01:16","slug":"controlador-experto-de-sistemas-fotovoltaicos-autonomos","status":"publish","type":"product","link":"https:\/\/www.upm.es\/recursosidi\/offers-resources\/patentes\/controlador-experto-de-sistemas-fotovoltaicos-autonomos\/","title":{"rendered":"Controlador experto de sistemas fotovoltaicos aut\u00f3nomos"},"content":{"rendered":"<h5>Descripci\u00f3n de la patente <\/h5>\n<p>Con la finalidad de evitar tanto una sobrecarga como una sobredescarga de las bater\u00edas que participan en el sistema fotovoltaico, consiste en un elemento de control (4), concretamente en un microcontrolador, con capacidad de proceso para ejecutar un algoritmo de control, el cual recibe informaci\u00f3n de la instalaci\u00f3n fotovoltaica (2) a trav\u00e9s de un juego de sensores (3) de tensi\u00f3n, corriente, temperatura y humedad, elemento de control (4) que, en funci\u00f3n del algoritmo de control y con la colaboraci\u00f3n de actuadores (5), regula el flujo de corriente. Un m\u00f3dulo de comunicaciones (6) permite establecer comunicaci\u00f3n a distancia del elemento de control (4) con un usuario remoto relativa al estado de la instalaci\u00f3n, valores instant\u00e1neos, evoluci\u00f3n temporal, eventos y alarmas, y comandos remotos.<\/p>\n<h5>Situaci\u00f3n <\/h5>\n<p>Concedida<\/p>\n<h5>N\u00famero de solicitud<\/h5>\n<p>P200300680<\/p>\n<h5>N\u00famero de publicaci\u00f3n<\/h5>\n<p>ES2221559<\/p>\n<h5>Fecha de presentaci\u00f3n <\/h5>\n<p>24\/03\/2003<\/p>\n<h5>Fecha de concesi\u00f3n <\/h5>\n<p>24\/01\/2006<\/p>\n<div class=\"pdfprnt-buttons pdfprnt-buttons-product pdfprnt-bottom-left\"><a href=\"https:\/\/www.upm.es\/recursosidi\/wp-json\/wp\/v2\/product\/8353?print=pdf\" class=\"pdfprnt-button pdfprnt-button-pdf\" target=\"_blank\"><span class=\"pdfprnt-button-title pdfprnt-button-pdf-title\">Descargar ficha<\/span><\/a><\/div>","protected":false},"excerpt":{"rendered":"<p>Descripci\u00f3n de la patente Con la finalidad de evitar tanto una sobrecarga como una sobredescarga de las bater\u00edas que participan en el sistema fotovoltaico, consiste&hellip;<\/p>\n","protected":false},"featured_media":0,"template":"","meta":{"_acf_changed":false},"product_cat":[3946],"product_tag":[],"comunidades-upm":[],"quien":[],"mapa":[],"disponibilidad":[],"donde":[{"term_id":658,"name":"Grupo de Biometr\u00eda, Biose\u00f1ales, Seguridad y Smart Mobility","slug":"grupo-de-biometria-biosenales-seguridad-y-smart-mobility","term_group":0,"term_taxonomy_id":658,"taxonomy":"donde","description":"","parent":0,"count":17,"filter":"raw","term_order":"0"}],"infraestructura":[],"ods":[],"origen":[{"term_id":180,"name":"Patente","slug":"patente","term_group":0,"term_taxonomy_id":180,"taxonomy":"origen","description":"","parent":0,"count":614,"filter":"raw","term_order":"0"}],"familia_tax":false,"quien_tax":false,"donde_tax":false,"year":"","contacto":"<strong>Principales: <\/strong><ul><li>LUIS MAGDALENA LAYOS <blockquote><strong>luis.magdalena@upm.es<\/strong><\/blockquote><\/li><li>JUAN RAMON VELASCO PEREZ <blockquote><strong><\/strong><\/blockquote><\/li><\/ul><strong>Otros inventores: <\/strong><ul><li>Joaqu\u00ednCa\u00f1ada Bago Universidad de Ja\u00e9n<\/li> <li>Sebasti\u00e1nGarc\u00eda Gal\u00e1n Universidad de Ja\u00e9n<\/li> <li>Juande la Casa Hern\u00e1ndez Universidad de Ja\u00e9n<\/li> <li>JorgeAguilera Tejero Universidad de Ja\u00e9n<\/li> <\/ul>","telefono":"","pagina_web":"","email":"","id_ficha_portal":"7","video":"","adjuntos":false,"adjuntos_portal":"","inf":false,"departamento":"","acf":[],"lang":"es","translation":{"es":8353},"_links":{"self":[{"href":"https:\/\/www.upm.es\/recursosidi\/wp-json\/wp\/v2\/product\/8353"}],"collection":[{"href":"https:\/\/www.upm.es\/recursosidi\/wp-json\/wp\/v2\/product"}],"about":[{"href":"https:\/\/www.upm.es\/recursosidi\/wp-json\/wp\/v2\/types\/product"}],"wp:attachment":[{"href":"https:\/\/www.upm.es\/recursosidi\/wp-json\/wp\/v2\/media?parent=8353"}],"wp:term":[{"taxonomy":"product_cat","embeddable":true,"href":"https:\/\/www.upm.es\/recursosidi\/wp-json\/wp\/v2\/product_cat?post=8353"},{"taxonomy":"product_tag","embeddable":true,"href":"https:\/\/www.upm.es\/recursosidi\/wp-json\/wp\/v2\/product_tag?post=8353"},{"taxonomy":"comunidad_upm","embeddable":true,"href":"https:\/\/www.upm.es\/recursosidi\/wp-json\/wp\/v2\/comunidades-upm?post=8353"},{"taxonomy":"quien","embeddable":true,"href":"https:\/\/www.upm.es\/recursosidi\/wp-json\/wp\/v2\/quien?post=8353"},{"taxonomy":"mapa","embeddable":true,"href":"https:\/\/www.upm.es\/recursosidi\/wp-json\/wp\/v2\/mapa?post=8353"},{"taxonomy":"disponibilidad","embeddable":true,"href":"https:\/\/www.upm.es\/recursosidi\/wp-json\/wp\/v2\/disponibilidad?post=8353"},{"taxonomy":"donde","embeddable":true,"href":"https:\/\/www.upm.es\/recursosidi\/wp-json\/wp\/v2\/donde?post=8353"},{"taxonomy":"infraestructura","embeddable":true,"href":"https:\/\/www.upm.es\/recursosidi\/wp-json\/wp\/v2\/infraestructura?post=8353"},{"taxonomy":"ods","embeddable":true,"href":"https:\/\/www.upm.es\/recursosidi\/wp-json\/wp\/v2\/ods?post=8353"},{"taxonomy":"origen","embeddable":true,"href":"https:\/\/www.upm.es\/recursosidi\/wp-json\/wp\/v2\/origen?post=8353"}],"curies":[{"name":"wp","href":"https:\/\/api.w.org\/{rel}","templated":true}]}}