{"id":8361,"date":"2021-11-25T14:04:25","date_gmt":"2021-11-25T13:04:25","guid":{"rendered":"https:\/\/www.upm.es\/recursosidi\/offers-resources\/sin categor\u00eda\/sistema-integrado-de-aprovechamiento-control-y-regulacion-de-energia-en-el-hogar\/"},"modified":"2022-08-10T02:01:38","modified_gmt":"2022-08-10T00:01:38","slug":"sistema-integrado-de-aprovechamiento-control-y-regulacion-de-energia-en-el-hogar","status":"publish","type":"product","link":"https:\/\/www.upm.es\/recursosidi\/offers-resources\/patentes\/sistema-integrado-de-aprovechamiento-control-y-regulacion-de-energia-en-el-hogar\/","title":{"rendered":"Sistema integrado de aprovechamiento, control y regulaci\u00f3n de energ\u00eda en el hogar"},"content":{"rendered":"<h5>Descripci\u00f3n de la patente <\/h5>\n<p>La presente invenci\u00f3n consiste en un sistema integrado de captaci\u00f3n, acumulaci\u00f3n, regulaci\u00f3n y distribuci\u00f3n de energ\u00eda en un edificio, sin necesidad de utilizar la energ\u00eda de la red, sino reutilizando las fuentes de energ\u00eda renovables disponibles en las condiciones ambientales que rodean y constituyen el edificio (aire fresco, humedad del ambiente, \u00bf ) .<\/p>\n<p>El sistema realiza primero la captaci\u00f3n de energ\u00eda para su enfriamiento o calentamiento, la cual capta del aire mediante succi\u00f3n con ventiladores a trav\u00e9s de  ventanas en la pared y huecos en la base del suelo. Dicha energ\u00eda atraviesa unos geles que pasan de estado s\u00f3lido a l\u00edquido acumulando la energ\u00eda por el cambio de fase. A continuaci\u00f3n el sistema funciona en modo inverso distribuyendo la energ\u00eda captada mediante el cambio de fase de los geles. <\/p>\n<p>Un sistema inform\u00e1tico controla todo el sistema.<\/p>\n<h5>Situaci\u00f3n <\/h5>\n<p>Concedida<\/p>\n<h5>N\u00famero de solicitud<\/h5>\n<p>P200502347<\/p>\n<h5>N\u00famero de publicaci\u00f3n<\/h5>\n<p>ES2277758<\/p>\n<h5>Fecha de presentaci\u00f3n <\/h5>\n<p>28\/09\/2005<\/p>\n<h5>Fecha de concesi\u00f3n <\/h5>\n<p>03\/03\/2008<\/p>\n<div class=\"pdfprnt-buttons pdfprnt-buttons-product pdfprnt-bottom-left\"><a href=\"https:\/\/www.upm.es\/recursosidi\/wp-json\/wp\/v2\/product\/8361?print=pdf\" class=\"pdfprnt-button pdfprnt-button-pdf\" target=\"_blank\"><span class=\"pdfprnt-button-title pdfprnt-button-pdf-title\">Descargar ficha<\/span><\/a><\/div>","protected":false},"excerpt":{"rendered":"<p>Descripci\u00f3n de la patente La presente invenci\u00f3n consiste en un sistema integrado de captaci\u00f3n, acumulaci\u00f3n, regulaci\u00f3n y distribuci\u00f3n de energ\u00eda en un edificio, sin necesidad&hellip;<\/p>\n","protected":false},"featured_media":0,"template":"","meta":{"_acf_changed":false},"product_cat":[3946],"product_tag":[],"comunidades-upm":[],"quien":[],"mapa":[],"disponibilidad":[],"donde":[{"term_id":260,"name":"Arquitectura Bioclim\u00e1tica en un entorno sostenible-ABIO","slug":"arquitectura-bioclimatica-en-un-entorno-sostenible-abio","term_group":0,"term_taxonomy_id":260,"taxonomy":"donde","description":"","parent":0,"count":19,"filter":"raw","term_order":"0"},{"term_id":600,"name":"Generaci\u00f3n Distribuida Renovable y Control Inteligente","slug":"generacion-distribuida-renovable-y-control-inteligente","term_group":0,"term_taxonomy_id":600,"taxonomy":"donde","description":"","parent":0,"count":10,"filter":"raw","term_order":"0"},{"term_id":658,"name":"Grupo de Biometr\u00eda, Biose\u00f1ales, Seguridad y Smart Mobility","slug":"grupo-de-biometria-biosenales-seguridad-y-smart-mobility","term_group":0,"term_taxonomy_id":658,"taxonomy":"donde","description":"","parent":0,"count":17,"filter":"raw","term_order":"0"},{"term_id":642,"name":"Information Processing and Telecommunications Center (IPTC)","slug":"information-processing-and-telecommunications-center-iptc","term_group":0,"term_taxonomy_id":642,"taxonomy":"donde","description":"","parent":0,"count":74,"filter":"raw","term_order":"0"},{"term_id":236,"name":"Instituto de Energ\u00eda Solar (IES)","slug":"instituto-de-energia-solar-ies","term_group":0,"term_taxonomy_id":236,"taxonomy":"donde","description":"","parent":0,"count":41,"filter":"raw","term_order":"0"},{"term_id":264,"name":"T\u00e9cnicas Innovadoras y Sostenibles en la Edificaci\u00f3n","slug":"tecnicas-innovadoras-y-sostenibles-en-la-edificacion","term_group":0,"term_taxonomy_id":264,"taxonomy":"donde","description":"","parent":0,"count":13,"filter":"raw","term_order":"0"}],"infraestructura":[],"ods":[],"origen":[{"term_id":180,"name":"Patente","slug":"patente","term_group":0,"term_taxonomy_id":180,"taxonomy":"origen","description":"","parent":0,"count":614,"filter":"raw","term_order":"0"}],"familia_tax":false,"quien_tax":false,"donde_tax":false,"year":"","contacto":"<strong>Principales: <\/strong><ul><li>LUIS MAGDALENA LAYOS <blockquote><strong>luis.magdalena@upm.es<\/strong><\/blockquote><\/li><li>FRANCISCO J. JIMENEZ LEUBE <blockquote><strong>francisco.jimenez@upm.es<\/strong><\/blockquote><\/li><li>FCO. JAVIER NEILA GONZALEZ <blockquote><strong>fjavier.neila@upm.es<\/strong><\/blockquote><\/li><li>CESAR BEDOYA FRUTOS <blockquote><strong>cesar.bedoya@upm.es<\/strong><\/blockquote><\/li><li>MARIA ESTEFANIA CAAMA\u00d1O MARTIN <blockquote><strong>estefania.cmartin@upm.es<\/strong><\/blockquote><\/li><li>ALFONSO GARCIA SANTOS <blockquote><strong>alfonso.garciasantos@upm.es<\/strong><\/blockquote><\/li><li>MIGUEL ANGEL EGIDO AGUILERA <blockquote><strong>miguel.egido@upm.es<\/strong><\/blockquote><\/li><\/ul>","telefono":"","pagina_web":"","email":"","id_ficha_portal":"46","video":"","adjuntos":false,"adjuntos_portal":"https:\/\/www.upm.es\/S2i\/Acuse\/recuperarArchivo.jsp?id=46&id_archivo=110&tipo=patente&extension=fichero","inf":false,"departamento":"","acf":[],"lang":"es","translation":{"es":8361},"_links":{"self":[{"href":"https:\/\/www.upm.es\/recursosidi\/wp-json\/wp\/v2\/product\/8361"}],"collection":[{"href":"https:\/\/www.upm.es\/recursosidi\/wp-json\/wp\/v2\/product"}],"about":[{"href":"https:\/\/www.upm.es\/recursosidi\/wp-json\/wp\/v2\/types\/product"}],"wp:attachment":[{"href":"https:\/\/www.upm.es\/recursosidi\/wp-json\/wp\/v2\/media?parent=8361"}],"wp:term":[{"taxonomy":"product_cat","embeddable":true,"href":"https:\/\/www.upm.es\/recursosidi\/wp-json\/wp\/v2\/product_cat?post=8361"},{"taxonomy":"product_tag","embeddable":true,"href":"https:\/\/www.upm.es\/recursosidi\/wp-json\/wp\/v2\/product_tag?post=8361"},{"taxonomy":"comunidad_upm","embeddable":true,"href":"https:\/\/www.upm.es\/recursosidi\/wp-json\/wp\/v2\/comunidades-upm?post=8361"},{"taxonomy":"quien","embeddable":true,"href":"https:\/\/www.upm.es\/recursosidi\/wp-json\/wp\/v2\/quien?post=8361"},{"taxonomy":"mapa","embeddable":true,"href":"https:\/\/www.upm.es\/recursosidi\/wp-json\/wp\/v2\/mapa?post=8361"},{"taxonomy":"disponibilidad","embeddable":true,"href":"https:\/\/www.upm.es\/recursosidi\/wp-json\/wp\/v2\/disponibilidad?post=8361"},{"taxonomy":"donde","embeddable":true,"href":"https:\/\/www.upm.es\/recursosidi\/wp-json\/wp\/v2\/donde?post=8361"},{"taxonomy":"infraestructura","embeddable":true,"href":"https:\/\/www.upm.es\/recursosidi\/wp-json\/wp\/v2\/infraestructura?post=8361"},{"taxonomy":"ods","embeddable":true,"href":"https:\/\/www.upm.es\/recursosidi\/wp-json\/wp\/v2\/ods?post=8361"},{"taxonomy":"origen","embeddable":true,"href":"https:\/\/www.upm.es\/recursosidi\/wp-json\/wp\/v2\/origen?post=8361"}],"curies":[{"name":"wp","href":"https:\/\/api.w.org\/{rel}","templated":true}]}}

https://www.upm.es/recursosidi/offers-resources/sin categoría/sistema-integrado-de-aprovechamiento-control-y-regulacion-de-energia-en-el-hogar/

Sistema integrado de aprovechamiento, control y regulación de energía en el hogar

<h5>Descripción de la patente </h5>
<p>La presente invención consiste en un sistema integrado de captación, acumulación, regulación y distribución de energía en un edificio, sin necesidad de utilizar la energía de la red, sino reutilizando las fuentes de energía renovables disponibles en las condiciones ambientales que rodean y constituyen el edificio (aire fresco, humedad del ambiente, ¿ ) .</p>
<p>El sistema realiza primero la captación de energía para su enfriamiento o calentamiento, la cual capta del aire mediante succión con ventiladores a través de  ventanas en la pared y huecos en la base del suelo. Dicha energía atraviesa unos geles que pasan de estado sólido a líquido acumulando la energía por el cambio de fase. A continuación el sistema funciona en modo inverso distribuyendo la energía captada mediante el cambio de fase de los geles. </p>
<p>Un sistema informático controla todo el sistema.</p>
<h5>Situación </h5>
<p>Concedida</p>
<h5>Número de solicitud</h5>
<p>P200502347</p>
<h5>Número de publicación</h5>
<p>ES2277758</p>
<h5>Fecha de presentación </h5>
<p>28/09/2005</p>
<h5>Fecha de concesión </h5>
<p>03/03/2008</p>
<div class="pdfprnt-buttons pdfprnt-buttons-product pdfprnt-bottom-left"><a href="https://www.upm.es/recursosidi/wp-json/wp/v2/product/8361?print=pdf" class="pdfprnt-button pdfprnt-button-pdf" target="_blank"><span class="pdfprnt-button-title pdfprnt-button-pdf-title">Descargar ficha</span></a></div>

<p>Descripción de la patente La presente invención consiste en un sistema integrado de captación, acumulación, regulación y distribución de energía en un edificio, sin necesidad&hellip;</p>

Arquitectura Bioclimática en un entorno sostenible-ABIO

Generación Distribuida Renovable y Control Inteligente

Grupo de Biometría, Bioseñales, Seguridad y Smart Mobility

Instituto de Energía Solar (IES)

Técnicas Innovadoras y Sostenibles en la Edificación

<strong>Principales: </strong><ul><li>LUIS MAGDALENA LAYOS <blockquote><strong>luis.magdalena@upm.es</strong></blockquote></li><li>FRANCISCO J. JIMENEZ LEUBE <blockquote><strong>francisco.jimenez@upm.es</strong></blockquote></li><li>FCO. JAVIER NEILA GONZALEZ <blockquote><strong>fjavier.neila@upm.es</strong></blockquote></li><li>CESAR BEDOYA FRUTOS <blockquote><strong>cesar.bedoya@upm.es</strong></blockquote></li><li>MARIA ESTEFANIA CAAMAÑO MARTIN <blockquote><strong>estefania.cmartin@upm.es</strong></blockquote></li><li>ALFONSO GARCIA SANTOS <blockquote><strong>alfonso.garciasantos@upm.es</strong></blockquote></li><li>MIGUEL ANGEL EGIDO AGUILERA <blockquote><strong>miguel.egido@upm.es</strong></blockquote></li></ul>
