{"id":8379,"date":"2021-11-25T14:05:12","date_gmt":"2021-11-25T13:05:12","guid":{"rendered":"https:\/\/www.upm.es\/recursosidi\/offers-resources\/sin categor\u00eda\/sistema-de-analisis-cinematico-en-tiempo-real-para-entrenamientos-y-competiciones-deportivas\/"},"modified":"2022-08-10T02:02:29","modified_gmt":"2022-08-10T00:02:29","slug":"sistema-de-analisis-cinematico-en-tiempo-real-para-entrenamientos-y-competiciones-deportivas","status":"publish","type":"product","link":"https:\/\/www.upm.es\/recursosidi\/offers-resources\/patentes\/sistema-de-analisis-cinematico-en-tiempo-real-para-entrenamientos-y-competiciones-deportivas\/","title":{"rendered":"Sistema de an\u00e1lisis cinem\u00e1tico en tiempo real para entrenamientos y competiciones deportivas"},"content":{"rendered":"<h5>Descripci\u00f3n de la patente <\/h5>\n<p>Sistema de an\u00e1lisis cinem\u00e1tico en tiempo real para entrenamientos y competiciones deportivas, con un cabezal l\u00e1ser (1) para el registro de datos, conectado a un sistema inform\u00e1tico (2) que los procesa y un soporte (3) para el cabezal l\u00e1ser (1) compuesto por una base (4) de apoyo, un ra\u00edl vertical (5) y un ra\u00edl horizontal (6) desplazable por el ra\u00edl vertical (5) mediante medios de desplazamiento vertical (7). El cabezal l\u00e1ser (1) es desplazable por el ra\u00edl horizontal (6) mediante medios de desplazamiento horizontal (8). Los medios de desplazamiento vertical (7) y horizontal (8) est\u00e1n conectados al sistema inform\u00e1tico (2), que controla la posici\u00f3n, movimiento y velocidad de \u00e9stos, proporcionando as\u00ed, el soporte (3), el movimiento del cabezal l\u00e1ser (1) a lo largo de un eje horizontal y de un eje vertical con el fin de mantener un contacto permanente del haz del l\u00e1ser emitido sobre un objetivo en movimiento para su an\u00e1lisis cinem\u00e1tico.<\/p>\n<h5>Situaci\u00f3n <\/h5>\n<p>Concedida<\/p>\n<h5>N\u00famero de solicitud<\/h5>\n<p>P200900134<\/p>\n<h5>N\u00famero de publicaci\u00f3n<\/h5>\n<p>ES2331170<\/p>\n<h5>Fecha de presentaci\u00f3n <\/h5>\n<p>19\/01\/2009<\/p>\n<h5>Fecha de concesi\u00f3n <\/h5>\n<p>17\/11\/2010<\/p>\n<div class=\"pdfprnt-buttons pdfprnt-buttons-product pdfprnt-bottom-left\"><a href=\"https:\/\/www.upm.es\/recursosidi\/wp-json\/wp\/v2\/product\/8379?print=pdf\" class=\"pdfprnt-button pdfprnt-button-pdf\" target=\"_blank\"><span class=\"pdfprnt-button-title pdfprnt-button-pdf-title\">Descargar ficha<\/span><\/a><\/div>","protected":false},"excerpt":{"rendered":"<p>Descripci\u00f3n de la patente Sistema de an\u00e1lisis cinem\u00e1tico en tiempo real para entrenamientos y competiciones deportivas, con un cabezal l\u00e1ser (1) para el registro de&hellip;<\/p>\n","protected":false},"featured_media":0,"template":"","meta":{"_acf_changed":false},"product_cat":[3946],"product_tag":[],"comunidades-upm":[],"quien":[],"mapa":[],"disponibilidad":[],"donde":[{"term_id":650,"name":"Deporte y Entrenamiento","slug":"deporte-y-entrenamiento","term_group":0,"term_taxonomy_id":650,"taxonomy":"donde","description":"","parent":0,"count":4,"filter":"raw","term_order":"0"}],"infraestructura":[],"ods":[],"origen":[{"term_id":180,"name":"Patente","slug":"patente","term_group":0,"term_taxonomy_id":180,"taxonomy":"origen","description":"","parent":0,"count":614,"filter":"raw","term_order":"0"}],"familia_tax":false,"quien_tax":false,"donde_tax":false,"year":"","contacto":"<strong>Principales: <\/strong><ul><li>AMELIA FERRO SANCHEZ <blockquote><strong>amelia.ferro@upm.es<\/strong><\/blockquote><\/li><\/ul><strong>Otros inventores: <\/strong><ul><li>PabloFlor\u00eda Mart\u00edn Universidad Pablo de Olavide<\/li> <\/ul>","telefono":"","pagina_web":"","email":"","id_ficha_portal":"284","video":"","adjuntos":false,"adjuntos_portal":"https:\/\/www.upm.es\/S2i\/Acuse\/recuperarArchivo.jsp?id=284&id_archivo=704&tipo=patente&extension=fichero ","inf":false,"departamento":"","acf":[],"lang":"es","translation":{"es":8379},"_links":{"self":[{"href":"https:\/\/www.upm.es\/recursosidi\/wp-json\/wp\/v2\/product\/8379"}],"collection":[{"href":"https:\/\/www.upm.es\/recursosidi\/wp-json\/wp\/v2\/product"}],"about":[{"href":"https:\/\/www.upm.es\/recursosidi\/wp-json\/wp\/v2\/types\/product"}],"wp:attachment":[{"href":"https:\/\/www.upm.es\/recursosidi\/wp-json\/wp\/v2\/media?parent=8379"}],"wp:term":[{"taxonomy":"product_cat","embeddable":true,"href":"https:\/\/www.upm.es\/recursosidi\/wp-json\/wp\/v2\/product_cat?post=8379"},{"taxonomy":"product_tag","embeddable":true,"href":"https:\/\/www.upm.es\/recursosidi\/wp-json\/wp\/v2\/product_tag?post=8379"},{"taxonomy":"comunidad_upm","embeddable":true,"href":"https:\/\/www.upm.es\/recursosidi\/wp-json\/wp\/v2\/comunidades-upm?post=8379"},{"taxonomy":"quien","embeddable":true,"href":"https:\/\/www.upm.es\/recursosidi\/wp-json\/wp\/v2\/quien?post=8379"},{"taxonomy":"mapa","embeddable":true,"href":"https:\/\/www.upm.es\/recursosidi\/wp-json\/wp\/v2\/mapa?post=8379"},{"taxonomy":"disponibilidad","embeddable":true,"href":"https:\/\/www.upm.es\/recursosidi\/wp-json\/wp\/v2\/disponibilidad?post=8379"},{"taxonomy":"donde","embeddable":true,"href":"https:\/\/www.upm.es\/recursosidi\/wp-json\/wp\/v2\/donde?post=8379"},{"taxonomy":"infraestructura","embeddable":true,"href":"https:\/\/www.upm.es\/recursosidi\/wp-json\/wp\/v2\/infraestructura?post=8379"},{"taxonomy":"ods","embeddable":true,"href":"https:\/\/www.upm.es\/recursosidi\/wp-json\/wp\/v2\/ods?post=8379"},{"taxonomy":"origen","embeddable":true,"href":"https:\/\/www.upm.es\/recursosidi\/wp-json\/wp\/v2\/origen?post=8379"}],"curies":[{"name":"wp","href":"https:\/\/api.w.org\/{rel}","templated":true}]}}