{"id":8382,"date":"2021-11-25T14:05:19","date_gmt":"2021-11-25T13:05:19","guid":{"rendered":"https:\/\/www.upm.es\/recursosidi\/offers-resources\/sin categor\u00eda\/sistema-mezclador-de-campos-simultaneos-y-homomimos-de-dos-senales-de-video-entrelazadas-en-una-unica-senal-de-video-para-aplicaciones-estereoscopicas\/"},"modified":"2022-08-10T02:02:37","modified_gmt":"2022-08-10T00:02:37","slug":"sistema-mezclador-de-campos-simultaneos-y-homomimos-de-dos-senales-de-video-entrelazadas-en-una-unica-senal-de-video-para-aplicaciones-estereoscopicas","status":"publish","type":"product","link":"https:\/\/www.upm.es\/recursosidi\/offers-resources\/patentes\/sistema-mezclador-de-campos-simultaneos-y-homomimos-de-dos-senales-de-video-entrelazadas-en-una-unica-senal-de-video-para-aplicaciones-estereoscopicas\/","title":{"rendered":"Sistema mezclador de campos simult\u00e1neos y hom\u00f3mimos de dos se\u00f1ales de v\u00eddeo entrelazadas en una \u00fanica se\u00f1al de v\u00eddeo para aplicaciones estereosc\u00f3picas"},"content":{"rendered":"<h5>Descripci\u00f3n de la patente <\/h5>\n<p>El sistema yuxtapone campos hom\u00f3nimos (1) y (2)  (pares o impares), capturados s\u00edncronamente por sendas c\u00e1maras sincronizadas (13), en una tercera se\u00f1al video entrelazada (14). Un multiplexor anal\u00f3gico (11) da paso alternativamente, en sincronismo con la transici\u00f3n de campo, al campo de una se\u00f1al (1) o al hom\u00f3nimo de la otra (2), que capturado al mismo tiempo que el de la primera, fue digitalizado (4), almacenado (5) y reconvertido a formato anal\u00f3gico (6). Se fija el nivel m\u00ednimo y adapta el rango de la tensi\u00f3n de la se\u00f1al en la entrada del A\/D (3), salida del D\/A (7) y salida del sistema (12). La operaci\u00f3n sincronizada de los elementos est\u00e1 garantizada por una unidad de control (9), a la que un extractor del sincronismo de la se\u00f1al original (8) proporciona informaci\u00f3n de transici\u00f3n de campo y un cristal de cuarzo la se\u00f1al de reloj (10).<\/p>\n<h5>Situaci\u00f3n <\/h5>\n<p>Concedida<\/p>\n<h5>N\u00famero de solicitud<\/h5>\n<p>P200500412<\/p>\n<h5>N\u00famero de publicaci\u00f3n<\/h5>\n<p>ES2292284<\/p>\n<h5>Fecha de presentaci\u00f3n <\/h5>\n<p>23\/02\/2005<\/p>\n<h5>Fecha de concesi\u00f3n <\/h5>\n<p>30\/09\/2008<\/p>\n<div class=\"pdfprnt-buttons pdfprnt-buttons-product pdfprnt-bottom-left\"><a href=\"https:\/\/www.upm.es\/recursosidi\/wp-json\/wp\/v2\/product\/8382?print=pdf\" class=\"pdfprnt-button pdfprnt-button-pdf\" target=\"_blank\"><span class=\"pdfprnt-button-title pdfprnt-button-pdf-title\">Descargar ficha<\/span><\/a><\/div>","protected":false},"excerpt":{"rendered":"<p>Descripci\u00f3n de la patente El sistema yuxtapone campos hom\u00f3nimos (1) y (2) (pares o impares), capturados s\u00edncronamente por sendas c\u00e1maras sincronizadas (13), en una tercera&hellip;<\/p>\n","protected":false},"featured_media":0,"template":"","meta":{"_acf_changed":false},"product_cat":[3946],"product_tag":[],"comunidades-upm":[],"quien":[],"mapa":[],"disponibilidad":[],"donde":[{"term_id":576,"name":"Centro de Autom\u00e1tica y Rob\u00f3tica (CAR). Centro Mixto UPM-CSIC","slug":"centro-de-automatica-y-robotica-car-centro-mixto-upm-csic","term_group":0,"term_taxonomy_id":576,"taxonomy":"donde","description":"","parent":0,"count":42,"filter":"raw","term_order":"0"},{"term_id":364,"name":"Visi\u00f3n por Computador y Rob\u00f3tica A\u00e9rea","slug":"vision-por-computador-y-robotica-aerea","term_group":0,"term_taxonomy_id":364,"taxonomy":"donde","description":"&nbsp;\nNuestra <strong>Visi&oacute;n<\/strong> es proveer a los sistemas no tripulados (UAV, RPAS) de mayor autonom&iacute;a mediante la utilizaci&oacute;n de t&eacute;cnicas de Visi&oacute;n por Computador. Para ello, trabajamos en las siguientes l&iacute;neas de investigaci&oacute;n:\n&nbsp;\n\nProcesamiento, reconocimiento o y gesti&oacute;n automatizada de im&aacute;genes, incluyendo estabilizaci&oacute;n, seguimiento de objetos, composici&oacute;n de mosaico y ortomapas\nGuiado visual de UAV respecto a referencias exteriores, incluyendo navegaci&oacute;n en entornos pasivos sin ayuda la navegaci&oacute;n (p.e. sin GPS en sitaciones de &ldquo;spoofing&rdquo; y &ldquo;jamming&rdquo;)\nCreaci&oacute;n de mapas tridimensionales del entorno y estimaci&oacute;n de la posici&oacute;n 6D del RPAS\n","parent":0,"count":5,"filter":"raw","term_order":"0"}],"infraestructura":[],"ods":[],"origen":[{"term_id":180,"name":"Patente","slug":"patente","term_group":0,"term_taxonomy_id":180,"taxonomy":"origen","description":"","parent":0,"count":614,"filter":"raw","term_order":"0"}],"familia_tax":false,"quien_tax":false,"donde_tax":false,"year":"","contacto":"<strong>Principales: <\/strong><ul><li>PASCUAL CAMPOY CERVERA <blockquote><strong>pascual.campoy@upm.es<\/strong><\/blockquote><\/li><\/ul><strong>Otros inventores UPM: <\/strong><ul><li>G\u00f3mez Fern\u00e1ndez,Maria Victoria<\/li><li>Garc\u00eda Pardo,Pedro Jos\u00e9<\/li><\/ul>","telefono":"","pagina_web":"","email":"","id_ficha_portal":"8","video":"","adjuntos":false,"adjuntos_portal":"https:\/\/www.upm.es\/S2i\/Acuse\/recuperarArchivo.jsp?id=8&id_archivo=51&tipo=patente&extension=fichero ","inf":false,"departamento":"","acf":[],"lang":"es","translation":{"es":8382},"_links":{"self":[{"href":"https:\/\/www.upm.es\/recursosidi\/wp-json\/wp\/v2\/product\/8382"}],"collection":[{"href":"https:\/\/www.upm.es\/recursosidi\/wp-json\/wp\/v2\/product"}],"about":[{"href":"https:\/\/www.upm.es\/recursosidi\/wp-json\/wp\/v2\/types\/product"}],"wp:attachment":[{"href":"https:\/\/www.upm.es\/recursosidi\/wp-json\/wp\/v2\/media?parent=8382"}],"wp:term":[{"taxonomy":"product_cat","embeddable":true,"href":"https:\/\/www.upm.es\/recursosidi\/wp-json\/wp\/v2\/product_cat?post=8382"},{"taxonomy":"product_tag","embeddable":true,"href":"https:\/\/www.upm.es\/recursosidi\/wp-json\/wp\/v2\/product_tag?post=8382"},{"taxonomy":"comunidad_upm","embeddable":true,"href":"https:\/\/www.upm.es\/recursosidi\/wp-json\/wp\/v2\/comunidades-upm?post=8382"},{"taxonomy":"quien","embeddable":true,"href":"https:\/\/www.upm.es\/recursosidi\/wp-json\/wp\/v2\/quien?post=8382"},{"taxonomy":"mapa","embeddable":true,"href":"https:\/\/www.upm.es\/recursosidi\/wp-json\/wp\/v2\/mapa?post=8382"},{"taxonomy":"disponibilidad","embeddable":true,"href":"https:\/\/www.upm.es\/recursosidi\/wp-json\/wp\/v2\/disponibilidad?post=8382"},{"taxonomy":"donde","embeddable":true,"href":"https:\/\/www.upm.es\/recursosidi\/wp-json\/wp\/v2\/donde?post=8382"},{"taxonomy":"infraestructura","embeddable":true,"href":"https:\/\/www.upm.es\/recursosidi\/wp-json\/wp\/v2\/infraestructura?post=8382"},{"taxonomy":"ods","embeddable":true,"href":"https:\/\/www.upm.es\/recursosidi\/wp-json\/wp\/v2\/ods?post=8382"},{"taxonomy":"origen","embeddable":true,"href":"https:\/\/www.upm.es\/recursosidi\/wp-json\/wp\/v2\/origen?post=8382"}],"curies":[{"name":"wp","href":"https:\/\/api.w.org\/{rel}","templated":true}]}}