{"id":8389,"date":"2021-11-25T14:05:35","date_gmt":"2021-11-25T13:05:35","guid":{"rendered":"https:\/\/www.upm.es\/recursosidi\/offers-resources\/sin categor\u00eda\/material-laminado-hibrido-fibra-metal-para-construccion-naval-y-su-procedimiento-de-fabricacion\/"},"modified":"2022-08-10T02:02:58","modified_gmt":"2022-08-10T00:02:58","slug":"material-laminado-hibrido-fibra-metal-para-construccion-naval-y-su-procedimiento-de-fabricacion","status":"publish","type":"product","link":"https:\/\/www.upm.es\/recursosidi\/offers-resources\/patentes\/material-laminado-hibrido-fibra-metal-para-construccion-naval-y-su-procedimiento-de-fabricacion\/","title":{"rendered":"Material laminado h\u00edbrido fibra-metal para construcci\u00f3n naval y su procedimiento de fabricaci\u00f3n"},"content":{"rendered":"<h5>Descripci\u00f3n de la patente <\/h5>\n<p>\tLa presente invenci\u00f3n se refiere a un material laminado h\u00edbrido fibra-metal para construcci\u00f3n naval, formado por l\u00e1minas alternativas de acero y material compuesto de matriz polim\u00e9rica reforzada con fibra de vidrio. Mediante la combinaci\u00f3n de estos materiales, el posicionamiento y la orientaci\u00f3n precisas de cada capa, la uni\u00f3n de las distintas capas entre s\u00ed usando adhesivos estructurales el\u00e1sticos y el ensamblaje de los paneles se logra un producto final con prestaciones superiores. El resultado es un material m\u00e1s ligero, resistente, tenaz y seguro, que puede ser dise\u00f1ado a medida para atender los requerimientos espec\u00edficos de cada zona de la estructura. El procedimiento de fabricaci\u00f3n modular es capaz de adaptarse a geometr\u00edas tanto planas como curvas.<\/p>\n<h5>Situaci\u00f3n <\/h5>\n<p>Concedida<\/p>\n<h5>N\u00famero de solicitud<\/h5>\n<p>P200500746<\/p>\n<h5>N\u00famero de publicaci\u00f3n<\/h5>\n<p>ES2261070<\/p>\n<h5>Fecha de presentaci\u00f3n <\/h5>\n<p>01\/04\/2005<\/p>\n<h5>Fecha de concesi\u00f3n <\/h5>\n<p>18\/04\/2007<\/p>\n<h4><strong>Extensiones Internacionales<\/strong><\/h4>\n<h5>EUROPA<\/h5>\n<p><strong>Referencia de la solicitud: <\/strong>EP06755312,3<br \/>\nEP1880841<br \/><strong>T\u00edtulo:\t\t\t\t\t   <\/strong>Fibre-metal hybrid laminate material for shipbuilding and production method thereof <br \/><strong>Situacion: \t\t\t\t   <\/strong>Concedida<\/p>\n<h5>PA\u00cdSES<\/h5>\n<p><strong>Pa\u00eds: <\/strong>Jap\u00f3n<br \/><strong>N\u00famero de solicitud: <\/strong>2008-503538<br \/><strong>Situaci\u00f3n: <\/strong>Concedida<br \/><strong>Pa\u00eds: <\/strong>Espa\u00f1a<br \/><strong>Titulo: <\/strong>Material laminado h\u00edbrido fibra-metal para construcci\u00f3n naval y su procedimiento de fabricaci\u00f3n<br \/><strong>Situaci\u00f3n: <\/strong>Concedida<br \/><strong>Pa\u00eds: <\/strong>Alemania<br \/><strong>Titulo: <\/strong>Fibre-metal hybrid laminate material for shipbuilding and production method thereof <br \/><strong>Situaci\u00f3n: <\/strong>Concedida<br \/><strong>Pa\u00eds: <\/strong>Reino Unido<br \/><strong>Titulo: <\/strong>Fibre-metal hybrid laminate material for shipbuilding and production method thereof <br \/><strong>Situaci\u00f3n: <\/strong>Concedida<\/p>\n<div class=\"pdfprnt-buttons pdfprnt-buttons-product pdfprnt-bottom-left\"><a href=\"https:\/\/www.upm.es\/recursosidi\/wp-json\/wp\/v2\/product\/8389?print=pdf\" class=\"pdfprnt-button pdfprnt-button-pdf\" target=\"_blank\"><span class=\"pdfprnt-button-title pdfprnt-button-pdf-title\">Descargar ficha<\/span><\/a><\/div>","protected":false},"excerpt":{"rendered":"<p>Descripci\u00f3n de la patente La presente invenci\u00f3n se refiere a un material laminado h\u00edbrido fibra-metal para construcci\u00f3n naval, formado por l\u00e1minas alternativas de acero y&hellip;<\/p>\n","protected":false},"featured_media":0,"template":"","meta":{"_acf_changed":false},"product_cat":[3946],"product_tag":[],"comunidades-upm":[],"quien":[],"mapa":[],"disponibilidad":[],"donde":[{"term_id":606,"name":"Centro de Investigaci\u00f3n en Materiales Estructurales (CIME)","slug":"centro-de-investigacion-en-materiales-estructurales-cime","term_group":0,"term_taxonomy_id":606,"taxonomy":"donde","description":"","parent":0,"count":42,"filter":"raw","term_order":"0"},{"term_id":342,"name":"Materiales Estructurales Avanzados y Nanomateriales","slug":"materiales-estructurales-avanzados-y-nanomateriales","term_group":0,"term_taxonomy_id":342,"taxonomy":"donde","description":"Llevamos m&aacute;s de 20 a&ntilde;os desarrollando numerosas t&eacute;cnicas experimentales con las que podemos estudiar y caracterizar casi cualquier tipo de material y geometr&iacute;a en una variedad muy amplia de condiciones de servicio.\n&nbsp;\nNuestras l&iacute;neas de investigaci&oacute;n se pueden resumir en:\n&nbsp;\n\nMateriales compuestos\nMateriales para la seguridad\nBiomateriales estructurales\nIntegridad y seguridad estructural\nMateriales para la construcci&oacute;n\nNanomateriales\n","parent":0,"count":32,"filter":"raw","term_order":"0"}],"infraestructura":[],"ods":[],"origen":[{"term_id":180,"name":"Patente","slug":"patente","term_group":0,"term_taxonomy_id":180,"taxonomy":"origen","description":"","parent":0,"count":614,"filter":"raw","term_order":"0"}],"familia_tax":false,"quien_tax":false,"donde_tax":false,"year":"","contacto":"<strong>Principales: <\/strong><ul><li>FRANCISCO LOPEZ MARTIN <blockquote><strong>francisco.lopezm@upm.es<\/strong><\/blockquote><\/li><li>MARIA PAZ PINILLA CEA <blockquote><strong>paz.pinilla@upm.es<\/strong><\/blockquote><\/li><li>JOSE ILLESCAS MOLINA <blockquote><strong>jose.illescas@upm.es<\/strong><\/blockquote><\/li><li>JUAN CARLOS SUAREZ BERMEJO <blockquote><strong>juancarlos.suarez@upm.es<\/strong><\/blockquote><\/li><li>MIGUEL ANGEL HERREROS SIERRA <blockquote><strong>miguelangel.herreros@upm.es<\/strong><\/blockquote><\/li><li>SANTIAGO MIGUEL ALONSO <blockquote><strong>santiago.miguel@upm.es<\/strong><\/blockquote><\/li><li>ANA SORIA BARTOLOME <blockquote><strong>ana.soria@upm.es<\/strong><\/blockquote><\/li><\/ul><strong>Otros inventores UPM: <\/strong><ul><li>D\u00edez de Ulzurrum, Ignacio<\/li><li>Garc\u00eda Nu\u00f1ez, Ana<\/li><\/ul>","telefono":"","pagina_web":"","email":"","id_ficha_portal":"40","video":"","adjuntos":false,"adjuntos_portal":"https:\/\/www.upm.es\/S2i\/Acuse\/recuperarArchivo.jsp?id=40&id_archivo=135&tipo=patente&extension=fichero ","inf":false,"departamento":"","acf":[],"lang":"es","translation":{"es":8389},"_links":{"self":[{"href":"https:\/\/www.upm.es\/recursosidi\/wp-json\/wp\/v2\/product\/8389"}],"collection":[{"href":"https:\/\/www.upm.es\/recursosidi\/wp-json\/wp\/v2\/product"}],"about":[{"href":"https:\/\/www.upm.es\/recursosidi\/wp-json\/wp\/v2\/types\/product"}],"wp:attachment":[{"href":"https:\/\/www.upm.es\/recursosidi\/wp-json\/wp\/v2\/media?parent=8389"}],"wp:term":[{"taxonomy":"product_cat","embeddable":true,"href":"https:\/\/www.upm.es\/recursosidi\/wp-json\/wp\/v2\/product_cat?post=8389"},{"taxonomy":"product_tag","embeddable":true,"href":"https:\/\/www.upm.es\/recursosidi\/wp-json\/wp\/v2\/product_tag?post=8389"},{"taxonomy":"comunidad_upm","embeddable":true,"href":"https:\/\/www.upm.es\/recursosidi\/wp-json\/wp\/v2\/comunidades-upm?post=8389"},{"taxonomy":"quien","embeddable":true,"href":"https:\/\/www.upm.es\/recursosidi\/wp-json\/wp\/v2\/quien?post=8389"},{"taxonomy":"mapa","embeddable":true,"href":"https:\/\/www.upm.es\/recursosidi\/wp-json\/wp\/v2\/mapa?post=8389"},{"taxonomy":"disponibilidad","embeddable":true,"href":"https:\/\/www.upm.es\/recursosidi\/wp-json\/wp\/v2\/disponibilidad?post=8389"},{"taxonomy":"donde","embeddable":true,"href":"https:\/\/www.upm.es\/recursosidi\/wp-json\/wp\/v2\/donde?post=8389"},{"taxonomy":"infraestructura","embeddable":true,"href":"https:\/\/www.upm.es\/recursosidi\/wp-json\/wp\/v2\/infraestructura?post=8389"},{"taxonomy":"ods","embeddable":true,"href":"https:\/\/www.upm.es\/recursosidi\/wp-json\/wp\/v2\/ods?post=8389"},{"taxonomy":"origen","embeddable":true,"href":"https:\/\/www.upm.es\/recursosidi\/wp-json\/wp\/v2\/origen?post=8389"}],"curies":[{"name":"wp","href":"https:\/\/api.w.org\/{rel}","templated":true}]}}