{"id":8392,"date":"2021-11-25T14:05:42","date_gmt":"2021-11-25T13:05:42","guid":{"rendered":"https:\/\/www.upm.es\/recursosidi\/offers-resources\/sin categor\u00eda\/procedimiento-y-aparato-micromotor-para-la-extraccion-de-energia-de-un-fluido-utilizando-la-excitacion-de-la-calle-de-torbellinos-de-karman\/"},"modified":"2022-08-10T02:03:08","modified_gmt":"2022-08-10T00:03:08","slug":"procedimiento-y-aparato-micromotor-para-la-extraccion-de-energia-de-un-fluido-utilizando-la-excitacion-de-la-calle-de-torbellinos-de-karman","status":"publish","type":"product","link":"https:\/\/www.upm.es\/recursosidi\/offers-resources\/patentes\/procedimiento-y-aparato-micromotor-para-la-extraccion-de-energia-de-un-fluido-utilizando-la-excitacion-de-la-calle-de-torbellinos-de-karman\/","title":{"rendered":"Procedimiento y aparato micromotor para la extracci\u00f3n de energ\u00eda de un fluido utilizando la excitaci\u00f3n de la calle de torbellinos de Karman"},"content":{"rendered":"<h5>Descripci\u00f3n de la patente <\/h5>\n<p>El procedimiento consiste en hacer pasar un fluido en condiciones apropiadas por un conducto en cuyo interior se encuentra situado un prisma unido mediante elementos el\u00e1sticos a las paredes de dicho conducto. Estos elementos permiten al prisma oscilar en un plano que contiene a su eje.<br \/>\nEl movimiento del fluido alrededor del prisma excita de forma resonante la calle de torbellinos de Karman y genera fuerzas peri\u00f3dicas alrededor del prisma que dan lugar a un movimiento oscilatorio, cuya frecuencia y amplitud depende de los par\u00e1metros de dise\u00f1o del aparato micromotor y de las variables fluidodin\u00e1micas.<br \/>\nEl movimiento oscilatorio del prisma se utiliza para extraer energ\u00eda del fluido. La aplicaci\u00f3n del micromotor es la propulsi\u00f3n y generaci\u00f3n de energ\u00eda para microsistemas.<\/p>\n<h5>Situaci\u00f3n <\/h5>\n<p>Concedida<\/p>\n<h5>N\u00famero de solicitud<\/h5>\n<p>P200500558<\/p>\n<h5>N\u00famero de publicaci\u00f3n<\/h5>\n<p>ES2276582<\/p>\n<h5>Fecha de presentaci\u00f3n <\/h5>\n<p>09\/03\/2005<\/p>\n<h5>Fecha de concesi\u00f3n <\/h5>\n<p>03\/11\/2008<\/p>\n<div class=\"pdfprnt-buttons pdfprnt-buttons-product pdfprnt-bottom-left\"><a href=\"https:\/\/www.upm.es\/recursosidi\/wp-json\/wp\/v2\/product\/8392?print=pdf\" class=\"pdfprnt-button pdfprnt-button-pdf\" target=\"_blank\"><span class=\"pdfprnt-button-title pdfprnt-button-pdf-title\">Descargar ficha<\/span><\/a><\/div>","protected":false},"excerpt":{"rendered":"<p>Descripci\u00f3n de la patente El procedimiento consiste en hacer pasar un fluido en condiciones apropiadas por un conducto en cuyo interior se encuentra situado un&hellip;<\/p>\n","protected":false},"featured_media":0,"template":"","meta":{"_acf_changed":false},"product_cat":[3946],"product_tag":[],"comunidades-upm":[],"quien":[],"mapa":[],"disponibilidad":[],"donde":[{"term_id":398,"name":"Sistemas y Microsistemas Termofluidodin\u00e1micos","slug":"sistemas-y-microsistemas-termofluidodinamicos","term_group":0,"term_taxonomy_id":398,"taxonomy":"donde","description":"","parent":0,"count":4,"filter":"raw","term_order":"0"}],"infraestructura":[],"ods":[],"origen":[{"term_id":180,"name":"Patente","slug":"patente","term_group":0,"term_taxonomy_id":180,"taxonomy":"origen","description":"","parent":0,"count":614,"filter":"raw","term_order":"0"}],"familia_tax":false,"quien_tax":false,"donde_tax":false,"year":"","contacto":"<strong>Principales: <\/strong><ul><li>ANGEL GERARDO VELAZQUEZ LOPEZ <blockquote><strong>angel.velazquez@upm.es<\/strong><\/blockquote><\/li><\/ul>","telefono":"","pagina_web":"","email":"","id_ficha_portal":"44","video":"","adjuntos":false,"adjuntos_portal":"https:\/\/www.upm.es\/S2i\/Acuse\/recuperarArchivo.jsp?id=44&id_archivo=169&tipo=patente&extension=fichero ","inf":false,"departamento":"","acf":[],"lang":"es","translation":{"es":8392},"_links":{"self":[{"href":"https:\/\/www.upm.es\/recursosidi\/wp-json\/wp\/v2\/product\/8392"}],"collection":[{"href":"https:\/\/www.upm.es\/recursosidi\/wp-json\/wp\/v2\/product"}],"about":[{"href":"https:\/\/www.upm.es\/recursosidi\/wp-json\/wp\/v2\/types\/product"}],"wp:attachment":[{"href":"https:\/\/www.upm.es\/recursosidi\/wp-json\/wp\/v2\/media?parent=8392"}],"wp:term":[{"taxonomy":"product_cat","embeddable":true,"href":"https:\/\/www.upm.es\/recursosidi\/wp-json\/wp\/v2\/product_cat?post=8392"},{"taxonomy":"product_tag","embeddable":true,"href":"https:\/\/www.upm.es\/recursosidi\/wp-json\/wp\/v2\/product_tag?post=8392"},{"taxonomy":"comunidad_upm","embeddable":true,"href":"https:\/\/www.upm.es\/recursosidi\/wp-json\/wp\/v2\/comunidades-upm?post=8392"},{"taxonomy":"quien","embeddable":true,"href":"https:\/\/www.upm.es\/recursosidi\/wp-json\/wp\/v2\/quien?post=8392"},{"taxonomy":"mapa","embeddable":true,"href":"https:\/\/www.upm.es\/recursosidi\/wp-json\/wp\/v2\/mapa?post=8392"},{"taxonomy":"disponibilidad","embeddable":true,"href":"https:\/\/www.upm.es\/recursosidi\/wp-json\/wp\/v2\/disponibilidad?post=8392"},{"taxonomy":"donde","embeddable":true,"href":"https:\/\/www.upm.es\/recursosidi\/wp-json\/wp\/v2\/donde?post=8392"},{"taxonomy":"infraestructura","embeddable":true,"href":"https:\/\/www.upm.es\/recursosidi\/wp-json\/wp\/v2\/infraestructura?post=8392"},{"taxonomy":"ods","embeddable":true,"href":"https:\/\/www.upm.es\/recursosidi\/wp-json\/wp\/v2\/ods?post=8392"},{"taxonomy":"origen","embeddable":true,"href":"https:\/\/www.upm.es\/recursosidi\/wp-json\/wp\/v2\/origen?post=8392"}],"curies":[{"name":"wp","href":"https:\/\/api.w.org\/{rel}","templated":true}]}}