{"id":8394,"date":"2021-11-25T14:05:47","date_gmt":"2021-11-25T13:05:47","guid":{"rendered":"https:\/\/www.upm.es\/recursosidi\/offers-resources\/sin categor\u00eda\/metodo-para-reducir-el-exceso-de-ruido-en-dispositivos-electronicos-y-en-circuitos-integrados-monoliticos\/"},"modified":"2022-08-10T02:03:14","modified_gmt":"2022-08-10T00:03:14","slug":"metodo-para-reducir-el-exceso-de-ruido-en-dispositivos-electronicos-y-en-circuitos-integrados-monoliticos","status":"publish","type":"product","link":"https:\/\/www.upm.es\/recursosidi\/offers-resources\/patentes\/metodo-para-reducir-el-exceso-de-ruido-en-dispositivos-electronicos-y-en-circuitos-integrados-monoliticos\/","title":{"rendered":"M\u00e9todo para reducir el exceso de ruido en dispositivos electr\u00f3nicos y en circuitos integrados monol\u00edticos"},"content":{"rendered":"<h5>Descripci\u00f3n de la patente <\/h5>\n<p>Esta invenci\u00f3n propone usar una pantalla termodin\u00e1mica situada bajo los dispositivos electr\u00f3nicos para bloquear las corrientes transversales entre ellos y las capas subyacentes, responsables de su exceso de ruido. Para capas epitaxiales como las usadas en Microelectr\u00f3nica, la capa-barrera (2) de dopaje opuesto al de la epicapa (4) donde est\u00e1n los dispositivos, y la capa separadora no-dopada (3), forman la pantalla termodin\u00e1mica que, intercalada entre la epicapa (4) y el sustrato (1), reduce esas corrientes transversales y por tanto el exceso de ruido de los dispositivos de la epicapa (4) cuando son polarizados. La conexi\u00f3n del contacto \u00f3hmico (7) de la capa pantalla (2) con el surtidor (6) de los transistores FET de la epicapa (4) (conexi\u00f3n de trazos) o con su puerta (5), elimina el ruido t\u00e9rmico del condensador que exist\u00eda bajo esos FETs y por tanto el correspondiente exceso de ruido en esos dispositivos.<\/p>\n<h5>Situaci\u00f3n <\/h5>\n<p>Concedida<\/p>\n<h5>N\u00famero de solicitud<\/h5>\n<p>P200502744<\/p>\n<h5>N\u00famero de publicaci\u00f3n<\/h5>\n<p>ES2274727<\/p>\n<h5>Fecha de presentaci\u00f3n <\/h5>\n<p>10\/11\/2005<\/p>\n<h5>Fecha de concesi\u00f3n <\/h5>\n<p>17\/10\/2007<\/p>\n<h4><strong>Extensiones Internacionales<\/strong><\/h4>\n<h5>EUROPA<\/h5>\n<p><strong>Referencia de la solicitud: <\/strong>06841690.8<br \/>\nEP1950796<br \/><strong>T\u00edtulo:\t\t\t\t\t   <\/strong>Method to reduce excess noise in electronic devices and monolithic integrated circuits<br \/><strong>Situacion: \t\t\t\t   <\/strong>Presentada<\/p>\n<h5>PA\u00cdSES<\/h5>\n<p><strong>Pa\u00eds: <\/strong>EEUU<br \/><strong>N\u00famero de solicitud: <\/strong>US 12\/092,812<br \/><strong>Titulo: <\/strong>Method to reduce excess noise in electronic devices and monolithic integrated circuits<br \/><strong>Situaci\u00f3n: <\/strong>Presentada<\/p>\n<div class=\"pdfprnt-buttons pdfprnt-buttons-product pdfprnt-bottom-left\"><a href=\"https:\/\/www.upm.es\/recursosidi\/wp-json\/wp\/v2\/product\/8394?print=pdf\" class=\"pdfprnt-button pdfprnt-button-pdf\" target=\"_blank\"><span class=\"pdfprnt-button-title pdfprnt-button-pdf-title\">Descargar ficha<\/span><\/a><\/div>","protected":false},"excerpt":{"rendered":"<p>Descripci\u00f3n de la patente Esta invenci\u00f3n propone usar una pantalla termodin\u00e1mica situada bajo los dispositivos electr\u00f3nicos para bloquear las corrientes transversales entre ellos y las&hellip;<\/p>\n","protected":false},"featured_media":0,"template":"","meta":{"_acf_changed":false},"product_cat":[3946],"product_tag":[],"comunidades-upm":[],"quien":[],"mapa":[],"disponibilidad":[],"donde":[{"term_id":590,"name":"Centro de Materiales y Dispositivos Avanzados para Tecnolog\u00edas de Informaci\u00f3n y Comunicaciones (CEMDATIC)","slug":"centro-de-materiales-y-dispositivos-avanzados-para-tecnologias-de-informacion-y-comunicaciones-cemdatic","term_group":0,"term_taxonomy_id":590,"taxonomy":"donde","description":"","parent":0,"count":20,"filter":"raw","term_order":"0"},{"term_id":470,"name":"Microsistemas y Materiales Electr\u00f3nicos","slug":"microsistemas-y-materiales-electronicos","term_group":0,"term_taxonomy_id":470,"taxonomy":"donde","description":"","parent":0,"count":2,"filter":"raw","term_order":"0"}],"infraestructura":[],"ods":[],"origen":[{"term_id":180,"name":"Patente","slug":"patente","term_group":0,"term_taxonomy_id":180,"taxonomy":"origen","description":"","parent":0,"count":614,"filter":"raw","term_order":"0"}],"familia_tax":false,"quien_tax":false,"donde_tax":false,"year":"","contacto":"<strong>Principales: <\/strong><ul><li>JOSE IGNACIO IZPURA TORRES <blockquote><strong>joseignacio.izpura@upm.es<\/strong><\/blockquote><\/li><\/ul>","telefono":"","pagina_web":"","email":"","id_ficha_portal":"49","video":"","adjuntos":false,"adjuntos_portal":"","inf":false,"departamento":"","acf":[],"lang":"es","translation":{"es":8394},"_links":{"self":[{"href":"https:\/\/www.upm.es\/recursosidi\/wp-json\/wp\/v2\/product\/8394"}],"collection":[{"href":"https:\/\/www.upm.es\/recursosidi\/wp-json\/wp\/v2\/product"}],"about":[{"href":"https:\/\/www.upm.es\/recursosidi\/wp-json\/wp\/v2\/types\/product"}],"wp:attachment":[{"href":"https:\/\/www.upm.es\/recursosidi\/wp-json\/wp\/v2\/media?parent=8394"}],"wp:term":[{"taxonomy":"product_cat","embeddable":true,"href":"https:\/\/www.upm.es\/recursosidi\/wp-json\/wp\/v2\/product_cat?post=8394"},{"taxonomy":"product_tag","embeddable":true,"href":"https:\/\/www.upm.es\/recursosidi\/wp-json\/wp\/v2\/product_tag?post=8394"},{"taxonomy":"comunidad_upm","embeddable":true,"href":"https:\/\/www.upm.es\/recursosidi\/wp-json\/wp\/v2\/comunidades-upm?post=8394"},{"taxonomy":"quien","embeddable":true,"href":"https:\/\/www.upm.es\/recursosidi\/wp-json\/wp\/v2\/quien?post=8394"},{"taxonomy":"mapa","embeddable":true,"href":"https:\/\/www.upm.es\/recursosidi\/wp-json\/wp\/v2\/mapa?post=8394"},{"taxonomy":"disponibilidad","embeddable":true,"href":"https:\/\/www.upm.es\/recursosidi\/wp-json\/wp\/v2\/disponibilidad?post=8394"},{"taxonomy":"donde","embeddable":true,"href":"https:\/\/www.upm.es\/recursosidi\/wp-json\/wp\/v2\/donde?post=8394"},{"taxonomy":"infraestructura","embeddable":true,"href":"https:\/\/www.upm.es\/recursosidi\/wp-json\/wp\/v2\/infraestructura?post=8394"},{"taxonomy":"ods","embeddable":true,"href":"https:\/\/www.upm.es\/recursosidi\/wp-json\/wp\/v2\/ods?post=8394"},{"taxonomy":"origen","embeddable":true,"href":"https:\/\/www.upm.es\/recursosidi\/wp-json\/wp\/v2\/origen?post=8394"}],"curies":[{"name":"wp","href":"https:\/\/api.w.org\/{rel}","templated":true}]}}