{"id":8444,"date":"2021-11-25T14:07:50","date_gmt":"2021-11-25T13:07:50","guid":{"rendered":"https:\/\/www.upm.es\/recursosidi\/offers-resources\/sin categor\u00eda\/sistema-automatico-de-identificacion-autentificacion-y-verificacion-continua-de-la-identidad-del-interlocultor-en-transmisiones-de-voz-a-traves-de-redes-genericas-de-comunicaciones\/"},"modified":"2022-08-10T02:05:40","modified_gmt":"2022-08-10T00:05:40","slug":"sistema-automatico-de-identificacion-autentificacion-y-verificacion-continua-de-la-identidad-del-interlocultor-en-transmisiones-de-voz-a-traves-de-redes-genericas-de-comunicaciones","status":"publish","type":"product","link":"https:\/\/www.upm.es\/recursosidi\/offers-resources\/patentes\/sistema-automatico-de-identificacion-autentificacion-y-verificacion-continua-de-la-identidad-del-interlocultor-en-transmisiones-de-voz-a-traves-de-redes-genericas-de-comunicaciones\/","title":{"rendered":"Sistema autom\u00e1tico de identificaci\u00f3n, autentificaci\u00f3n y verificaci\u00f3n continua de la identidad del interlocultor en transmisiones de voz a trav\u00e9s de redes gen\u00e9ricas de comunicaciones."},"content":{"rendered":"<h5>Descripci\u00f3n de la patente <\/h5>\n<p>El desarrollo comercial de servicios que utilizan redes telef\u00f3nicas como soporte a la transmisi\u00f3n se ha visto limitado tradicionalmente por la imposibilidad de identificar convenientemente al usuario que llama, de manera continuada, con validez legal y sin que ello suponga una excesiva complejidad o necesidad de disponer de excesiva infraestructura adicional. El prop\u00f3sito de la invenci\u00f3n es permitir identificar al interlocutor y aseverar dicha identificaci\u00f3n de manera transparente y continua durante toda la comunicaci\u00f3n, de forma transparente, autom\u00e1tica e independiente del tipo y prestaciones de la red de comunicaciones. Para ello, se inserta en la se\u00f1al de audio  (S.1) una secuencia de datos de identificaci\u00f3n (S.2), almacenados en una tarjeta inteligente (2), mediante t\u00e9cnicas esteganogr\u00e1ficas de inserci\u00f3n no lineal en componentes perceptualmente no audibles (T2, T.4 y T.5), que impiden que la secuencia sea audible, alterable o eliminable.<\/p>\n<h5>N\u00famero de solicitud<\/h5>\n<p>P9701712<\/p>\n<h5>N\u00famero de publicaci\u00f3n<\/h5>\n<p>ES2136551<\/p>\n<h5>Fecha de presentaci\u00f3n <\/h5>\n<p>01\/08\/1997<\/p>\n<h5>Fecha de concesi\u00f3n <\/h5>\n<p>01\/05\/2000<\/p>\n<div class=\"pdfprnt-buttons pdfprnt-buttons-product pdfprnt-bottom-left\"><a href=\"https:\/\/www.upm.es\/recursosidi\/wp-json\/wp\/v2\/product\/8444?print=pdf\" class=\"pdfprnt-button pdfprnt-button-pdf\" target=\"_blank\"><span class=\"pdfprnt-button-title pdfprnt-button-pdf-title\">Descargar ficha<\/span><\/a><\/div>","protected":false},"excerpt":{"rendered":"<p>Descripci\u00f3n de la patente El desarrollo comercial de servicios que utilizan redes telef\u00f3nicas como soporte a la transmisi\u00f3n se ha visto limitado tradicionalmente por la&hellip;<\/p>\n","protected":false},"featured_media":0,"template":"","meta":{"_acf_changed":false},"product_cat":[3946],"product_tag":[],"comunidades-upm":[],"quien":[],"mapa":[],"disponibilidad":[],"donde":[{"term_id":646,"name":"B105 Electronic Systems Lab","slug":"b105-electronic-systems-lab","term_group":0,"term_taxonomy_id":646,"taxonomy":"donde","description":"Exploraci&oacute;n de las sinergias entre hardware y software para optimizar el dise&ntilde;o (prestaciones, seguridad, consumo energ&eacute;tico, QoS) en sistemas embebidos.\n&nbsp;\nDise&ntilde;o a nivel de sistema, consumo energ&eacute;tico, radio cognitiva, optimizaci&oacute;n &ldquo;cross-layer&rdquo;, protocolos de comunicaci&oacute;n y dise&ntilde;o &ldquo;context-aware&rdquo; para Redes de Sensores Inal&aacute;mbricos (WSN).\n&nbsp;\nDise&ntilde;o de sistemas integrados para aplicaciones espec&iacute;ficas (sensores, comunicaciones, procesado e interfaces).\n&nbsp;\nNuestra principal habilidad son las pruebas de concepto y simulaciones, microcontroladores, transceptores y dispositivos cognitivos, dise&ntilde;o de sistemas electr&oacute;nicos, dise&ntilde;o de protocolos de comunicaci&oacute;n,&nbsp; integraci&oacute;n de sensores y actuadores y realizaci&oacute;n de aplicaciones (salud, obra civil, seguridad y defensa, &nbsp;etc.).","parent":0,"count":4,"filter":"raw","term_order":"0"}],"infraestructura":[],"ods":[],"origen":[{"term_id":180,"name":"Patente","slug":"patente","term_group":0,"term_taxonomy_id":180,"taxonomy":"origen","description":"","parent":0,"count":614,"filter":"raw","term_order":"0"}],"familia_tax":false,"quien_tax":false,"donde_tax":false,"year":"","contacto":"<strong>Principales: <\/strong><ul><li>OCTAVIO NIETO-TALADRIZ GARCIA <blockquote><strong>octavio.nieto-taladriz@upm.es<\/strong><\/blockquote><\/li><\/ul><strong>Otros inventores UPM: <\/strong><ul><li>Domingo Ajenjo, Alberto<\/li><\/ul>","telefono":"","pagina_web":"","email":"","id_ficha_portal":"209","video":"","adjuntos":false,"adjuntos_portal":"","inf":false,"departamento":"","acf":[],"lang":"es","translation":{"es":8444},"_links":{"self":[{"href":"https:\/\/www.upm.es\/recursosidi\/wp-json\/wp\/v2\/product\/8444"}],"collection":[{"href":"https:\/\/www.upm.es\/recursosidi\/wp-json\/wp\/v2\/product"}],"about":[{"href":"https:\/\/www.upm.es\/recursosidi\/wp-json\/wp\/v2\/types\/product"}],"wp:attachment":[{"href":"https:\/\/www.upm.es\/recursosidi\/wp-json\/wp\/v2\/media?parent=8444"}],"wp:term":[{"taxonomy":"product_cat","embeddable":true,"href":"https:\/\/www.upm.es\/recursosidi\/wp-json\/wp\/v2\/product_cat?post=8444"},{"taxonomy":"product_tag","embeddable":true,"href":"https:\/\/www.upm.es\/recursosidi\/wp-json\/wp\/v2\/product_tag?post=8444"},{"taxonomy":"comunidad_upm","embeddable":true,"href":"https:\/\/www.upm.es\/recursosidi\/wp-json\/wp\/v2\/comunidades-upm?post=8444"},{"taxonomy":"quien","embeddable":true,"href":"https:\/\/www.upm.es\/recursosidi\/wp-json\/wp\/v2\/quien?post=8444"},{"taxonomy":"mapa","embeddable":true,"href":"https:\/\/www.upm.es\/recursosidi\/wp-json\/wp\/v2\/mapa?post=8444"},{"taxonomy":"disponibilidad","embeddable":true,"href":"https:\/\/www.upm.es\/recursosidi\/wp-json\/wp\/v2\/disponibilidad?post=8444"},{"taxonomy":"donde","embeddable":true,"href":"https:\/\/www.upm.es\/recursosidi\/wp-json\/wp\/v2\/donde?post=8444"},{"taxonomy":"infraestructura","embeddable":true,"href":"https:\/\/www.upm.es\/recursosidi\/wp-json\/wp\/v2\/infraestructura?post=8444"},{"taxonomy":"ods","embeddable":true,"href":"https:\/\/www.upm.es\/recursosidi\/wp-json\/wp\/v2\/ods?post=8444"},{"taxonomy":"origen","embeddable":true,"href":"https:\/\/www.upm.es\/recursosidi\/wp-json\/wp\/v2\/origen?post=8444"}],"curies":[{"name":"wp","href":"https:\/\/api.w.org\/{rel}","templated":true}]}}