{"id":8449,"date":"2021-11-25T14:08:02","date_gmt":"2021-11-25T13:08:02","guid":{"rendered":"https:\/\/www.upm.es\/recursosidi\/offers-resources\/sin categor\u00eda\/medidor-instantaneo-y-no-destructivo-del-sabor-de-los-frutos-mediante-radiacion-optica\/"},"modified":"2022-08-10T02:05:55","modified_gmt":"2022-08-10T00:05:55","slug":"medidor-instantaneo-y-no-destructivo-del-sabor-de-los-frutos-mediante-radiacion-optica","status":"publish","type":"product","link":"https:\/\/www.upm.es\/recursosidi\/offers-resources\/patentes\/medidor-instantaneo-y-no-destructivo-del-sabor-de-los-frutos-mediante-radiacion-optica\/","title":{"rendered":"Medidor instant\u00e1neo y no destructivo del sabor de los frutos mediante radiaci\u00f3n \u00f3ptica"},"content":{"rendered":"<h5>Descripci\u00f3n de la patente <\/h5>\n<p>Medidor instant\u00e1neo y no destructivo del sabor de los frutos mediante radiaci\u00f3n \u00f3ptica, capaz de medir no destructivamente el sabor interno de frutos a base de an\u00e1lisis del espectro \u00f3ptico de reflectancia difusa del fruto a trav\u00e9s de la piel, y de la modelizaci\u00f3n de la calidad para la predicci\u00f3n de la misma en frutos individuales. Se caracteriza este equipo por ser capaz de predecir el contenido de componentes del sabor de los frutos, especialmente az\u00facares totales y \u00e1cidos en tomates, por la aplicaci\u00bfpn de una sonda de fibra \u00f3ptica sobre la superficie de los mismos, y de clasificar cada fruto instant\u00e1neamente en una grado de sabor. El equipo est\u00e1 compuesto por : un ordenador, un controladfor de las se\u00f1ales, un monocromador, una fuente luminosa y unas gu\u00edas de fibra \u00f3ptica. Este equipo es aplicable al muestreo de la calidad del producto en los centros de producci\u00f3n, expedici\u00f3n y recepci\u00f3n de fruta, y en los puntos de venta del consumidor.<\/p>\n<h5>N\u00famero de solicitud<\/h5>\n<p>P9602468<\/p>\n<h5>N\u00famero de publicaci\u00f3n<\/h5>\n<p>ES2146502<\/p>\n<h5>Fecha de presentaci\u00f3n <\/h5>\n<p>22\/11\/1996<\/p>\n<h5>Fecha de concesi\u00f3n <\/h5>\n<p>08\/01\/2001<\/p>\n<div class=\"pdfprnt-buttons pdfprnt-buttons-product pdfprnt-bottom-left\"><a href=\"https:\/\/www.upm.es\/recursosidi\/wp-json\/wp\/v2\/product\/8449?print=pdf\" class=\"pdfprnt-button pdfprnt-button-pdf\" target=\"_blank\"><span class=\"pdfprnt-button-title pdfprnt-button-pdf-title\">Descargar ficha<\/span><\/a><\/div>","protected":false},"excerpt":{"rendered":"<p>Descripci\u00f3n de la patente Medidor instant\u00e1neo y no destructivo del sabor de los frutos mediante radiaci\u00f3n \u00f3ptica, capaz de medir no destructivamente el sabor interno&hellip;<\/p>\n","protected":false},"featured_media":0,"template":"","meta":{"_acf_changed":false},"product_cat":[3946],"product_tag":[],"comunidades-upm":[],"quien":[],"mapa":[],"disponibilidad":[],"donde":[{"term_id":318,"name":"LPF-TAGRALIA: T\u00e9cnicas Avanzadas en Agroalimentaci\u00f3n","slug":"lpf-tagralia-tecnicas-avanzadas-en-agroalimentacion","term_group":0,"term_taxonomy_id":318,"taxonomy":"donde","description":"Nuestro trabajo se centra en las siguientes l&iacute;neas de investigaci&oacute;n:\n&nbsp;\n\n<strong>SMARTSENS:<\/strong> Desarrollo de sens&oacute;rica inteligente en agroalimentaci&oacute;n, sensores ambientales y de vol&aacute;tiles, redes de sensores inal&aacute;mbricos, sistemas de comunicaci&oacute;n\n<strong>DAVINCI:<\/strong> Desarrollo y aplicaci&oacute;n de t&eacute;cnicas de modelizaci&oacute;n avanzada en agroalimentaci&oacute;n, an&aacute;lisis multidimendional, modelizaci&oacute;n anal&iacute;tica, dise&ntilde;o &oacute;ptimo, control predictivo\n<strong>Regenera:<\/strong> Investigaci&oacute;n en generaci&oacute;n, transporte, almacenaje y uso de la energ&iacute;a en el &aacute;mbito rural, con especial atenci&oacute;n a las energ&iacute;as renovables\n<strong>METASCAN:<\/strong> Medida instrumental de la calidad en productos agroalimentarios empleando t&eacute;cnicas multidimensionales no destructivas: mec&aacute;nicas, espectrosc&oacute;picas, visi&oacute;n multiespectral e hiperespectral, tomograf&iacute;a de resonancia magn&eacute;tica\n<strong>Transferencia e innovaci&oacute;n tecnol&oacute;gica:<\/strong> Actividad estructural trasversal cuyo objetivo es promover el traspaso de conocimiento y tecnolog&iacute;a al sector productivo.\n<strong>Biomecatr&oacute;nica, agricultura de precisi&oacute;n y rob&oacute;tica:<\/strong> Desarrollo de dispositivos electro-mec&aacute;nicos avanzados para la mejora de la maquinaria agroindustrial.\n","parent":0,"count":4,"filter":"raw","term_order":"0"}],"infraestructura":[],"ods":[],"origen":[{"term_id":180,"name":"Patente","slug":"patente","term_group":0,"term_taxonomy_id":180,"taxonomy":"origen","description":"","parent":0,"count":614,"filter":"raw","term_order":"0"}],"familia_tax":false,"quien_tax":false,"donde_tax":false,"year":"","contacto":"<strong>Principales: <\/strong><ul><li>PILAR BARREIRO ELORZA <blockquote><strong>pilar.barreiro@upm.es<\/strong><\/blockquote><\/li><li>MARGARITA RUIZ ALTISENT <blockquote><strong>margarita.ruiz.altisent@upm.es<\/strong><\/blockquote><\/li><\/ul><strong>Otros inventores UPM: <\/strong><ul><li>Ayuso, M\u00aa Concepci\u00f3n<\/li><li>Bravo, Francisco<\/li><\/ul>","telefono":"","pagina_web":"","email":"","id_ficha_portal":"227","video":"","adjuntos":false,"adjuntos_portal":"","inf":false,"departamento":"","acf":[],"lang":"es","translation":{"es":8449},"_links":{"self":[{"href":"https:\/\/www.upm.es\/recursosidi\/wp-json\/wp\/v2\/product\/8449"}],"collection":[{"href":"https:\/\/www.upm.es\/recursosidi\/wp-json\/wp\/v2\/product"}],"about":[{"href":"https:\/\/www.upm.es\/recursosidi\/wp-json\/wp\/v2\/types\/product"}],"wp:attachment":[{"href":"https:\/\/www.upm.es\/recursosidi\/wp-json\/wp\/v2\/media?parent=8449"}],"wp:term":[{"taxonomy":"product_cat","embeddable":true,"href":"https:\/\/www.upm.es\/recursosidi\/wp-json\/wp\/v2\/product_cat?post=8449"},{"taxonomy":"product_tag","embeddable":true,"href":"https:\/\/www.upm.es\/recursosidi\/wp-json\/wp\/v2\/product_tag?post=8449"},{"taxonomy":"comunidad_upm","embeddable":true,"href":"https:\/\/www.upm.es\/recursosidi\/wp-json\/wp\/v2\/comunidades-upm?post=8449"},{"taxonomy":"quien","embeddable":true,"href":"https:\/\/www.upm.es\/recursosidi\/wp-json\/wp\/v2\/quien?post=8449"},{"taxonomy":"mapa","embeddable":true,"href":"https:\/\/www.upm.es\/recursosidi\/wp-json\/wp\/v2\/mapa?post=8449"},{"taxonomy":"disponibilidad","embeddable":true,"href":"https:\/\/www.upm.es\/recursosidi\/wp-json\/wp\/v2\/disponibilidad?post=8449"},{"taxonomy":"donde","embeddable":true,"href":"https:\/\/www.upm.es\/recursosidi\/wp-json\/wp\/v2\/donde?post=8449"},{"taxonomy":"infraestructura","embeddable":true,"href":"https:\/\/www.upm.es\/recursosidi\/wp-json\/wp\/v2\/infraestructura?post=8449"},{"taxonomy":"ods","embeddable":true,"href":"https:\/\/www.upm.es\/recursosidi\/wp-json\/wp\/v2\/ods?post=8449"},{"taxonomy":"origen","embeddable":true,"href":"https:\/\/www.upm.es\/recursosidi\/wp-json\/wp\/v2\/origen?post=8449"}],"curies":[{"name":"wp","href":"https:\/\/api.w.org\/{rel}","templated":true}]}}