{"id":8481,"date":"2021-11-25T14:09:24","date_gmt":"2021-11-25T13:09:24","guid":{"rendered":"https:\/\/www.upm.es\/recursosidi\/offers-resources\/sin categor\u00eda\/generador-electrico-submarino-para-el-aprovechamiento-de-las-corrientes-de-flujo-bidireccional\/"},"modified":"2022-08-10T02:07:25","modified_gmt":"2022-08-10T00:07:25","slug":"generador-electrico-submarino-para-el-aprovechamiento-de-las-corrientes-de-flujo-bidireccional","status":"publish","type":"product","link":"https:\/\/www.upm.es\/recursosidi\/offers-resources\/patentes\/generador-electrico-submarino-para-el-aprovechamiento-de-las-corrientes-de-flujo-bidireccional\/","title":{"rendered":"Generador el\u00e9ctrico submarino para el aprovechamiento de las corrientes de flujo bidireccional"},"content":{"rendered":"<h5>Descripci\u00f3n de la patente <\/h5>\n<p>Generador submarino con h\u00e9lice de tres palas para aprovechar energ\u00eda del agua<br \/>\nen la direcci\u00f3n de su eje, en los dos sentidos.<br \/>\nLa h\u00e9lice acciona un alternador el\u00e9ctrico situado en un domo central del que<br \/>\n5 salen tres brazos unidos a sendos flotadores que se cierran en una estructura en<br \/>\nY por medio de tirantes.<br \/>\nEl conjunto tiene flotabilidad neutra y se posiciona mediante un sistema de<br \/>\nfondeo con un conjunto de boyas unidas al fondo por uno o m\u00e1s cables.<br \/>\nUn extremo del generador se une a una l\u00ednea de fondeo mediante un cable<br \/>\n10 horizontal en una de las direcciones predominantes de la corriente. Desde el otro<br \/>\nextremo otros dos cables horizontales, abiertos un \u00e1ngulo respecto a la direcci\u00f3n<br \/>\nde la corriente, se unen a otras dos l\u00edneas de fondeo<br \/>\nEl conjunto puede lastrarse para pasar de posici\u00f3n vertical sumergida de<br \/>\n15 operaci\u00f3n a posici\u00f3n horizontal flotando para facilitar el mantenimiento.<\/p>\n<h5>Situaci\u00f3n <\/h5>\n<p>Concedida<\/p>\n<h5>N\u00famero de solicitud<\/h5>\n<p>P200931297<\/p>\n<h5>N\u00famero de publicaci\u00f3n<\/h5>\n<p>ES2341311<\/p>\n<h5>Fecha de presentaci\u00f3n <\/h5>\n<p>30\/12\/2009<\/p>\n<h5>Fecha de concesi\u00f3n <\/h5>\n<p>23\/11\/2010<\/p>\n<div class=\"pdfprnt-buttons pdfprnt-buttons-product pdfprnt-bottom-left\"><a href=\"https:\/\/www.upm.es\/recursosidi\/wp-json\/wp\/v2\/product\/8481?print=pdf\" class=\"pdfprnt-button pdfprnt-button-pdf\" target=\"_blank\"><span class=\"pdfprnt-button-title pdfprnt-button-pdf-title\">Descargar ficha<\/span><\/a><\/div>","protected":false},"excerpt":{"rendered":"<p>Descripci\u00f3n de la patente Generador submarino con h\u00e9lice de tres palas para aprovechar energ\u00eda del agua en la direcci\u00f3n de su eje, en los dos&hellip;<\/p>\n","protected":false},"featured_media":0,"template":"","meta":{"_acf_changed":false},"product_cat":[3946],"product_tag":[],"comunidades-upm":[],"quien":[],"mapa":[],"disponibilidad":[],"donde":[{"term_id":424,"name":"CEHINAV (Canal de Ensayos Hidrodin\u00e1micos de la E.T.S.I. Navales)","slug":"cehinav-canal-de-ensayos-hidrodinamicos-de-la-e-t-s-i-navales","term_group":0,"term_taxonomy_id":424,"taxonomy":"donde","description":"Nuestro trabajo est&aacute; centrado en temas hidrodin&aacute;micos, tanto desde una faceta experimental como num&eacute;rica. Las l&iacute;neas de investigaci&oacute;n del grupo son:\n&nbsp;\n\nAn&aacute;lisis y optimizaci&oacute;n de formas de buques mediante estudios num&eacute;ricos y experimentales de comportamiento en la mar.\nEstabilidad de los buques en estado intacto y despu&eacute;s de aver&iacute;as.\nEmbarcaciones deportivas de alta competici&oacute;n.\nDesarrollo de CFD aplicados a la hidrodin&aacute;mica de buques.\nEstudios num&eacute;ricos y experimentales de la hidrodin&aacute;mica en artefactos y plataformas marinas para energ&iacute;as tanto renovables, como oli &amp; gas.\nSimulaci&oacute;n computacional y experimental del fen&oacute;meno de \"sloshing\"\nEstudios de tanques estabilizadores pasivos.\n","parent":0,"count":7,"filter":"raw","term_order":"0"},{"term_id":586,"name":"Grupo de Investigaci\u00f3n Tecnol\u00f3gico en Energ\u00edas Renovables Marinas. -GIT-ERM-","slug":"grupo-de-investigacion-tecnologico-en-energias-renovables-marinas-git-erm","term_group":0,"term_taxonomy_id":586,"taxonomy":"donde","description":"","parent":0,"count":4,"filter":"raw","term_order":"0"}],"infraestructura":[],"ods":[],"origen":[{"term_id":180,"name":"Patente","slug":"patente","term_group":0,"term_taxonomy_id":180,"taxonomy":"origen","description":"","parent":0,"count":614,"filter":"raw","term_order":"0"}],"familia_tax":false,"quien_tax":false,"donde_tax":false,"year":"","contacto":"<strong>Principales: <\/strong><ul><li>AMABLE LOPEZ PI\u00d1EIRO <blockquote><strong>amable.lopez@upm.es<\/strong><\/blockquote><\/li><li>FRANCISCO LAZARO PEREZ ARRIBAS <blockquote><strong>francisco.perez.arribas@upm.es<\/strong><\/blockquote><\/li><li>LUIS RAMON NU\u00d1EZ RIVAS <blockquote><strong>luisramon.nunez@upm.es<\/strong><\/blockquote><\/li><li>JOSE ANDRES SOMOLINOS SANCHEZ <blockquote><strong>joseandres.somolinos@upm.es<\/strong><\/blockquote><\/li><li>LUIS PEREZ ROJAS <blockquote><strong>luis.perezrojas@upm.es<\/strong><\/blockquote><\/li><li>IGNACIO DIEZ DE ULZURRUN ROMEO <blockquote><strong>ignacio.diezdeulzurrun@upm.es<\/strong><\/blockquote><\/li><\/ul><strong>Otros inventores: <\/strong><ul><li>Eva MariaNovoa Rojas Fundaci\u00f3n Centro Tecnol\u00f3gico SOERMAR<\/li> <li>Alfonso ManuelCarneros Lozano Fundaci\u00f3n Centro Tecnol\u00f3gico SOERMAR<\/li> <li>Francisco Gerardodel castillo Comas Fundaci\u00f3n Centro Tecnol\u00f3gico SOERMAR<\/li> <\/ul>","telefono":"","pagina_web":"","email":"","id_ficha_portal":"481","video":"","adjuntos":false,"adjuntos_portal":"https:\/\/www.upm.es\/S2i\/Acuse\/recuperarArchivo.jsp?id=481&id_archivo=573&tipo=patente&extension=fichero ","inf":false,"departamento":"","acf":[],"lang":"es","translation":{"es":8481},"_links":{"self":[{"href":"https:\/\/www.upm.es\/recursosidi\/wp-json\/wp\/v2\/product\/8481"}],"collection":[{"href":"https:\/\/www.upm.es\/recursosidi\/wp-json\/wp\/v2\/product"}],"about":[{"href":"https:\/\/www.upm.es\/recursosidi\/wp-json\/wp\/v2\/types\/product"}],"wp:attachment":[{"href":"https:\/\/www.upm.es\/recursosidi\/wp-json\/wp\/v2\/media?parent=8481"}],"wp:term":[{"taxonomy":"product_cat","embeddable":true,"href":"https:\/\/www.upm.es\/recursosidi\/wp-json\/wp\/v2\/product_cat?post=8481"},{"taxonomy":"product_tag","embeddable":true,"href":"https:\/\/www.upm.es\/recursosidi\/wp-json\/wp\/v2\/product_tag?post=8481"},{"taxonomy":"comunidad_upm","embeddable":true,"href":"https:\/\/www.upm.es\/recursosidi\/wp-json\/wp\/v2\/comunidades-upm?post=8481"},{"taxonomy":"quien","embeddable":true,"href":"https:\/\/www.upm.es\/recursosidi\/wp-json\/wp\/v2\/quien?post=8481"},{"taxonomy":"mapa","embeddable":true,"href":"https:\/\/www.upm.es\/recursosidi\/wp-json\/wp\/v2\/mapa?post=8481"},{"taxonomy":"disponibilidad","embeddable":true,"href":"https:\/\/www.upm.es\/recursosidi\/wp-json\/wp\/v2\/disponibilidad?post=8481"},{"taxonomy":"donde","embeddable":true,"href":"https:\/\/www.upm.es\/recursosidi\/wp-json\/wp\/v2\/donde?post=8481"},{"taxonomy":"infraestructura","embeddable":true,"href":"https:\/\/www.upm.es\/recursosidi\/wp-json\/wp\/v2\/infraestructura?post=8481"},{"taxonomy":"ods","embeddable":true,"href":"https:\/\/www.upm.es\/recursosidi\/wp-json\/wp\/v2\/ods?post=8481"},{"taxonomy":"origen","embeddable":true,"href":"https:\/\/www.upm.es\/recursosidi\/wp-json\/wp\/v2\/origen?post=8481"}],"curies":[{"name":"wp","href":"https:\/\/api.w.org\/{rel}","templated":true}]}}