{"id":8504,"date":"2021-11-25T14:10:19","date_gmt":"2021-11-25T13:10:19","guid":{"rendered":"https:\/\/www.upm.es\/recursosidi\/offers-resources\/sin categor\u00eda\/unidad-de-control-y-registro-digital-para-un-georradar-de-aplicacion-especifica-en-glaciologia\/"},"modified":"2022-08-10T02:08:25","modified_gmt":"2022-08-10T00:08:25","slug":"unidad-de-control-y-registro-digital-para-un-georradar-de-aplicacion-especifica-en-glaciologia","status":"publish","type":"product","link":"https:\/\/www.upm.es\/recursosidi\/offers-resources\/patentes\/unidad-de-control-y-registro-digital-para-un-georradar-de-aplicacion-especifica-en-glaciologia\/","title":{"rendered":"Unidad de control y registro digital para un georradar de aplicaci\u00f3n espec\u00edfica en glaciolog\u00eda"},"content":{"rendered":"<h5>Descripci\u00f3n de la patente <\/h5>\n<p>Unidad de control y registro digital para un georradar de aplicaci\u00f3n espec\u00edfica en glaciolog\u00eda GPR, Ground Penetrating Radar, en terminolog\u00eda inglesa) que agrupa las funciones de gesti\u00f3n de los distintos elementos del georradar, de captaci\u00f3n, digitalizaci\u00f3n, procesamiento y almacenamiento de trazas, y de interfaz con el usuario, al disponer de una pantalla (5.1) y un teclado (5.11) como perif\u00e9ricos de entrada y salida . La unidad de control y registro digital propuesta realiza un muestreo en tiempo real por apilamiento de trazas durante periodos de muestreo seleccionables por el usuario.<\/p>\n<h5>Situaci\u00f3n <\/h5>\n<p>Concedida<\/p>\n<h5>N\u00famero de solicitud<\/h5>\n<p>P201001609<\/p>\n<h5>N\u00famero de publicaci\u00f3n<\/h5>\n<p>ES2356547<\/p>\n<h5>Fecha de presentaci\u00f3n <\/h5>\n<p>23\/12\/2010<\/p>\n<h5>Fecha de concesi\u00f3n <\/h5>\n<p>27\/02\/2012<\/p>\n<div class=\"pdfprnt-buttons pdfprnt-buttons-product pdfprnt-bottom-left\"><a href=\"https:\/\/www.upm.es\/recursosidi\/wp-json\/wp\/v2\/product\/8504?print=pdf\" class=\"pdfprnt-button pdfprnt-button-pdf\" target=\"_blank\"><span class=\"pdfprnt-button-title pdfprnt-button-pdf-title\">Descargar ficha<\/span><\/a><\/div>","protected":false},"excerpt":{"rendered":"<p>Descripci\u00f3n de la patente Unidad de control y registro digital para un georradar de aplicaci\u00f3n espec\u00edfica en glaciolog\u00eda GPR, Ground Penetrating Radar, en terminolog\u00eda inglesa)&hellip;<\/p>\n","protected":false},"featured_media":0,"template":"","meta":{"_acf_changed":false},"product_cat":[3946],"product_tag":[],"comunidades-upm":[],"quien":[],"mapa":[],"disponibilidad":[],"donde":[{"term_id":452,"name":"Grupo de Simulaci\u00f3n Num\u00e9rica en Ciencias e Ingenier\u00eda","slug":"grupo-de-simulacion-numerica-en-ciencias-e-ingenieria","term_group":0,"term_taxonomy_id":452,"taxonomy":"donde","description":"","parent":0,"count":1,"filter":"raw","term_order":"0"}],"infraestructura":[],"ods":[],"origen":[{"term_id":180,"name":"Patente","slug":"patente","term_group":0,"term_taxonomy_id":180,"taxonomy":"origen","description":"","parent":0,"count":614,"filter":"raw","term_order":"0"}],"familia_tax":false,"quien_tax":false,"donde_tax":false,"year":"","contacto":"<strong>Principales: <\/strong><ul><li>JAVIER JESUS LAPAZARAN IZARGAIN <blockquote><strong>javier.lapazaran@upm.es<\/strong><\/blockquote><\/li><li>FRANCISCO JOSE NAVARRO VALERO <blockquote><strong>francisco.navarro@upm.es<\/strong><\/blockquote><\/li><\/ul><strong>Otros inventores UPM: <\/strong><ul><li>Francisco Mach\u00edo Regidor<\/li><li>Evgeny Vasilenko<\/li><li>Kirill Frolovskiy<\/li><\/ul>","telefono":"","pagina_web":"","email":"","id_ficha_portal":"567","video":"","adjuntos":false,"adjuntos_portal":"https:\/\/www.upm.es\/S2i\/Acuse\/recuperarArchivo.jsp?id=567&id_archivo=796&tipo=patente&extension=fichero ","inf":false,"departamento":"","acf":[],"lang":"es","translation":{"es":8504},"_links":{"self":[{"href":"https:\/\/www.upm.es\/recursosidi\/wp-json\/wp\/v2\/product\/8504"}],"collection":[{"href":"https:\/\/www.upm.es\/recursosidi\/wp-json\/wp\/v2\/product"}],"about":[{"href":"https:\/\/www.upm.es\/recursosidi\/wp-json\/wp\/v2\/types\/product"}],"wp:attachment":[{"href":"https:\/\/www.upm.es\/recursosidi\/wp-json\/wp\/v2\/media?parent=8504"}],"wp:term":[{"taxonomy":"product_cat","embeddable":true,"href":"https:\/\/www.upm.es\/recursosidi\/wp-json\/wp\/v2\/product_cat?post=8504"},{"taxonomy":"product_tag","embeddable":true,"href":"https:\/\/www.upm.es\/recursosidi\/wp-json\/wp\/v2\/product_tag?post=8504"},{"taxonomy":"comunidad_upm","embeddable":true,"href":"https:\/\/www.upm.es\/recursosidi\/wp-json\/wp\/v2\/comunidades-upm?post=8504"},{"taxonomy":"quien","embeddable":true,"href":"https:\/\/www.upm.es\/recursosidi\/wp-json\/wp\/v2\/quien?post=8504"},{"taxonomy":"mapa","embeddable":true,"href":"https:\/\/www.upm.es\/recursosidi\/wp-json\/wp\/v2\/mapa?post=8504"},{"taxonomy":"disponibilidad","embeddable":true,"href":"https:\/\/www.upm.es\/recursosidi\/wp-json\/wp\/v2\/disponibilidad?post=8504"},{"taxonomy":"donde","embeddable":true,"href":"https:\/\/www.upm.es\/recursosidi\/wp-json\/wp\/v2\/donde?post=8504"},{"taxonomy":"infraestructura","embeddable":true,"href":"https:\/\/www.upm.es\/recursosidi\/wp-json\/wp\/v2\/infraestructura?post=8504"},{"taxonomy":"ods","embeddable":true,"href":"https:\/\/www.upm.es\/recursosidi\/wp-json\/wp\/v2\/ods?post=8504"},{"taxonomy":"origen","embeddable":true,"href":"https:\/\/www.upm.es\/recursosidi\/wp-json\/wp\/v2\/origen?post=8504"}],"curies":[{"name":"wp","href":"https:\/\/api.w.org\/{rel}","templated":true}]}}