{"id":8506,"date":"2021-11-25T14:10:24","date_gmt":"2021-11-25T13:10:24","guid":{"rendered":"https:\/\/www.upm.es\/recursosidi\/offers-resources\/sin categor\u00eda\/metodo-y-sistema-para-la-reconexion-de-cables-incoherentes-de-fibras-opticas-para-transmision-de-imagenes\/"},"modified":"2022-08-10T02:08:31","modified_gmt":"2022-08-10T00:08:31","slug":"metodo-y-sistema-para-la-reconexion-de-cables-incoherentes-de-fibras-opticas-para-transmision-de-imagenes","status":"publish","type":"product","link":"https:\/\/www.upm.es\/recursosidi\/offers-resources\/patentes\/metodo-y-sistema-para-la-reconexion-de-cables-incoherentes-de-fibras-opticas-para-transmision-de-imagenes\/","title":{"rendered":"M\u00e9todo y sistema para la reconexi\u00f3n de cables incoherentes de fibras \u00f3pticas para transmisi\u00f3n de im\u00e1genes"},"content":{"rendered":"<h5>Descripci\u00f3n de la patente <\/h5>\n<p>La invenci\u00f3n asocia a un cable incoherente de fibras \u00f3pticas pre-procesado, por alg\u00fan m\u00e9todo de calibraci\u00f3n existente del estado de la t\u00e9cnica,  una imagen de salida del cable incoherente de fibras \u00f3pticas en la posici\u00f3n exacta de la calibraci\u00f3n cuando se ilumina la entrada con una fuente de luz cuya intensidad sea suficiente para que en salida del cable, se obtenga una se\u00f1al que permita el procesamiento del m\u00e9todo (esta imagen de salida, a continuaci\u00f3n llamada imagen de referencia, permite conservar la posici\u00f3n relativa del plano de salida del cable con el sensor de imagen de la c\u00e1mara). Se asegura as\u00ed, por el patr\u00f3n \u00fanico que ofrece cada cable incoherente de fibras \u00f3pticas debido a la repartici\u00f3n de las fibras \u00f3pticas, de los espacios intersticiales entre ellas as\u00ed como las tasas de transmisi\u00f3n propia a cada fibra \u00f3ptica, la portabilidad del sistema de transmisi\u00f3n de im\u00e1genes ya que, con esa imagen de referencia, la salida del cable puede ser nuevamente presentada a una c\u00e1mara y reprocesar autom\u00e1ticamente la tabla de reconstrucci\u00f3n asociada a este cable.<\/p>\n<h5>Situaci\u00f3n <\/h5>\n<p>Concedida<\/p>\n<h5>N\u00famero de solicitud<\/h5>\n<p>P201031238<\/p>\n<h5>N\u00famero de publicaci\u00f3n<\/h5>\n<p>ES2363679<\/p>\n<h5>Fecha de presentaci\u00f3n <\/h5>\n<p>10\/08\/2010<\/p>\n<h5>Fecha de concesi\u00f3n <\/h5>\n<p>22\/02\/2012<\/p>\n<div class=\"pdfprnt-buttons pdfprnt-buttons-product pdfprnt-bottom-left\"><a href=\"https:\/\/www.upm.es\/recursosidi\/wp-json\/wp\/v2\/product\/8506?print=pdf\" class=\"pdfprnt-button pdfprnt-button-pdf\" target=\"_blank\"><span class=\"pdfprnt-button-title pdfprnt-button-pdf-title\">Descargar ficha<\/span><\/a><\/div>","protected":false},"excerpt":{"rendered":"<p>Descripci\u00f3n de la patente La invenci\u00f3n asocia a un cable incoherente de fibras \u00f3pticas pre-procesado, por alg\u00fan m\u00e9todo de calibraci\u00f3n existente del estado de la&hellip;<\/p>\n","protected":false},"featured_media":0,"template":"","meta":{"_acf_changed":false},"product_cat":[3946],"product_tag":[],"comunidades-upm":[],"quien":[],"mapa":[],"disponibilidad":[],"donde":[{"term_id":466,"name":"Grupo de Aplicaci\u00f3n de Telecomunicaciones Visuales (GATV)","slug":"grupo-de-aplicacion-de-telecomunicaciones-visuales-gatv","term_group":0,"term_taxonomy_id":466,"taxonomy":"donde","description":"Las principales <strong>l&iacute;neas de investigaci&oacute;n<\/strong> llevadas a cabo por el grupo son:\n&nbsp;\n\nComunicaciones Visuales\nVisi&oacute;n Artificial\nSistemas de telecomunicaci&oacute;n y teledetecci&oacute;n\nGesti&oacute;n y producci&oacute;n de media en red\nTelevisi&oacute;n digital\nAplicaciones del procesado de se&ntilde;al y comunicaciones en Sistemas Inteligentes de Transporte (Intelligent Transportation Systems - ITS)\nCodificaci&oacute;n y procesado digital de v&iacute;deo\nMedici&oacute;n de audiencias en tecnolog&iacute;as emergentes de transmisi&oacute;n de v&iacute;deo\nInteractividad (HbbTV) y accesibilidad a los medios audiovisualesIngenier&iacute;a de sistemas DVB\n","parent":0,"count":8,"filter":"raw","term_order":"0"},{"term_id":642,"name":"Information Processing and Telecommunications Center (IPTC)","slug":"information-processing-and-telecommunications-center-iptc","term_group":0,"term_taxonomy_id":642,"taxonomy":"donde","description":"","parent":0,"count":74,"filter":"raw","term_order":"0"}],"infraestructura":[],"ods":[],"origen":[{"term_id":180,"name":"Patente","slug":"patente","term_group":0,"term_taxonomy_id":180,"taxonomy":"origen","description":"","parent":0,"count":614,"filter":"raw","term_order":"0"}],"familia_tax":false,"quien_tax":false,"donde_tax":false,"year":"","contacto":"<strong>Principales: <\/strong><ul><li>JOSE MANUEL MENENDEZ GARCIA <blockquote><strong>jm.menendez@upm.es<\/strong><\/blockquote><\/li><\/ul><strong>Otros inventores UPM: <\/strong><ul><li>Olivier Demuynck<\/li><\/ul>","telefono":"","pagina_web":"","email":"","id_ficha_portal":"540","video":"","adjuntos":false,"adjuntos_portal":"https:\/\/www.upm.es\/S2i\/Acuse\/recuperarArchivo.jsp?id=540&id_archivo=841&tipo=patente&extension=fichero ","inf":false,"departamento":"","acf":[],"lang":"es","translation":{"es":8506},"_links":{"self":[{"href":"https:\/\/www.upm.es\/recursosidi\/wp-json\/wp\/v2\/product\/8506"}],"collection":[{"href":"https:\/\/www.upm.es\/recursosidi\/wp-json\/wp\/v2\/product"}],"about":[{"href":"https:\/\/www.upm.es\/recursosidi\/wp-json\/wp\/v2\/types\/product"}],"wp:attachment":[{"href":"https:\/\/www.upm.es\/recursosidi\/wp-json\/wp\/v2\/media?parent=8506"}],"wp:term":[{"taxonomy":"product_cat","embeddable":true,"href":"https:\/\/www.upm.es\/recursosidi\/wp-json\/wp\/v2\/product_cat?post=8506"},{"taxonomy":"product_tag","embeddable":true,"href":"https:\/\/www.upm.es\/recursosidi\/wp-json\/wp\/v2\/product_tag?post=8506"},{"taxonomy":"comunidad_upm","embeddable":true,"href":"https:\/\/www.upm.es\/recursosidi\/wp-json\/wp\/v2\/comunidades-upm?post=8506"},{"taxonomy":"quien","embeddable":true,"href":"https:\/\/www.upm.es\/recursosidi\/wp-json\/wp\/v2\/quien?post=8506"},{"taxonomy":"mapa","embeddable":true,"href":"https:\/\/www.upm.es\/recursosidi\/wp-json\/wp\/v2\/mapa?post=8506"},{"taxonomy":"disponibilidad","embeddable":true,"href":"https:\/\/www.upm.es\/recursosidi\/wp-json\/wp\/v2\/disponibilidad?post=8506"},{"taxonomy":"donde","embeddable":true,"href":"https:\/\/www.upm.es\/recursosidi\/wp-json\/wp\/v2\/donde?post=8506"},{"taxonomy":"infraestructura","embeddable":true,"href":"https:\/\/www.upm.es\/recursosidi\/wp-json\/wp\/v2\/infraestructura?post=8506"},{"taxonomy":"ods","embeddable":true,"href":"https:\/\/www.upm.es\/recursosidi\/wp-json\/wp\/v2\/ods?post=8506"},{"taxonomy":"origen","embeddable":true,"href":"https:\/\/www.upm.es\/recursosidi\/wp-json\/wp\/v2\/origen?post=8506"}],"curies":[{"name":"wp","href":"https:\/\/api.w.org\/{rel}","templated":true}]}}