{"id":8507,"date":"2021-11-25T14:10:26","date_gmt":"2021-11-25T13:10:26","guid":{"rendered":"https:\/\/www.upm.es\/recursosidi\/offers-resources\/sin categor\u00eda\/procedimiento-automatico-para-establecer-el-sexo-al-que-pertenecen-los-rostros-que-aparecen-en-imagenes\/"},"modified":"2022-08-10T02:08:33","modified_gmt":"2022-08-10T00:08:33","slug":"procedimiento-automatico-para-establecer-el-sexo-al-que-pertenecen-los-rostros-que-aparecen-en-imagenes","status":"publish","type":"product","link":"https:\/\/www.upm.es\/recursosidi\/offers-resources\/patentes\/procedimiento-automatico-para-establecer-el-sexo-al-que-pertenecen-los-rostros-que-aparecen-en-imagenes\/","title":{"rendered":"Procedimiento autom\u00e1tico para establecer el sexo al que pertenecen los rostros que aparecen en im\u00e1genes"},"content":{"rendered":"<h5>Descripci\u00f3n de la patente <\/h5>\n<p>Dispositivo y procedimiento autom\u00e1tico para establecer el sexo al que pertenecen los rostros que aparecen en im\u00e1genes que comprende una etapa de entrenamiento y una de clasificaci\u00f3n. El entrenamiento comprende: preprocesar im\u00e1genes de entrenamiento; construir un clasificador biclase, hombre y mujer, en el espacio unidimensional resultado de un procedimiento de An\u00e1lisis de componentes Principales (PCA) seguido de un procedimiento de An\u00e1lisis Discriminante Lineal de Fisher (LDA), siendo el paso clave la elecci\u00f3n del conjunto de los autovectores de PCA que mejor discriminan mediante validaci\u00f3n cruzada. La etapa de clasificaci\u00f3n comprende: preprocesar una imagen; proyectar la imagen sobre el espacio de proyecci\u00f3n PCA y LDA utilizando la proyecci\u00f3n m\u00e1s discriminante obtenida en el entrenamiento; y clasificar el valor unidimensional resultante de la proyecci\u00f3n mediante el clasificador del entrenamiento.<\/p>\n<h5>Situaci\u00f3n <\/h5>\n<p>Concedida<\/p>\n<h5>N\u00famero de solicitud<\/h5>\n<p>P201030025<\/p>\n<h5>N\u00famero de publicaci\u00f3n<\/h5>\n<p>ES2339100<\/p>\n<h5>Fecha de presentaci\u00f3n <\/h5>\n<p>14\/01\/2010<\/p>\n<h5>Fecha de concesi\u00f3n <\/h5>\n<p>07\/09\/2010<\/p>\n<div class=\"pdfprnt-buttons pdfprnt-buttons-product pdfprnt-bottom-left\"><a href=\"https:\/\/www.upm.es\/recursosidi\/wp-json\/wp\/v2\/product\/8507?print=pdf\" class=\"pdfprnt-button pdfprnt-button-pdf\" target=\"_blank\"><span class=\"pdfprnt-button-title pdfprnt-button-pdf-title\">Descargar ficha<\/span><\/a><\/div>","protected":false},"excerpt":{"rendered":"<p>Descripci\u00f3n de la patente Dispositivo y procedimiento autom\u00e1tico para establecer el sexo al que pertenecen los rostros que aparecen en im\u00e1genes que comprende una etapa&hellip;<\/p>\n","protected":false},"featured_media":0,"template":"","meta":{"_acf_changed":false},"product_cat":[3946],"product_tag":[],"comunidades-upm":[],"quien":[],"mapa":[],"disponibilidad":[],"donde":[{"term_id":664,"name":"Centro de I+D+i en Inteligencia Artificial (AI.nnovation Space)","slug":"centro-de-idi-en-inteligencia-artificial-ai-nnovation-space","term_group":0,"term_taxonomy_id":664,"taxonomy":"donde","description":"","parent":0,"count":44,"filter":"raw","term_order":"0"},{"term_id":364,"name":"Visi\u00f3n por Computador y Rob\u00f3tica A\u00e9rea","slug":"vision-por-computador-y-robotica-aerea","term_group":0,"term_taxonomy_id":364,"taxonomy":"donde","description":"&nbsp;\nNuestra <strong>Visi&oacute;n<\/strong> es proveer a los sistemas no tripulados (UAV, RPAS) de mayor autonom&iacute;a mediante la utilizaci&oacute;n de t&eacute;cnicas de Visi&oacute;n por Computador. Para ello, trabajamos en las siguientes l&iacute;neas de investigaci&oacute;n:\n&nbsp;\n\nProcesamiento, reconocimiento o y gesti&oacute;n automatizada de im&aacute;genes, incluyendo estabilizaci&oacute;n, seguimiento de objetos, composici&oacute;n de mosaico y ortomapas\nGuiado visual de UAV respecto a referencias exteriores, incluyendo navegaci&oacute;n en entornos pasivos sin ayuda la navegaci&oacute;n (p.e. sin GPS en sitaciones de &ldquo;spoofing&rdquo; y &ldquo;jamming&rdquo;)\nCreaci&oacute;n de mapas tridimensionales del entorno y estimaci&oacute;n de la posici&oacute;n 6D del RPAS\n","parent":0,"count":5,"filter":"raw","term_order":"0"}],"infraestructura":[],"ods":[],"origen":[{"term_id":180,"name":"Patente","slug":"patente","term_group":0,"term_taxonomy_id":180,"taxonomy":"origen","description":"","parent":0,"count":614,"filter":"raw","term_order":"0"}],"familia_tax":false,"quien_tax":false,"donde_tax":false,"year":"","contacto":"<strong>Principales: <\/strong><ul><li>LUIS BAUMELA MOLINA <blockquote><strong>luis.baumela@upm.es<\/strong><\/blockquote><\/li><\/ul><strong>Otros inventores UPM: <\/strong><ul><li>Juan Bekios Calfa<\/li><\/ul><strong>Otros inventores: <\/strong><ul><li>Jos\u00e9 Miguel Buenaposada Biencinto <blockquote><strong>josemiguel.buenaposada@urjc.es<\/strong><\/blockquote> Universidad Rey Juan Carlos (URJC)<\/li> <\/ul>","telefono":"","pagina_web":"","email":"","id_ficha_portal":"482","video":"","adjuntos":false,"adjuntos_portal":"https:\/\/www.upm.es\/S2i\/Acuse\/recuperarArchivo.jsp?id=482&id_archivo=671&tipo=patente&extension=fichero ","inf":false,"departamento":"","acf":[],"lang":"es","translation":{"es":8507},"_links":{"self":[{"href":"https:\/\/www.upm.es\/recursosidi\/wp-json\/wp\/v2\/product\/8507"}],"collection":[{"href":"https:\/\/www.upm.es\/recursosidi\/wp-json\/wp\/v2\/product"}],"about":[{"href":"https:\/\/www.upm.es\/recursosidi\/wp-json\/wp\/v2\/types\/product"}],"wp:attachment":[{"href":"https:\/\/www.upm.es\/recursosidi\/wp-json\/wp\/v2\/media?parent=8507"}],"wp:term":[{"taxonomy":"product_cat","embeddable":true,"href":"https:\/\/www.upm.es\/recursosidi\/wp-json\/wp\/v2\/product_cat?post=8507"},{"taxonomy":"product_tag","embeddable":true,"href":"https:\/\/www.upm.es\/recursosidi\/wp-json\/wp\/v2\/product_tag?post=8507"},{"taxonomy":"comunidad_upm","embeddable":true,"href":"https:\/\/www.upm.es\/recursosidi\/wp-json\/wp\/v2\/comunidades-upm?post=8507"},{"taxonomy":"quien","embeddable":true,"href":"https:\/\/www.upm.es\/recursosidi\/wp-json\/wp\/v2\/quien?post=8507"},{"taxonomy":"mapa","embeddable":true,"href":"https:\/\/www.upm.es\/recursosidi\/wp-json\/wp\/v2\/mapa?post=8507"},{"taxonomy":"disponibilidad","embeddable":true,"href":"https:\/\/www.upm.es\/recursosidi\/wp-json\/wp\/v2\/disponibilidad?post=8507"},{"taxonomy":"donde","embeddable":true,"href":"https:\/\/www.upm.es\/recursosidi\/wp-json\/wp\/v2\/donde?post=8507"},{"taxonomy":"infraestructura","embeddable":true,"href":"https:\/\/www.upm.es\/recursosidi\/wp-json\/wp\/v2\/infraestructura?post=8507"},{"taxonomy":"ods","embeddable":true,"href":"https:\/\/www.upm.es\/recursosidi\/wp-json\/wp\/v2\/ods?post=8507"},{"taxonomy":"origen","embeddable":true,"href":"https:\/\/www.upm.es\/recursosidi\/wp-json\/wp\/v2\/origen?post=8507"}],"curies":[{"name":"wp","href":"https:\/\/api.w.org\/{rel}","templated":true}]}}