{"id":8526,"date":"2021-11-25T14:11:13","date_gmt":"2021-11-25T13:11:13","guid":{"rendered":"https:\/\/www.upm.es\/recursosidi\/offers-resources\/sin categor\u00eda\/antena-para-monitorizacion-del-campo-electromagnetico-ambiental-en-tiempo-real\/"},"modified":"2022-08-10T02:09:24","modified_gmt":"2022-08-10T00:09:24","slug":"antena-para-monitorizacion-del-campo-electromagnetico-ambiental-en-tiempo-real","status":"publish","type":"product","link":"https:\/\/www.upm.es\/recursosidi\/offers-resources\/patentes\/antena-para-monitorizacion-del-campo-electromagnetico-ambiental-en-tiempo-real\/","title":{"rendered":"Antena para monitorizaci\u00f3n del campo electromagn\u00e9tico ambiental en tiempo real"},"content":{"rendered":"<h5>Descripci\u00f3n de la patente <\/h5>\n<p>La invenci\u00f3n consiste en una antena para monitorizaci\u00f3n de campo electromagn\u00e9tico ambiental en tiempo real que abarca un rango de frecuencias desde 100 MHz a 6 GHz. Est\u00e1  dise\u00f1ada como un conjunto de doce antenas tipo l\u00e1tigo, omnidireccionales, de diferente longitud, asociadas a diferentes valores de lambda, y colocadas sobre un eje central. Cada una realiza la captaci\u00f3n en una banda de 500 MHz, efectu\u00e1ndose un control autom\u00e1tico y secuencial de las diferentes bandas de trabajo, por lo que el dise\u00f1o permite una captaci\u00f3n, monitorizaci\u00f3n y almacenaje de los niveles de campo electromagn\u00e9tico de manera instant\u00e1nea y en tiempo real. Otra caracter\u00edstica que presenta es que el tratamiento de los valores recibidos se lleva a cabo en bruto, por lo que no se enmascara ning\u00fan valor, tal y como ocurre en los sistemas que realizan promediados de se\u00f1al.<\/p>\n<h5>Situaci\u00f3n <\/h5>\n<p>Concedida<\/p>\n<h5>N\u00famero de solicitud<\/h5>\n<p>P201001641<\/p>\n<h5>N\u00famero de publicaci\u00f3n<\/h5>\n<p>ES2353104<\/p>\n<h5>Fecha de presentaci\u00f3n <\/h5>\n<p>29\/12\/2010<\/p>\n<h5>Fecha de concesi\u00f3n <\/h5>\n<p>29\/06\/2011<\/p>\n<div class=\"pdfprnt-buttons pdfprnt-buttons-product pdfprnt-bottom-left\"><a href=\"https:\/\/www.upm.es\/recursosidi\/wp-json\/wp\/v2\/product\/8526?print=pdf\" class=\"pdfprnt-button pdfprnt-button-pdf\" target=\"_blank\"><span class=\"pdfprnt-button-title pdfprnt-button-pdf-title\">Descargar ficha<\/span><\/a><\/div>","protected":false},"excerpt":{"rendered":"<p>Descripci\u00f3n de la patente La invenci\u00f3n consiste en una antena para monitorizaci\u00f3n de campo electromagn\u00e9tico ambiental en tiempo real que abarca un rango de frecuencias&hellip;<\/p>\n","protected":false},"featured_media":0,"template":"","meta":{"_acf_changed":false},"product_cat":[3946],"product_tag":[],"comunidades-upm":[],"quien":[],"mapa":[],"disponibilidad":[],"donde":[{"term_id":556,"name":"Centro de Tecnolog\u00eda Biom\u00e9dica (CTB)","slug":"centro-de-tecnologia-biomedica-ctb","term_group":0,"term_taxonomy_id":556,"taxonomy":"donde","description":"","parent":0,"count":84,"filter":"raw","term_order":"0"},{"term_id":620,"name":"Tecnolog\u00edas para Ciencias de la Salud","slug":"tecnologias-para-ciencias-de-la-salud","term_group":0,"term_taxonomy_id":620,"taxonomy":"donde","description":"","parent":0,"count":21,"filter":"raw","term_order":"0"}],"infraestructura":[],"ods":[],"origen":[{"term_id":180,"name":"Patente","slug":"patente","term_group":0,"term_taxonomy_id":180,"taxonomy":"origen","description":"","parent":0,"count":614,"filter":"raw","term_order":"0"}],"familia_tax":false,"quien_tax":false,"donde_tax":false,"year":"","contacto":"<strong>Principales: <\/strong><ul><li>FRANCISCO DEL POZO GUERRERO <blockquote><strong>francisco.delpozo@upm.es<\/strong><\/blockquote><\/li><li>CEFERINO MAESTU UNTURBE <blockquote><strong>ceferino.maestu@upm.es<\/strong><\/blockquote><\/li><li>Francisco Paul Mikuski Silva <blockquote><strong><\/strong><\/blockquote><\/li><\/ul><strong>Otros inventores UPM: <\/strong><ul><li>Silvia L\u00f3pez Mart\u00ednez<\/li><li>Roc\u00edo L\u00f3pez Espinosa<\/li><\/ul>","telefono":"","pagina_web":"","email":"","id_ficha_portal":"573","video":"","adjuntos":false,"adjuntos_portal":"https:\/\/www.upm.es\/S2i\/Acuse\/recuperarArchivo.jsp?id=573&id_archivo=640&tipo=patente&extension=fichero ","inf":false,"departamento":"","acf":[],"lang":"es","translation":{"es":8526},"_links":{"self":[{"href":"https:\/\/www.upm.es\/recursosidi\/wp-json\/wp\/v2\/product\/8526"}],"collection":[{"href":"https:\/\/www.upm.es\/recursosidi\/wp-json\/wp\/v2\/product"}],"about":[{"href":"https:\/\/www.upm.es\/recursosidi\/wp-json\/wp\/v2\/types\/product"}],"wp:attachment":[{"href":"https:\/\/www.upm.es\/recursosidi\/wp-json\/wp\/v2\/media?parent=8526"}],"wp:term":[{"taxonomy":"product_cat","embeddable":true,"href":"https:\/\/www.upm.es\/recursosidi\/wp-json\/wp\/v2\/product_cat?post=8526"},{"taxonomy":"product_tag","embeddable":true,"href":"https:\/\/www.upm.es\/recursosidi\/wp-json\/wp\/v2\/product_tag?post=8526"},{"taxonomy":"comunidad_upm","embeddable":true,"href":"https:\/\/www.upm.es\/recursosidi\/wp-json\/wp\/v2\/comunidades-upm?post=8526"},{"taxonomy":"quien","embeddable":true,"href":"https:\/\/www.upm.es\/recursosidi\/wp-json\/wp\/v2\/quien?post=8526"},{"taxonomy":"mapa","embeddable":true,"href":"https:\/\/www.upm.es\/recursosidi\/wp-json\/wp\/v2\/mapa?post=8526"},{"taxonomy":"disponibilidad","embeddable":true,"href":"https:\/\/www.upm.es\/recursosidi\/wp-json\/wp\/v2\/disponibilidad?post=8526"},{"taxonomy":"donde","embeddable":true,"href":"https:\/\/www.upm.es\/recursosidi\/wp-json\/wp\/v2\/donde?post=8526"},{"taxonomy":"infraestructura","embeddable":true,"href":"https:\/\/www.upm.es\/recursosidi\/wp-json\/wp\/v2\/infraestructura?post=8526"},{"taxonomy":"ods","embeddable":true,"href":"https:\/\/www.upm.es\/recursosidi\/wp-json\/wp\/v2\/ods?post=8526"},{"taxonomy":"origen","embeddable":true,"href":"https:\/\/www.upm.es\/recursosidi\/wp-json\/wp\/v2\/origen?post=8526"}],"curies":[{"name":"wp","href":"https:\/\/api.w.org\/{rel}","templated":true}]}}