{"id":8530,"date":"2021-11-25T14:11:23","date_gmt":"2021-11-25T13:11:23","guid":{"rendered":"https:\/\/www.upm.es\/recursosidi\/offers-resources\/sin categor\u00eda\/procedimiento-y-sistema-de-localizacion-por-demanda-basada-en-terminales-de-telefonia-movil-estandar-e-intercambio-de-mensajes\/"},"modified":"2022-08-10T02:09:34","modified_gmt":"2022-08-10T00:09:34","slug":"procedimiento-y-sistema-de-localizacion-por-demanda-basada-en-terminales-de-telefonia-movil-estandar-e-intercambio-de-mensajes","status":"publish","type":"product","link":"https:\/\/www.upm.es\/recursosidi\/offers-resources\/patentes\/procedimiento-y-sistema-de-localizacion-por-demanda-basada-en-terminales-de-telefonia-movil-estandar-e-intercambio-de-mensajes\/","title":{"rendered":"Procedimiento y sistema de localizaci\u00f3n por demanda basada en terminales de telefon\u00eda m\u00f3vil est\u00e1ndar e intercambio de mensajes"},"content":{"rendered":"<h5>Descripci\u00f3n de la patente <\/h5>\n<p>Procedimiento y sistema de localizaci\u00f3n por demanda basado en terminales de teleon\u00eda m\u00f3vil est\u00e1ndar e intercabio de mensajes, que utiliza dispositivos con medios de acceso a la red de telefon\u00eda m\u00f3vil para establecer comunicaciones P2P entre un dispositivo de solicitud de servicio (1) y un dispositivo de env\u00edo de localizaci\u00f3n (2) que comprende sincronizar dichos dispositivos enviando, el dispositivo de solicitud de servicio (1), un mensaje de inicio de sincronizaci\u00f3n y enviando, cada dispositivo de env\u00edo de localizaci\u00f3n (2), una respuesta de realizaci\u00f3n del servicio; si el dispositivo de env\u00edo de localizaci\u00f3n (2) envi\u00f3 una confirmaci\u00f3n de realizaci\u00f3n de servicio, el dispositivo de solicitud de servicio (1) env\u00eda un mensaje de solicitud de localizaci\u00f3n, \u00e9ste realiza una consulta de ubicaci\u00f3n a un sistema de localizaci\u00f3n por sat\u00e9lite (3) y env\u00eda el mensaje de localizaci\u00f3n; finalmente uno de los dispositivos finaliza la sincronizaci\u00f3n enviando un mensaje de fin de sincronizaci\u00f3n.<\/p>\n<h5>N\u00famero de solicitud<\/h5>\n<p>P201030850<\/p>\n<h5>N\u00famero de publicaci\u00f3n<\/h5>\n<p>ES2370844<\/p>\n<h5>Fecha de presentaci\u00f3n <\/h5>\n<p>02\/06\/2010<\/p>\n<div class=\"pdfprnt-buttons pdfprnt-buttons-product pdfprnt-bottom-left\"><a href=\"https:\/\/www.upm.es\/recursosidi\/wp-json\/wp\/v2\/product\/8530?print=pdf\" class=\"pdfprnt-button pdfprnt-button-pdf\" target=\"_blank\"><span class=\"pdfprnt-button-title pdfprnt-button-pdf-title\">Descargar ficha<\/span><\/a><\/div>","protected":false},"excerpt":{"rendered":"<p>Descripci\u00f3n de la patente Procedimiento y sistema de localizaci\u00f3n por demanda basado en terminales de teleon\u00eda m\u00f3vil est\u00e1ndar e intercabio de mensajes, que utiliza dispositivos&hellip;<\/p>\n","protected":false},"featured_media":0,"template":"","meta":{"_acf_changed":false},"product_cat":[3946],"product_tag":[],"comunidades-upm":[],"quien":[],"mapa":[],"disponibilidad":[],"donde":[{"term_id":636,"name":"Aplicaciones MultiMedia y Ac\u00fastica (GAMMA)","slug":"aplicaciones-multimedia-y-acustica-gamma","term_group":0,"term_taxonomy_id":636,"taxonomy":"donde","description":"","parent":0,"count":9,"filter":"raw","term_order":"0"},{"term_id":596,"name":"Centro de Investigaci\u00f3n en Tecnolog\u00edas del Software y Sistemas Multimedia para la Sostenibilidad (CITSEM)","slug":"centro-de-investigacion-en-tecnologias-del-software-y-sistemas-multimedia-para-la-sostenibilidad-citsem","term_group":0,"term_taxonomy_id":596,"taxonomy":"donde","description":"","parent":0,"count":11,"filter":"raw","term_order":"0"},{"term_id":670,"name":"Grupo de Investigaci\u00f3n en Bioingenier\u00eda y Optoelectr\u00f3nica","slug":"grupo-de-investigacion-en-bioingenieria-y-optoelectronica","term_group":0,"term_taxonomy_id":670,"taxonomy":"donde","description":"","parent":0,"count":4,"filter":"raw","term_order":"0"}],"infraestructura":[],"ods":[],"origen":[{"term_id":180,"name":"Patente","slug":"patente","term_group":0,"term_taxonomy_id":180,"taxonomy":"origen","description":"","parent":0,"count":614,"filter":"raw","term_order":"0"}],"familia_tax":false,"quien_tax":false,"donde_tax":false,"year":"","contacto":"<strong>Principales: <\/strong><ul><li>JUAN IGNACIO GODINO LLORENTE <blockquote><strong>ignacio.godino@upm.es<\/strong><\/blockquote><\/li><li>RUBEN FRAILE MU\u00d1OZ <blockquote><strong>r.fraile@upm.es<\/strong><\/blockquote><\/li><li>VICTOR JOSE OSMA RUIZ <blockquote><strong>v.osma@upm.es<\/strong><\/blockquote><\/li><\/ul><strong>Otros inventores UPM: <\/strong><ul><li>Nicol\u00e1s S\u00e1enz Lech\u00f3n<\/li><\/ul>","telefono":"","pagina_web":"","email":"","id_ficha_portal":"517","video":"","adjuntos":false,"adjuntos_portal":"","inf":false,"departamento":"","acf":[],"lang":"es","translation":{"es":8530},"_links":{"self":[{"href":"https:\/\/www.upm.es\/recursosidi\/wp-json\/wp\/v2\/product\/8530"}],"collection":[{"href":"https:\/\/www.upm.es\/recursosidi\/wp-json\/wp\/v2\/product"}],"about":[{"href":"https:\/\/www.upm.es\/recursosidi\/wp-json\/wp\/v2\/types\/product"}],"wp:attachment":[{"href":"https:\/\/www.upm.es\/recursosidi\/wp-json\/wp\/v2\/media?parent=8530"}],"wp:term":[{"taxonomy":"product_cat","embeddable":true,"href":"https:\/\/www.upm.es\/recursosidi\/wp-json\/wp\/v2\/product_cat?post=8530"},{"taxonomy":"product_tag","embeddable":true,"href":"https:\/\/www.upm.es\/recursosidi\/wp-json\/wp\/v2\/product_tag?post=8530"},{"taxonomy":"comunidad_upm","embeddable":true,"href":"https:\/\/www.upm.es\/recursosidi\/wp-json\/wp\/v2\/comunidades-upm?post=8530"},{"taxonomy":"quien","embeddable":true,"href":"https:\/\/www.upm.es\/recursosidi\/wp-json\/wp\/v2\/quien?post=8530"},{"taxonomy":"mapa","embeddable":true,"href":"https:\/\/www.upm.es\/recursosidi\/wp-json\/wp\/v2\/mapa?post=8530"},{"taxonomy":"disponibilidad","embeddable":true,"href":"https:\/\/www.upm.es\/recursosidi\/wp-json\/wp\/v2\/disponibilidad?post=8530"},{"taxonomy":"donde","embeddable":true,"href":"https:\/\/www.upm.es\/recursosidi\/wp-json\/wp\/v2\/donde?post=8530"},{"taxonomy":"infraestructura","embeddable":true,"href":"https:\/\/www.upm.es\/recursosidi\/wp-json\/wp\/v2\/infraestructura?post=8530"},{"taxonomy":"ods","embeddable":true,"href":"https:\/\/www.upm.es\/recursosidi\/wp-json\/wp\/v2\/ods?post=8530"},{"taxonomy":"origen","embeddable":true,"href":"https:\/\/www.upm.es\/recursosidi\/wp-json\/wp\/v2\/origen?post=8530"}],"curies":[{"name":"wp","href":"https:\/\/api.w.org\/{rel}","templated":true}]}}