{"id":8542,"date":"2021-11-25T14:11:52","date_gmt":"2021-11-25T13:11:52","guid":{"rendered":"https:\/\/www.upm.es\/recursosidi\/offers-resources\/sin categor\u00eda\/lampara-incandescente-de-alta-eficiencia-procedimiento-de-fabricacion-y-dispositivo-de-control-de-potencia-para-la-misma\/"},"modified":"2022-08-10T02:10:05","modified_gmt":"2022-08-10T00:10:05","slug":"lampara-incandescente-de-alta-eficiencia-procedimiento-de-fabricacion-y-dispositivo-de-control-de-potencia-para-la-misma","status":"publish","type":"product","link":"https:\/\/www.upm.es\/recursosidi\/offers-resources\/patentes\/lampara-incandescente-de-alta-eficiencia-procedimiento-de-fabricacion-y-dispositivo-de-control-de-potencia-para-la-misma\/","title":{"rendered":"L\u00e1mpara incandescente de alta eficiencia, procedimiento de fabricaci\u00f3n y dispositivo de control de potencia para la misma"},"content":{"rendered":"<h5>Descripci\u00f3n de la patente <\/h5>\n<p>L\u00e1mpara incandescente de alta eficiencia, procedimiento de fabricaci\u00f3n y dispositivo de control de potencia para la misma. La l\u00e1mpara comprende un dispositivo de control de potencia (1) en serie con el filamento (2) de la l\u00e1mpara. El dispositivo de control de potencia (1) dispone de una impedancia ZG con un comportamiento combinado sustancialmente inductivo y\/o capacitivo para reducir la potencia instant\u00e1nea recibida por el filamento (2) durante la operaci\u00f3n de encendido de la l\u00e1mpara y controlar la potencia recibida por el filamento (2) durante su funcionamiento para aumentar su temperatura y mejorar la eficiencia. El valor de la impedancia ZG del dispositivo de control de potencia (1) est\u00e1 determinado en funci\u00f3n del valor de resistencia el\u00e9ctrica RL del filamento (2) en caliente de la l\u00e1mpara, y preferiblemente el<br \/>\nm\u00f3dulo de dicha impedancia ZG es sustancialmente id\u00e9ntico al valor de resistencia RL del filamento (2) en caliente de la l\u00e1mpara.<\/p>\n<h5>Situaci\u00f3n <\/h5>\n<p>Concedida<\/p>\n<h5>N\u00famero de solicitud<\/h5>\n<p>P201132109<\/p>\n<h5>N\u00famero de publicaci\u00f3n<\/h5>\n<p>ES2416580 A1<br \/>\nES 2416580_B2<\/p>\n<h5>Fecha de presentaci\u00f3n <\/h5>\n<p>27\/12\/2011<\/p>\n<h5>Fecha de publicaci\u00f3n <\/h5>\n<p>01\/08\/2013<\/p>\n<h5>Fecha de concesi\u00f3n <\/h5>\n<p>05\/12\/2013<\/p>\n<div class=\"pdfprnt-buttons pdfprnt-buttons-product pdfprnt-bottom-left\"><a href=\"https:\/\/www.upm.es\/recursosidi\/wp-json\/wp\/v2\/product\/8542?print=pdf\" class=\"pdfprnt-button pdfprnt-button-pdf\" target=\"_blank\"><span class=\"pdfprnt-button-title pdfprnt-button-pdf-title\">Descargar ficha<\/span><\/a><\/div>","protected":false},"excerpt":{"rendered":"<p>Descripci\u00f3n de la patente L\u00e1mpara incandescente de alta eficiencia, procedimiento de fabricaci\u00f3n y dispositivo de control de potencia para la misma. La l\u00e1mpara comprende un&hellip;<\/p>\n","protected":false},"featured_media":0,"template":"","meta":{"_acf_changed":false},"product_cat":[3946],"product_tag":[],"comunidades-upm":[],"quien":[],"mapa":[],"disponibilidad":[],"donde":[{"term_id":558,"name":"Centro de Estudios e Investigaci\u00f3n para la Gesti\u00f3n de Riesgos Agrarios y Medioambientales (CEIGRAM). Centro Mixto UPM-AGROSEGURO-ENESA","slug":"centro-de-estudios-e-investigacion-para-la-gestion-de-riesgos-agrarios-y-medioambientales-ceigram-centro-mixto-upm-agroseguro-enesa","term_group":0,"term_taxonomy_id":558,"taxonomy":"donde","description":"","parent":0,"count":12,"filter":"raw","term_order":"0"},{"term_id":458,"name":"Grupo de Automatizaci\u00f3n en Se\u00f1al y Comunicaciones (GASC)","slug":"grupo-de-automatizacion-en-senal-y-comunicaciones-gasc","term_group":0,"term_taxonomy_id":458,"taxonomy":"donde","description":"","parent":0,"count":11,"filter":"raw","term_order":"0"},{"term_id":316,"name":"Grupo de Sistemas Complejos","slug":"grupo-de-sistemas-complejos","term_group":0,"term_taxonomy_id":316,"taxonomy":"donde","description":"El GSC tiene amplia experiencia en &aacute;reas relacionadas con sistemas complejos, tratamiento de datos masivos, din&aacute;mica no lineal y caos, y es de car&aacute;cter fuertemente interdisciplinar, investigando en &aacute;reas tan variadas como la f&iacute;sica, matem&aacute;ticas, &oacute;ptica, sociolog&iacute;a, medicina, biolog&iacute;a y agroambiental.\n&nbsp;\nEl trabajo que realizamos se centra en las siguientes<strong> l&iacute;neas de investigaci&oacute;n<\/strong>:\n\n<strong>Redes complejas: <\/strong>Modelizaci&oacute;n y estudio del comportamiento de diversos sistemas complejos. Interacciones mutualistas en redes ecol&oacute;gicas, an&aacute;lisis del comportamiento humano en redes sociales (Twitter), movilidad y actividades econ&oacute;micas. Aplicaciones a la cooperaci&oacute;n y el desarrollo en la agricultura.\n<strong>Big Data:<\/strong> Tratamiento, an&aacute;lisis y modelizaci&oacute;n de datos masivos procedentes de redes sociales, de telefon&iacute;a m&oacute;vil, de transporte, del &aacute;rea de la salud, agronom&iacute;a, sensores, smart cities, etc.\n<strong>Aut&oacute;matas Celulares<\/strong>: Estudio de sistemas discretos en todas sus componentes, estructurados espacialmente y con din&aacute;mica sincronizada.\n<strong>Caos Cl&aacute;sico y Cu&aacute;ntico: <\/strong>Leyes de escala y an&aacute;lisis del caos. Estudio de las manifestaciones cu&aacute;nticas de sistemas con din&aacute;mica cl&aacute;sica ca&oacute;tica.\n<strong>Din&aacute;mica No Lineal de Sistemas Continuos<\/strong>: Estudio de la din&aacute;mica no lineal de sistemas distribuidos, como solitones o fen&oacute;menos de inestabilidad, con aplicaci&oacute;n a la &oacute;ptica no lineal y fluidos complejos.\n","parent":0,"count":3,"filter":"raw","term_order":"0"}],"infraestructura":[],"ods":[],"origen":[{"term_id":180,"name":"Patente","slug":"patente","term_group":0,"term_taxonomy_id":180,"taxonomy":"origen","description":"","parent":0,"count":614,"filter":"raw","term_order":"0"}],"familia_tax":false,"quien_tax":false,"donde_tax":false,"year":"","contacto":"<strong>Principales: <\/strong><ul><li>ANA MARIA TARQUIS ALFONSO <blockquote><strong>anamaria.tarquis@upm.es<\/strong><\/blockquote><\/li><li>DIEGO ANDINA DE LA FUENTE <blockquote><strong>d.andina@upm.es<\/strong><\/blockquote><\/li><li>JUAN JIMENEZ TRILLO <blockquote><strong>juan.jimenez@upm.es<\/strong><\/blockquote><\/li><\/ul><strong>Otros inventores: <\/strong><ul><li>Mar\u00eda del CarmenCoya Parraga Universidad Rey Juan Carlos (URJC)<\/li> <li>\u00c1ngel Luis \u00c1lvarez Castillo Universidad Rey Juan Carlos (URJC)<\/li> <\/ul>","telefono":"","pagina_web":"","email":"","id_ficha_portal":"660","video":"","adjuntos":false,"adjuntos_portal":"https:\/\/www.upm.es\/S2i\/Acuse\/recuperarArchivo.jsp?id=660&id_archivo=2179&tipo=patente&extension=fichero ","inf":false,"departamento":"","acf":[],"lang":"es","translation":{"es":8542},"_links":{"self":[{"href":"https:\/\/www.upm.es\/recursosidi\/wp-json\/wp\/v2\/product\/8542"}],"collection":[{"href":"https:\/\/www.upm.es\/recursosidi\/wp-json\/wp\/v2\/product"}],"about":[{"href":"https:\/\/www.upm.es\/recursosidi\/wp-json\/wp\/v2\/types\/product"}],"wp:attachment":[{"href":"https:\/\/www.upm.es\/recursosidi\/wp-json\/wp\/v2\/media?parent=8542"}],"wp:term":[{"taxonomy":"product_cat","embeddable":true,"href":"https:\/\/www.upm.es\/recursosidi\/wp-json\/wp\/v2\/product_cat?post=8542"},{"taxonomy":"product_tag","embeddable":true,"href":"https:\/\/www.upm.es\/recursosidi\/wp-json\/wp\/v2\/product_tag?post=8542"},{"taxonomy":"comunidad_upm","embeddable":true,"href":"https:\/\/www.upm.es\/recursosidi\/wp-json\/wp\/v2\/comunidades-upm?post=8542"},{"taxonomy":"quien","embeddable":true,"href":"https:\/\/www.upm.es\/recursosidi\/wp-json\/wp\/v2\/quien?post=8542"},{"taxonomy":"mapa","embeddable":true,"href":"https:\/\/www.upm.es\/recursosidi\/wp-json\/wp\/v2\/mapa?post=8542"},{"taxonomy":"disponibilidad","embeddable":true,"href":"https:\/\/www.upm.es\/recursosidi\/wp-json\/wp\/v2\/disponibilidad?post=8542"},{"taxonomy":"donde","embeddable":true,"href":"https:\/\/www.upm.es\/recursosidi\/wp-json\/wp\/v2\/donde?post=8542"},{"taxonomy":"infraestructura","embeddable":true,"href":"https:\/\/www.upm.es\/recursosidi\/wp-json\/wp\/v2\/infraestructura?post=8542"},{"taxonomy":"ods","embeddable":true,"href":"https:\/\/www.upm.es\/recursosidi\/wp-json\/wp\/v2\/ods?post=8542"},{"taxonomy":"origen","embeddable":true,"href":"https:\/\/www.upm.es\/recursosidi\/wp-json\/wp\/v2\/origen?post=8542"}],"curies":[{"name":"wp","href":"https:\/\/api.w.org\/{rel}","templated":true}]}}