{"id":8543,"date":"2021-11-25T14:11:55","date_gmt":"2021-11-25T13:11:55","guid":{"rendered":"https:\/\/www.upm.es\/recursosidi\/offers-resources\/sin categor\u00eda\/metodo-de-guiado-de-dispositivos-roboticos-teleoperados-para-alternar-modo-de-control-en-posicion-y-modo-de-control-en-velocidad\/"},"modified":"2022-08-10T02:10:09","modified_gmt":"2022-08-10T00:10:09","slug":"metodo-de-guiado-de-dispositivos-roboticos-teleoperados-para-alternar-modo-de-control-en-posicion-y-modo-de-control-en-velocidad","status":"publish","type":"product","link":"https:\/\/www.upm.es\/recursosidi\/offers-resources\/patentes\/metodo-de-guiado-de-dispositivos-roboticos-teleoperados-para-alternar-modo-de-control-en-posicion-y-modo-de-control-en-velocidad\/","title":{"rendered":"M\u00e9todo de guiado de dispositivos rob\u00f3ticos teleoperados para alternar modo de control en posici\u00f3n y modo de control en velocidad"},"content":{"rendered":"<h5>Descripci\u00f3n de la patente <\/h5>\n<p>M\u00c9TODO DE GUIADO DE DISPOSITIVOS ROB\u00d3TICOS<br \/>\nTELEOPERADOS PARA ALTERNAR MODO DE CONTROL EN POSICI\u00d3N Y MODO DE CONTROL EN VELOCIDAD, que comprende la adaptaci\u00f3n del dispositivo maestro dividiendo su zona de trabajo en regi\u00f3n interna donde se implementa el modo de control en posici\u00f3n del robot esclavo, y regi\u00f3n externa donde se implementa el modo de control en velocidad; utilizaci\u00f3n de una red de comunicaciones para transmitir \u00f3rdenes de movimiento y fuerzas ejercidas por ambos dispositivos; adaptaci\u00f3n del dispositivo maestro para que produzca efectos de vibraci\u00f3n en las transiciones entre regi\u00f3n interna y externa, indicando el cambio de un modo de control a otro.El cambio de un modo de control a otro se produce de forma que se garantiza el funcionamiento estable de los dispositivos y la m\u00e1xima telepropriocepci\u00f3n para el operador.<\/p>\n<h5>Situaci\u00f3n <\/h5>\n<p>Concedida<\/p>\n<h5>N\u00famero de solicitud<\/h5>\n<p>P201132146<\/p>\n<h5>N\u00famero de publicaci\u00f3n<\/h5>\n<p>ES2416931<\/p>\n<h5>Fecha de presentaci\u00f3n <\/h5>\n<p>30\/12\/2011<\/p>\n<h5>Fecha de concesi\u00f3n <\/h5>\n<p>11\/02\/2014<\/p>\n<div class=\"pdfprnt-buttons pdfprnt-buttons-product pdfprnt-bottom-left\"><a href=\"https:\/\/www.upm.es\/recursosidi\/wp-json\/wp\/v2\/product\/8543?print=pdf\" class=\"pdfprnt-button pdfprnt-button-pdf\" target=\"_blank\"><span class=\"pdfprnt-button-title pdfprnt-button-pdf-title\">Descargar ficha<\/span><\/a><\/div>","protected":false},"excerpt":{"rendered":"<p>Descripci\u00f3n de la patente M\u00c9TODO DE GUIADO DE DISPOSITIVOS ROB\u00d3TICOS TELEOPERADOS PARA ALTERNAR MODO DE CONTROL EN POSICI\u00d3N Y MODO DE CONTROL EN VELOCIDAD, que&hellip;<\/p>\n","protected":false},"featured_media":0,"template":"","meta":{"_acf_changed":false},"product_cat":[3946],"product_tag":[],"comunidades-upm":[],"quien":[],"mapa":[],"disponibilidad":[],"donde":[{"term_id":576,"name":"Centro de Autom\u00e1tica y Rob\u00f3tica (CAR). Centro Mixto UPM-CSIC","slug":"centro-de-automatica-y-robotica-car-centro-mixto-upm-csic","term_group":0,"term_taxonomy_id":576,"taxonomy":"donde","description":"","parent":0,"count":42,"filter":"raw","term_order":"0"},{"term_id":360,"name":"Robots y m\u00e1quinas inteligentes","slug":"robots-y-maquinas-inteligentes","term_group":0,"term_taxonomy_id":360,"taxonomy":"donde","description":"","parent":0,"count":22,"filter":"raw","term_order":"0"}],"infraestructura":[],"ods":[],"origen":[{"term_id":180,"name":"Patente","slug":"patente","term_group":0,"term_taxonomy_id":180,"taxonomy":"origen","description":"","parent":0,"count":614,"filter":"raw","term_order":"0"}],"familia_tax":false,"quien_tax":false,"donde_tax":false,"year":"","contacto":"<strong>Principales: <\/strong><ul><li>RAFAEL ARACIL SANTONJA <blockquote><strong>rafael.aracil@upm.es<\/strong><\/blockquote><\/li><li>JORGE BARRIO GRAGERA <blockquote><strong>jordi.barrio@upm.es<\/strong><\/blockquote><\/li><li>Francisco Alejandro Suarez Ruiz <blockquote><strong>fa.suarez@upm.es<\/strong><\/blockquote><\/li><li>MANUEL FERRE PEREZ <blockquote><strong>m.ferre@upm.es<\/strong><\/blockquote><\/li><\/ul>","telefono":"","pagina_web":"","email":"","id_ficha_portal":"662","video":"","adjuntos":false,"adjuntos_portal":"https:\/\/www.upm.es\/S2i\/Acuse\/recuperarArchivo.jsp?id=662&id_archivo=2370&tipo=patente&extension=fichero ","inf":false,"departamento":"","acf":[],"lang":"es","translation":{"es":8543},"_links":{"self":[{"href":"https:\/\/www.upm.es\/recursosidi\/wp-json\/wp\/v2\/product\/8543"}],"collection":[{"href":"https:\/\/www.upm.es\/recursosidi\/wp-json\/wp\/v2\/product"}],"about":[{"href":"https:\/\/www.upm.es\/recursosidi\/wp-json\/wp\/v2\/types\/product"}],"wp:attachment":[{"href":"https:\/\/www.upm.es\/recursosidi\/wp-json\/wp\/v2\/media?parent=8543"}],"wp:term":[{"taxonomy":"product_cat","embeddable":true,"href":"https:\/\/www.upm.es\/recursosidi\/wp-json\/wp\/v2\/product_cat?post=8543"},{"taxonomy":"product_tag","embeddable":true,"href":"https:\/\/www.upm.es\/recursosidi\/wp-json\/wp\/v2\/product_tag?post=8543"},{"taxonomy":"comunidad_upm","embeddable":true,"href":"https:\/\/www.upm.es\/recursosidi\/wp-json\/wp\/v2\/comunidades-upm?post=8543"},{"taxonomy":"quien","embeddable":true,"href":"https:\/\/www.upm.es\/recursosidi\/wp-json\/wp\/v2\/quien?post=8543"},{"taxonomy":"mapa","embeddable":true,"href":"https:\/\/www.upm.es\/recursosidi\/wp-json\/wp\/v2\/mapa?post=8543"},{"taxonomy":"disponibilidad","embeddable":true,"href":"https:\/\/www.upm.es\/recursosidi\/wp-json\/wp\/v2\/disponibilidad?post=8543"},{"taxonomy":"donde","embeddable":true,"href":"https:\/\/www.upm.es\/recursosidi\/wp-json\/wp\/v2\/donde?post=8543"},{"taxonomy":"infraestructura","embeddable":true,"href":"https:\/\/www.upm.es\/recursosidi\/wp-json\/wp\/v2\/infraestructura?post=8543"},{"taxonomy":"ods","embeddable":true,"href":"https:\/\/www.upm.es\/recursosidi\/wp-json\/wp\/v2\/ods?post=8543"},{"taxonomy":"origen","embeddable":true,"href":"https:\/\/www.upm.es\/recursosidi\/wp-json\/wp\/v2\/origen?post=8543"}],"curies":[{"name":"wp","href":"https:\/\/api.w.org\/{rel}","templated":true}]}}