{"id":8544,"date":"2021-11-25T14:11:57","date_gmt":"2021-11-25T13:11:57","guid":{"rendered":"https:\/\/www.upm.es\/recursosidi\/offers-resources\/sin categor\u00eda\/central-solar-termica-para-generacion-directa-de-vapor\/"},"modified":"2022-08-10T02:10:12","modified_gmt":"2022-08-10T00:10:12","slug":"central-solar-termica-para-generacion-directa-de-vapor","status":"publish","type":"product","link":"https:\/\/www.upm.es\/recursosidi\/offers-resources\/patentes\/central-solar-termica-para-generacion-directa-de-vapor\/","title":{"rendered":"Central solar t\u00e9rmica para generaci\u00f3n directa de vapor"},"content":{"rendered":"<h5>Descripci\u00f3n de la patente <\/h5>\n<p>Central solar t\u00e9rmica para generaci\u00f3n directa de vapor<br \/>\nCentral de m\u00f3dulos de colectores solares (15) que concentran la radiaci\u00f3n sobre una pluralidad de tubos (11) por cuyo interior circula un fluido que en parte se convierte en vapor, existiendo tras cada m\u00f3dulo un tambor (16) de separaci\u00f3n bif\u00e1sica, del cual emerge el vapor por su parte superior, por un conducto (18) que lo lleva a la turbina (2), saliendo la fase l\u00edquida para entrar en el siguiente m\u00f3dulo, antes de lo cual se complementa con aportaci\u00f3n de l\u00edquido igual a lo evaporado en el m\u00f3dulo anterior, y se presuriza al nivel que le permita al vapor subsiguiente ir por su conducto (18) desde el tambor (16) de separaci\u00f3n hasta la turbina (2). Tras su paso por \u00e9sta y el condensador (4), se bombea el condensado para volver a ser inyectado en los m\u00f3dulos de colector.<\/p>\n<h5>Situaci\u00f3n <\/h5>\n<p>Concedida<\/p>\n<h5>N\u00famero de solicitud<\/h5>\n<p>P201101058<\/p>\n<h5>N\u00famero de publicaci\u00f3n<\/h5>\n<p>ES2373902<\/p>\n<h5>Fecha de presentaci\u00f3n <\/h5>\n<p>28\/09\/2011<\/p>\n<h5>Fecha de concesi\u00f3n <\/h5>\n<p>22\/05\/2012<\/p>\n<div class=\"pdfprnt-buttons pdfprnt-buttons-product pdfprnt-bottom-left\"><a href=\"https:\/\/www.upm.es\/recursosidi\/wp-json\/wp\/v2\/product\/8544?print=pdf\" class=\"pdfprnt-button pdfprnt-button-pdf\" target=\"_blank\"><span class=\"pdfprnt-button-title pdfprnt-button-pdf-title\">Descargar ficha<\/span><\/a><\/div>","protected":false},"excerpt":{"rendered":"<p>Descripci\u00f3n de la patente Central solar t\u00e9rmica para generaci\u00f3n directa de vapor Central de m\u00f3dulos de colectores solares (15) que concentran la radiaci\u00f3n sobre una&hellip;<\/p>\n","protected":false},"featured_media":0,"template":"","meta":{"_acf_changed":false},"product_cat":[3946],"product_tag":[],"comunidades-upm":[],"quien":[],"mapa":[],"disponibilidad":[],"donde":[{"term_id":238,"name":"Instituto de Fusi\u00f3n Nuclear \"Guillermo Velarde\" (IFN-GV)","slug":"instituto-de-fusion-nuclear-guillermo-velarde-ifn-gv","term_group":0,"term_taxonomy_id":238,"taxonomy":"donde","description":"","parent":0,"count":57,"filter":"raw","term_order":"0"},{"term_id":390,"name":"Thermal Energy for Sustainability","slug":"thermal-energy-for-sustainability","term_group":0,"term_taxonomy_id":390,"taxonomy":"donde","description":"","parent":0,"count":57,"filter":"raw","term_order":"0"}],"infraestructura":[],"ods":[],"origen":[{"term_id":180,"name":"Patente","slug":"patente","term_group":0,"term_taxonomy_id":180,"taxonomy":"origen","description":"","parent":0,"count":614,"filter":"raw","term_order":"0"}],"familia_tax":false,"quien_tax":false,"donde_tax":false,"year":"","contacto":"<strong>Principales: <\/strong><ul><li>ALBERTO RAMOS MILLAN <blockquote><strong>alberto.ramos@upm.es<\/strong><\/blockquote><\/li><li>JOSE MARIA MARTINEZ-VAL PE\u00d1ALOSA <blockquote><strong>josemaria.martinezval@upm.es<\/strong><\/blockquote><\/li><li>MANUEL VALDES DEL FRESNO <blockquote><strong>manuel.valdes@upm.es<\/strong><\/blockquote><\/li><li>ALBERTO ABANADES VELASCO <blockquote><strong>alberto.abanades@upm.es<\/strong><\/blockquote><\/li><li>JAVIER MU\u00d1OZ ANTON <blockquote><strong>javier.munoz.anton@upm.es<\/strong><\/blockquote><\/li><li>RAFAEL RUBEN AMENGUAL MATAS <blockquote><strong>ruben.amengual@upm.es<\/strong><\/blockquote><\/li><\/ul><strong>Otros inventores UPM: <\/strong><ul><li>Rub\u00e9n Abbas C\u00e1mara<\/li><\/ul><strong>Otros inventores: <\/strong><ul><li>AntonioRovira de Antonio <blockquote><strong>rovira@ind.uned.es<\/strong><\/blockquote> Universidad Nacional de Educacion a Distancia (UNED)<\/li> <li>MireiaPierra Carret\u00e9 <blockquote><strong>mpiera@ind.uned.es<\/strong><\/blockquote> Universidad Nacional de Educacion a Distancia (UNED)<\/li> <li>Mar\u00eda Jos\u00e9 Montes Pita <blockquote><strong>mjmontes@etsii.upm.es<\/strong><\/blockquote> Universidad Nacional de Educacion a Distancia (UNED)<\/li> <\/ul>","telefono":"","pagina_web":"","email":"","id_ficha_portal":"636","video":"","adjuntos":false,"adjuntos_portal":"https:\/\/www.upm.es\/S2i\/Acuse\/recuperarArchivo.jsp?id=636&id_archivo=711&tipo=patente&extension=fichero ","inf":false,"departamento":"","acf":[],"lang":"es","translation":{"es":8544},"_links":{"self":[{"href":"https:\/\/www.upm.es\/recursosidi\/wp-json\/wp\/v2\/product\/8544"}],"collection":[{"href":"https:\/\/www.upm.es\/recursosidi\/wp-json\/wp\/v2\/product"}],"about":[{"href":"https:\/\/www.upm.es\/recursosidi\/wp-json\/wp\/v2\/types\/product"}],"wp:attachment":[{"href":"https:\/\/www.upm.es\/recursosidi\/wp-json\/wp\/v2\/media?parent=8544"}],"wp:term":[{"taxonomy":"product_cat","embeddable":true,"href":"https:\/\/www.upm.es\/recursosidi\/wp-json\/wp\/v2\/product_cat?post=8544"},{"taxonomy":"product_tag","embeddable":true,"href":"https:\/\/www.upm.es\/recursosidi\/wp-json\/wp\/v2\/product_tag?post=8544"},{"taxonomy":"comunidad_upm","embeddable":true,"href":"https:\/\/www.upm.es\/recursosidi\/wp-json\/wp\/v2\/comunidades-upm?post=8544"},{"taxonomy":"quien","embeddable":true,"href":"https:\/\/www.upm.es\/recursosidi\/wp-json\/wp\/v2\/quien?post=8544"},{"taxonomy":"mapa","embeddable":true,"href":"https:\/\/www.upm.es\/recursosidi\/wp-json\/wp\/v2\/mapa?post=8544"},{"taxonomy":"disponibilidad","embeddable":true,"href":"https:\/\/www.upm.es\/recursosidi\/wp-json\/wp\/v2\/disponibilidad?post=8544"},{"taxonomy":"donde","embeddable":true,"href":"https:\/\/www.upm.es\/recursosidi\/wp-json\/wp\/v2\/donde?post=8544"},{"taxonomy":"infraestructura","embeddable":true,"href":"https:\/\/www.upm.es\/recursosidi\/wp-json\/wp\/v2\/infraestructura?post=8544"},{"taxonomy":"ods","embeddable":true,"href":"https:\/\/www.upm.es\/recursosidi\/wp-json\/wp\/v2\/ods?post=8544"},{"taxonomy":"origen","embeddable":true,"href":"https:\/\/www.upm.es\/recursosidi\/wp-json\/wp\/v2\/origen?post=8544"}],"curies":[{"name":"wp","href":"https:\/\/api.w.org\/{rel}","templated":true}]}}