{"id":8557,"date":"2021-11-25T14:12:29","date_gmt":"2021-11-25T13:12:29","guid":{"rendered":"https:\/\/www.upm.es\/recursosidi\/offers-resources\/sin categor\u00eda\/procedimiento-de-mejora-del-rendimiento-del-accionamiento-de-maquinas-existentes-accionadas-mediante-pinon-corona-dentada-y-sistema-de-accionamiento\/"},"modified":"2022-08-10T02:10:47","modified_gmt":"2022-08-10T00:10:47","slug":"procedimiento-de-mejora-del-rendimiento-del-accionamiento-de-maquinas-existentes-accionadas-mediante-pinon-corona-dentada-y-sistema-de-accionamiento","status":"publish","type":"product","link":"https:\/\/www.upm.es\/recursosidi\/offers-resources\/patentes\/procedimiento-de-mejora-del-rendimiento-del-accionamiento-de-maquinas-existentes-accionadas-mediante-pinon-corona-dentada-y-sistema-de-accionamiento\/","title":{"rendered":"Procedimiento de mejora del rendimiento del accionamiento de m\u00e1quinas existentes accionadas mediante pi\u00f1\u00f3n-corona dentada y sistema de accionamiento"},"content":{"rendered":"<h5>Descripci\u00f3n de la patente <\/h5>\n<p>Procedimiento de mejora del rendimiento del accionamiento de m\u00e1quinas existentes que son accionadas por un conjunto pi\u00f1\u00f3n-corona dentada y sistema de accionamiento, que comprende las etapas de:<br \/>\n &#8211; Desmontar al menos el motor el\u00e9ctrico y el pi\u00f1\u00f3n, manteniendo la corona dentada fija a la m\u00e1quina existente,<br \/>\n &#8211; Montar sobre la corona dentada medios magn\u00e9ticos complementarios al dentado de la corona dentada,<br \/>\n &#8211; Montar posteriormente sobre los medios magn\u00e9ticos una carcasa que contendr\u00e1 un estator el\u00e9ctrico convencional conc\u00e9ntrico a la corona dentada,<br \/>\nobteniendo as\u00ed un sistema de accionamiento de una m\u00e1quina existente a la que se le ha desmontado el pi\u00f1\u00f3n y motor el\u00e9ctrico de accionamiento de la corona dentada que comprende medios magn\u00e9ticos complementarios al dentado de la corona dentada y un estator el\u00e9ctrico conc\u00e9ntrico a la corona dentada.<\/p>\n<h5>Situaci\u00f3n <\/h5>\n<p>Concedida<\/p>\n<h5>N\u00famero de solicitud<\/h5>\n<p>P201131514<\/p>\n<h5>N\u00famero de publicaci\u00f3n<\/h5>\n<p>ES2378634<\/p>\n<h5>Fecha de presentaci\u00f3n <\/h5>\n<p>20\/09\/2011<\/p>\n<h5>Fecha de concesi\u00f3n <\/h5>\n<p>28\/09\/2012<\/p>\n<div class=\"pdfprnt-buttons pdfprnt-buttons-product pdfprnt-bottom-left\"><a href=\"https:\/\/www.upm.es\/recursosidi\/wp-json\/wp\/v2\/product\/8557?print=pdf\" class=\"pdfprnt-button pdfprnt-button-pdf\" target=\"_blank\"><span class=\"pdfprnt-button-title pdfprnt-button-pdf-title\">Descargar ficha<\/span><\/a><\/div>","protected":false},"excerpt":{"rendered":"<p>Descripci\u00f3n de la patente Procedimiento de mejora del rendimiento del accionamiento de m\u00e1quinas existentes que son accionadas por un conjunto pi\u00f1\u00f3n-corona dentada y sistema de&hellip;<\/p>\n","protected":false},"featured_media":0,"template":"","meta":{"_acf_changed":false},"product_cat":[3946],"product_tag":[],"comunidades-upm":[],"quien":[],"mapa":[],"disponibilidad":[],"donde":[{"term_id":374,"name":"Generaci\u00f3n el\u00e9ctrica con energ\u00eda e\u00f3lica","slug":"generacion-electrica-con-energia-eolica","term_group":0,"term_taxonomy_id":374,"taxonomy":"donde","description":"","parent":0,"count":70,"filter":"raw","term_order":"0"}],"infraestructura":[],"ods":[],"origen":[{"term_id":180,"name":"Patente","slug":"patente","term_group":0,"term_taxonomy_id":180,"taxonomy":"origen","description":"","parent":0,"count":614,"filter":"raw","term_order":"0"}],"familia_tax":false,"quien_tax":false,"donde_tax":false,"year":"","contacto":"<strong>Principales: <\/strong><ul><li>FRANCISCO BLAZQUEZ GARCIA <blockquote><strong>francisco.blazquez@upm.es<\/strong><\/blockquote><\/li><li>EMILIO DAVID REBOLLO LOPEZ <blockquote><strong>emilio.rebollo.lopez@upm.es<\/strong><\/blockquote><\/li><li>Francisco Bl\u00e1nquez Delgado <blockquote><strong><\/strong><\/blockquote><\/li><li>CARLOS ANTONIO PLATERO GAONA <blockquote><strong>carlosantonio.platero@upm.es<\/strong><\/blockquote><\/li><\/ul>","telefono":"","pagina_web":"","email":"","id_ficha_portal":"635","video":"","adjuntos":false,"adjuntos_portal":"https:\/\/www.upm.es\/S2i\/Acuse\/recuperarArchivo.jsp?id=635&id_archivo=1758&tipo=patente&extension=fichero ","inf":false,"departamento":"","acf":[],"lang":"es","translation":{"es":8557},"_links":{"self":[{"href":"https:\/\/www.upm.es\/recursosidi\/wp-json\/wp\/v2\/product\/8557"}],"collection":[{"href":"https:\/\/www.upm.es\/recursosidi\/wp-json\/wp\/v2\/product"}],"about":[{"href":"https:\/\/www.upm.es\/recursosidi\/wp-json\/wp\/v2\/types\/product"}],"wp:attachment":[{"href":"https:\/\/www.upm.es\/recursosidi\/wp-json\/wp\/v2\/media?parent=8557"}],"wp:term":[{"taxonomy":"product_cat","embeddable":true,"href":"https:\/\/www.upm.es\/recursosidi\/wp-json\/wp\/v2\/product_cat?post=8557"},{"taxonomy":"product_tag","embeddable":true,"href":"https:\/\/www.upm.es\/recursosidi\/wp-json\/wp\/v2\/product_tag?post=8557"},{"taxonomy":"comunidad_upm","embeddable":true,"href":"https:\/\/www.upm.es\/recursosidi\/wp-json\/wp\/v2\/comunidades-upm?post=8557"},{"taxonomy":"quien","embeddable":true,"href":"https:\/\/www.upm.es\/recursosidi\/wp-json\/wp\/v2\/quien?post=8557"},{"taxonomy":"mapa","embeddable":true,"href":"https:\/\/www.upm.es\/recursosidi\/wp-json\/wp\/v2\/mapa?post=8557"},{"taxonomy":"disponibilidad","embeddable":true,"href":"https:\/\/www.upm.es\/recursosidi\/wp-json\/wp\/v2\/disponibilidad?post=8557"},{"taxonomy":"donde","embeddable":true,"href":"https:\/\/www.upm.es\/recursosidi\/wp-json\/wp\/v2\/donde?post=8557"},{"taxonomy":"infraestructura","embeddable":true,"href":"https:\/\/www.upm.es\/recursosidi\/wp-json\/wp\/v2\/infraestructura?post=8557"},{"taxonomy":"ods","embeddable":true,"href":"https:\/\/www.upm.es\/recursosidi\/wp-json\/wp\/v2\/ods?post=8557"},{"taxonomy":"origen","embeddable":true,"href":"https:\/\/www.upm.es\/recursosidi\/wp-json\/wp\/v2\/origen?post=8557"}],"curies":[{"name":"wp","href":"https:\/\/api.w.org\/{rel}","templated":true}]}}