{"id":8564,"date":"2021-11-25T14:12:46","date_gmt":"2021-11-25T13:12:46","guid":{"rendered":"https:\/\/www.upm.es\/recursosidi\/offers-resources\/sin categor\u00eda\/panel-acristalado-modular-para-edificaciones\/"},"modified":"2022-08-10T02:11:07","modified_gmt":"2022-08-10T00:11:07","slug":"panel-acristalado-modular-para-edificaciones","status":"publish","type":"product","link":"https:\/\/www.upm.es\/recursosidi\/offers-resources\/patentes\/panel-acristalado-modular-para-edificaciones\/","title":{"rendered":"Panel acristalado modular para edificaciones"},"content":{"rendered":"<h5>Descripci\u00f3n de la patente <\/h5>\n<p>Panel acristalado modular para edificaciones, que tiene un bastidor estructural (11) en el que van fijadas una ventana exterior (2) y una ventana interior (4), con una c\u0161\u00a2mara de aire (3) entre ambas, junto con medios de intercambio de calor para el tratamiento del aire que circula por la c\u00e1mara de aire (3), y medios de circulaci\u00f3n de aire, que hacen circular el aire por la c\u00e1mara de aire (3) y los medios de intercambio de calor, o bien entre la c\u00e1mara de aire (3) y el interior de la edificaci\u00f3n (12). Adicionalmente, el panel acristalado modular para edificaciones tiene medios de protecci\u00f3n solar (1) automatizados dispuestos en el exterior del bastidor estructural (11), los cuales impiden en diferentes grados la incidencia de la radiaci\u00f3n solar sobre el bastidor estructural (11).<\/p>\n<h5>Situaci\u00f3n <\/h5>\n<p>Concedida<\/p>\n<h5>N\u00famero de solicitud<\/h5>\n<p>P201230586<\/p>\n<h5>N\u00famero de publicaci\u00f3n<\/h5>\n<p>ES2387278<\/p>\n<h5>Fecha de presentaci\u00f3n <\/h5>\n<p>20\/04\/2012<\/p>\n<h5>Fecha de concesi\u00f3n <\/h5>\n<p>25\/04\/2013<\/p>\n<div class=\"pdfprnt-buttons pdfprnt-buttons-product pdfprnt-bottom-left\"><a href=\"https:\/\/www.upm.es\/recursosidi\/wp-json\/wp\/v2\/product\/8564?print=pdf\" class=\"pdfprnt-button pdfprnt-button-pdf\" target=\"_blank\"><span class=\"pdfprnt-button-title pdfprnt-button-pdf-title\">Descargar ficha<\/span><\/a><\/div>","protected":false},"excerpt":{"rendered":"<p>Descripci\u00f3n de la patente Panel acristalado modular para edificaciones, que tiene un bastidor estructural (11) en el que van fijadas una ventana exterior (2) y&hellip;<\/p>\n","protected":false},"featured_media":0,"template":"","meta":{"_acf_changed":false},"product_cat":[3946],"product_tag":[],"comunidades-upm":[],"quien":[],"mapa":[],"disponibilidad":[],"donde":[{"term_id":264,"name":"T\u00e9cnicas Innovadoras y Sostenibles en la Edificaci\u00f3n","slug":"tecnicas-innovadoras-y-sostenibles-en-la-edificacion","term_group":0,"term_taxonomy_id":264,"taxonomy":"donde","description":"","parent":0,"count":13,"filter":"raw","term_order":"0"}],"infraestructura":[],"ods":[],"origen":[{"term_id":180,"name":"Patente","slug":"patente","term_group":0,"term_taxonomy_id":180,"taxonomy":"origen","description":"","parent":0,"count":614,"filter":"raw","term_order":"0"}],"familia_tax":false,"quien_tax":false,"donde_tax":false,"year":"","contacto":"<strong>Principales: <\/strong><ul><li>CESAR BEDOYA FRUTOS <blockquote><strong>cesar.bedoya@upm.es<\/strong><\/blockquote><\/li><li>ALFONSO GARCIA SANTOS <blockquote><strong>alfonso.garciasantos@upm.es<\/strong><\/blockquote><\/li><li>SERGIO VEGA SANCHEZ <blockquote><strong>sergio.vega@upm.es<\/strong><\/blockquote><\/li><li>BEATRIZ ARRANZ ARRANZ <blockquote><strong>beatriz.arranz@upm.es<\/strong><\/blockquote><\/li><\/ul><strong>Otros inventores UPM: <\/strong><ul><li>Elda Delgado Garcia<\/li><\/ul>","telefono":"","pagina_web":"","email":"","id_ficha_portal":"685","video":"","adjuntos":false,"adjuntos_portal":"https:\/\/www.upm.es\/S2i\/Acuse\/recuperarArchivo.jsp?id=685&id_archivo=2211&tipo=patente&extension=fichero ","inf":false,"departamento":"","acf":[],"lang":"es","translation":{"es":8564},"_links":{"self":[{"href":"https:\/\/www.upm.es\/recursosidi\/wp-json\/wp\/v2\/product\/8564"}],"collection":[{"href":"https:\/\/www.upm.es\/recursosidi\/wp-json\/wp\/v2\/product"}],"about":[{"href":"https:\/\/www.upm.es\/recursosidi\/wp-json\/wp\/v2\/types\/product"}],"wp:attachment":[{"href":"https:\/\/www.upm.es\/recursosidi\/wp-json\/wp\/v2\/media?parent=8564"}],"wp:term":[{"taxonomy":"product_cat","embeddable":true,"href":"https:\/\/www.upm.es\/recursosidi\/wp-json\/wp\/v2\/product_cat?post=8564"},{"taxonomy":"product_tag","embeddable":true,"href":"https:\/\/www.upm.es\/recursosidi\/wp-json\/wp\/v2\/product_tag?post=8564"},{"taxonomy":"comunidad_upm","embeddable":true,"href":"https:\/\/www.upm.es\/recursosidi\/wp-json\/wp\/v2\/comunidades-upm?post=8564"},{"taxonomy":"quien","embeddable":true,"href":"https:\/\/www.upm.es\/recursosidi\/wp-json\/wp\/v2\/quien?post=8564"},{"taxonomy":"mapa","embeddable":true,"href":"https:\/\/www.upm.es\/recursosidi\/wp-json\/wp\/v2\/mapa?post=8564"},{"taxonomy":"disponibilidad","embeddable":true,"href":"https:\/\/www.upm.es\/recursosidi\/wp-json\/wp\/v2\/disponibilidad?post=8564"},{"taxonomy":"donde","embeddable":true,"href":"https:\/\/www.upm.es\/recursosidi\/wp-json\/wp\/v2\/donde?post=8564"},{"taxonomy":"infraestructura","embeddable":true,"href":"https:\/\/www.upm.es\/recursosidi\/wp-json\/wp\/v2\/infraestructura?post=8564"},{"taxonomy":"ods","embeddable":true,"href":"https:\/\/www.upm.es\/recursosidi\/wp-json\/wp\/v2\/ods?post=8564"},{"taxonomy":"origen","embeddable":true,"href":"https:\/\/www.upm.es\/recursosidi\/wp-json\/wp\/v2\/origen?post=8564"}],"curies":[{"name":"wp","href":"https:\/\/api.w.org\/{rel}","templated":true}]}}

https://www.upm.es/recursosidi/offers-resources/sin categoría/panel-acristalado-modular-para-edificaciones/

<h5>Descripción de la patente </h5>
<p>Panel acristalado modular para edificaciones, que tiene un bastidor estructural (11) en el que van fijadas una ventana exterior (2) y una ventana interior (4), con una cš¢mara de aire (3) entre ambas, junto con medios de intercambio de calor para el tratamiento del aire que circula por la cámara de aire (3), y medios de circulación de aire, que hacen circular el aire por la cámara de aire (3) y los medios de intercambio de calor, o bien entre la cámara de aire (3) y el interior de la edificación (12). Adicionalmente, el panel acristalado modular para edificaciones tiene medios de protección solar (1) automatizados dispuestos en el exterior del bastidor estructural (11), los cuales impiden en diferentes grados la incidencia de la radiación solar sobre el bastidor estructural (11).</p>
<h5>Situación </h5>
<p>Concedida</p>
<h5>Número de solicitud</h5>
<p>P201230586</p>
<h5>Número de publicación</h5>
<p>ES2387278</p>
<h5>Fecha de presentación </h5>
<p>20/04/2012</p>
<h5>Fecha de concesión </h5>
<p>25/04/2013</p>
<div class="pdfprnt-buttons pdfprnt-buttons-product pdfprnt-bottom-left"><a href="https://www.upm.es/recursosidi/wp-json/wp/v2/product/8564?print=pdf" class="pdfprnt-button pdfprnt-button-pdf" target="_blank"><span class="pdfprnt-button-title pdfprnt-button-pdf-title">Descargar ficha</span></a></div>

<p>Descripción de la patente Panel acristalado modular para edificaciones, que tiene un bastidor estructural (11) en el que van fijadas una ventana exterior (2) y&hellip;</p>

Técnicas Innovadoras y Sostenibles en la Edificación
