{"id":8572,"date":"2021-11-25T14:13:05","date_gmt":"2021-11-25T13:13:05","guid":{"rendered":"https:\/\/www.upm.es\/recursosidi\/offers-resources\/sin categor\u00eda\/dispositivo-portable-para-registrar-niveles-de-radiacion-electomagnetica\/"},"modified":"2022-08-10T02:11:29","modified_gmt":"2022-08-10T00:11:29","slug":"dispositivo-portable-para-registrar-niveles-de-radiacion-electomagnetica","status":"publish","type":"product","link":"https:\/\/www.upm.es\/recursosidi\/offers-resources\/patentes\/dispositivo-portable-para-registrar-niveles-de-radiacion-electomagnetica\/","title":{"rendered":"Dispositivo portable para registrar niveles de radiaci\u00f3n electomagn\u00e9tica"},"content":{"rendered":"<h5>Descripci\u00f3n de la patente <\/h5>\n<p>Dispositivo port\u00e1til para registrar los niveles de radiaci\u00f3n electromagn\u00e9tica a los que se expone una persona. El dispositivo incluye un procesador (5) que selecciona la banda de frecuencia de medici\u00f3n de la intensidad electromagn\u00e9tica de un receptor de radiaci\u00f3n electromagn\u00e9tica, un medidor de la intensidad electromagn\u00e9tica (15) recibida. El receptor de radiaci\u00f3n electromagn\u00e9tica comprende una pluralidad de antenas lambda-cuartos (10) combinables para establecer una pluralidad de bandas de frecuencias de medici\u00f3n. El procesador (5) almacena en una memoria (6) el nivel de intensidad medido en la banda de frecuencias correspondiente para posteriormente permitir su an\u00e1lisis. El sistema tambi\u00e9n puede registrar informaci\u00f3n temporal y espacial relacionada con la medici\u00f3n realizada para un mejor an\u00e1lisis de la exposici\u00f3n a la realizaci\u00f3n<\/p>\n<h5>Situaci\u00f3n <\/h5>\n<p>Concedida<\/p>\n<h5>N\u00famero de solicitud<\/h5>\n<p>P201230297<\/p>\n<h5>N\u00famero de publicaci\u00f3n<\/h5>\n<p>ES2378796<\/p>\n<h5>Fecha de presentaci\u00f3n <\/h5>\n<p>28\/02\/2012<\/p>\n<h5>Fecha de concesi\u00f3n <\/h5>\n<p>23\/08\/2012<\/p>\n<div class=\"pdfprnt-buttons pdfprnt-buttons-product pdfprnt-bottom-left\"><a href=\"https:\/\/www.upm.es\/recursosidi\/wp-json\/wp\/v2\/product\/8572?print=pdf\" class=\"pdfprnt-button pdfprnt-button-pdf\" target=\"_blank\"><span class=\"pdfprnt-button-title pdfprnt-button-pdf-title\">Descargar ficha<\/span><\/a><\/div>","protected":false},"excerpt":{"rendered":"<p>Descripci\u00f3n de la patente Dispositivo port\u00e1til para registrar los niveles de radiaci\u00f3n electromagn\u00e9tica a los que se expone una persona. El dispositivo incluye un procesador&hellip;<\/p>\n","protected":false},"featured_media":0,"template":"","meta":{"_acf_changed":false},"product_cat":[3946],"product_tag":[],"comunidades-upm":[],"quien":[],"mapa":[],"disponibilidad":[],"donde":[{"term_id":556,"name":"Centro de Tecnolog\u00eda Biom\u00e9dica (CTB)","slug":"centro-de-tecnologia-biomedica-ctb","term_group":0,"term_taxonomy_id":556,"taxonomy":"donde","description":"","parent":0,"count":84,"filter":"raw","term_order":"0"},{"term_id":620,"name":"Tecnolog\u00edas para Ciencias de la Salud","slug":"tecnologias-para-ciencias-de-la-salud","term_group":0,"term_taxonomy_id":620,"taxonomy":"donde","description":"","parent":0,"count":21,"filter":"raw","term_order":"0"}],"infraestructura":[],"ods":[],"origen":[{"term_id":180,"name":"Patente","slug":"patente","term_group":0,"term_taxonomy_id":180,"taxonomy":"origen","description":"","parent":0,"count":614,"filter":"raw","term_order":"0"}],"familia_tax":false,"quien_tax":false,"donde_tax":false,"year":"","contacto":"<strong>Principales: <\/strong><ul><li>CEFERINO MAESTU UNTURBE <blockquote><strong>ceferino.maestu@upm.es<\/strong><\/blockquote><\/li><li>Francisco Paul Mikuski Silva <blockquote><strong><\/strong><\/blockquote><\/li><\/ul><strong>Otros inventores UPM: <\/strong><ul><li>Roc\u00edo L\u00f3pez Espinosa<\/li><li>\u00c1lvaro Cort\u00e9s de Castro<\/li><\/ul>","telefono":"","pagina_web":"","email":"","id_ficha_portal":"674","video":"","adjuntos":false,"adjuntos_portal":"https:\/\/www.upm.es\/S2i\/Acuse\/recuperarArchivo.jsp?id=674&id_archivo=818&tipo=patente&extension=fichero ","inf":false,"departamento":"","acf":[],"lang":"es","translation":{"es":8572},"_links":{"self":[{"href":"https:\/\/www.upm.es\/recursosidi\/wp-json\/wp\/v2\/product\/8572"}],"collection":[{"href":"https:\/\/www.upm.es\/recursosidi\/wp-json\/wp\/v2\/product"}],"about":[{"href":"https:\/\/www.upm.es\/recursosidi\/wp-json\/wp\/v2\/types\/product"}],"wp:attachment":[{"href":"https:\/\/www.upm.es\/recursosidi\/wp-json\/wp\/v2\/media?parent=8572"}],"wp:term":[{"taxonomy":"product_cat","embeddable":true,"href":"https:\/\/www.upm.es\/recursosidi\/wp-json\/wp\/v2\/product_cat?post=8572"},{"taxonomy":"product_tag","embeddable":true,"href":"https:\/\/www.upm.es\/recursosidi\/wp-json\/wp\/v2\/product_tag?post=8572"},{"taxonomy":"comunidad_upm","embeddable":true,"href":"https:\/\/www.upm.es\/recursosidi\/wp-json\/wp\/v2\/comunidades-upm?post=8572"},{"taxonomy":"quien","embeddable":true,"href":"https:\/\/www.upm.es\/recursosidi\/wp-json\/wp\/v2\/quien?post=8572"},{"taxonomy":"mapa","embeddable":true,"href":"https:\/\/www.upm.es\/recursosidi\/wp-json\/wp\/v2\/mapa?post=8572"},{"taxonomy":"disponibilidad","embeddable":true,"href":"https:\/\/www.upm.es\/recursosidi\/wp-json\/wp\/v2\/disponibilidad?post=8572"},{"taxonomy":"donde","embeddable":true,"href":"https:\/\/www.upm.es\/recursosidi\/wp-json\/wp\/v2\/donde?post=8572"},{"taxonomy":"infraestructura","embeddable":true,"href":"https:\/\/www.upm.es\/recursosidi\/wp-json\/wp\/v2\/infraestructura?post=8572"},{"taxonomy":"ods","embeddable":true,"href":"https:\/\/www.upm.es\/recursosidi\/wp-json\/wp\/v2\/ods?post=8572"},{"taxonomy":"origen","embeddable":true,"href":"https:\/\/www.upm.es\/recursosidi\/wp-json\/wp\/v2\/origen?post=8572"}],"curies":[{"name":"wp","href":"https:\/\/api.w.org\/{rel}","templated":true}]}}