{"id":8597,"date":"2021-11-25T14:14:07","date_gmt":"2021-11-25T13:14:07","guid":{"rendered":"https:\/\/www.upm.es\/recursosidi\/offers-resources\/sin categor\u00eda\/sistema-embarcado-en-vehiculos-y-metodo-para-la-deteccion-del-estado-del-asfalto\/"},"modified":"2022-08-10T02:12:38","modified_gmt":"2022-08-10T00:12:38","slug":"sistema-embarcado-en-vehiculos-y-metodo-para-la-deteccion-del-estado-del-asfalto","status":"publish","type":"product","link":"https:\/\/www.upm.es\/recursosidi\/offers-resources\/patentes\/sistema-embarcado-en-vehiculos-y-metodo-para-la-deteccion-del-estado-del-asfalto\/","title":{"rendered":"Sistema embarcado en veh\u00edculos y m\u00e9todo para la detecci\u00f3n del estado del asfalto"},"content":{"rendered":"<h5>Descripci\u00f3n de la patente <\/h5>\n<p>La invenci\u00f3n consiste en una unidad electr\u00f3nica embarcada en veh\u00edculos que permite<br \/>\ndeterminar el estado clim\u00e1tico del pavimento sobre el que se desplaza el veh\u00edculo a partir<br \/>\ndel ruido de rodadura que \u00e9ste produce. La detecci\u00f3n se realiza clasificando el estado del<br \/>\nasfalto entre los siguientes: Seco, Mojado, Helado y Nevado. La presente invenci\u00f3n<br \/>\naporta novedad tanto en el producto como en el proceso ya que otras invenciones solo<br \/>\nplantean el m\u00e9todo, \u00e9sta adem\u00e1s presenta un m\u00e9todo para publicar el resultado de la<br \/>\nclasificaci\u00f3n y que \u00e9ste pueda ser utilizado por los sistemas OBD (Diagn\u00f3stico de a<br \/>\nbordo) de los veh\u00edculos. La detecci\u00f3n del estado del pavimento se realiza mediante la<br \/>\nutilizaci\u00f3n de un clasificador de aprendizaje supervisado del tipo M\u00e1quina de Vectores<br \/>\nSoporte (SVM).<\/p>\n<h5>Situaci\u00f3n <\/h5>\n<p>Concedida<\/p>\n<h5>N\u00famero de solicitud<\/h5>\n<p>P201231042<\/p>\n<h5>N\u00famero de publicaci\u00f3n<\/h5>\n<p>ES2390302<\/p>\n<h5>Fecha de presentaci\u00f3n <\/h5>\n<p>04\/07\/2012<\/p>\n<h5>Fecha de concesi\u00f3n <\/h5>\n<p>13\/02\/2013<\/p>\n<div class=\"pdfprnt-buttons pdfprnt-buttons-product pdfprnt-bottom-left\"><a href=\"https:\/\/www.upm.es\/recursosidi\/wp-json\/wp\/v2\/product\/8597?print=pdf\" class=\"pdfprnt-button pdfprnt-button-pdf\" target=\"_blank\"><span class=\"pdfprnt-button-title pdfprnt-button-pdf-title\">Descargar ficha<\/span><\/a><\/div>","protected":false},"excerpt":{"rendered":"<p>Descripci\u00f3n de la patente La invenci\u00f3n consiste en una unidad electr\u00f3nica embarcada en veh\u00edculos que permite determinar el estado clim\u00e1tico del pavimento sobre el que&hellip;<\/p>\n","protected":false},"featured_media":0,"template":"","meta":{"_acf_changed":false},"product_cat":[3946],"product_tag":[],"comunidades-upm":[],"quien":[],"mapa":[],"disponibilidad":[],"donde":[{"term_id":380,"name":"Investigaci\u00f3n en Instrumentaci\u00f3n y Ac\u00fastica Aplicada (I2A2)","slug":"investigacion-en-instrumentacion-y-acustica-aplicada-i2a2","term_group":0,"term_taxonomy_id":380,"taxonomy":"donde","description":"Desarrollamos nuestra actividad en <strong>diversos &aacute;mbitos de la Ac&uacute;stica y las TIC<\/strong>, en los que buscamos aportar nuestra experiencia en para contribuir a resolver algunos de los retos que afronta nuestra sociedad. Esta visi&oacute;n nos lleva trabajar <strong>en contacto permanente con empresas y administraciones<\/strong> buscando continuamente la transferencia de los resultados de nuestros trabajos, bien a trav&eacute;s de la transferencia de tecnolog&iacute;a o de conocimiento, u ofreciendo directamente servicios de valor a&ntilde;adido a la industria.&nbsp;&nbsp;\n&nbsp;\nNuestras <strong>l&iacute;neas de investigaci&oacute;n<\/strong> se pueden resumir en:\n\nRuido ambiental.\nAc&uacute;stica en la edificaci&oacute;n.\nControl de ruido y Vibraciones.\nRuido en el puesto del trabajo.\nTerapias Ac&uacute;sticas.\nSistemas de Adquisici&oacute;n de Datos Avanzados.\nEquipos Electr&oacute;nicos y sistemas Embebidos.\nMonitorizaci&oacute;n de Salud Estructural.\n","parent":0,"count":16,"filter":"raw","term_order":"0"}],"infraestructura":[],"ods":[],"origen":[{"term_id":180,"name":"Patente","slug":"patente","term_group":0,"term_taxonomy_id":180,"taxonomy":"origen","description":"","parent":0,"count":614,"filter":"raw","term_order":"0"}],"familia_tax":false,"quien_tax":false,"donde_tax":false,"year":"","contacto":"<strong>Principales: <\/strong><ul><li>GUILLERMO DE ARCAS CASTRO <blockquote><strong>g.dearcas@upm.es<\/strong><\/blockquote><\/li><li>IGNACIO PAVON GARCIA <blockquote><strong>ignacio.pavon@upm.es<\/strong><\/blockquote><\/li><li>CESAR ASENSIO RIVERA <blockquote><strong>c.asensio@upm.es<\/strong><\/blockquote><\/li><li>MARIA PAZ ALONSO FERNANDEZ <blockquote><strong>mariapaz.alonso@upm.es<\/strong><\/blockquote><\/li><li>JUAN MANUEL LOPEZ NAVARRO <blockquote><strong>juanmanuel.lopez@upm.es<\/strong><\/blockquote><\/li><li>MARIANO RUIZ GONZALEZ <blockquote><strong>mariano.ruiz@upm.es<\/strong><\/blockquote><\/li><\/ul>","telefono":"","pagina_web":"","email":"","id_ficha_portal":"698","video":"","adjuntos":false,"adjuntos_portal":"https:\/\/www.upm.es\/S2i\/Acuse\/recuperarArchivo.jsp?id=698&id_archivo=2233&tipo=patente&extension=fichero ","inf":false,"departamento":"","acf":[],"lang":"es","translation":{"es":8597},"_links":{"self":[{"href":"https:\/\/www.upm.es\/recursosidi\/wp-json\/wp\/v2\/product\/8597"}],"collection":[{"href":"https:\/\/www.upm.es\/recursosidi\/wp-json\/wp\/v2\/product"}],"about":[{"href":"https:\/\/www.upm.es\/recursosidi\/wp-json\/wp\/v2\/types\/product"}],"wp:attachment":[{"href":"https:\/\/www.upm.es\/recursosidi\/wp-json\/wp\/v2\/media?parent=8597"}],"wp:term":[{"taxonomy":"product_cat","embeddable":true,"href":"https:\/\/www.upm.es\/recursosidi\/wp-json\/wp\/v2\/product_cat?post=8597"},{"taxonomy":"product_tag","embeddable":true,"href":"https:\/\/www.upm.es\/recursosidi\/wp-json\/wp\/v2\/product_tag?post=8597"},{"taxonomy":"comunidad_upm","embeddable":true,"href":"https:\/\/www.upm.es\/recursosidi\/wp-json\/wp\/v2\/comunidades-upm?post=8597"},{"taxonomy":"quien","embeddable":true,"href":"https:\/\/www.upm.es\/recursosidi\/wp-json\/wp\/v2\/quien?post=8597"},{"taxonomy":"mapa","embeddable":true,"href":"https:\/\/www.upm.es\/recursosidi\/wp-json\/wp\/v2\/mapa?post=8597"},{"taxonomy":"disponibilidad","embeddable":true,"href":"https:\/\/www.upm.es\/recursosidi\/wp-json\/wp\/v2\/disponibilidad?post=8597"},{"taxonomy":"donde","embeddable":true,"href":"https:\/\/www.upm.es\/recursosidi\/wp-json\/wp\/v2\/donde?post=8597"},{"taxonomy":"infraestructura","embeddable":true,"href":"https:\/\/www.upm.es\/recursosidi\/wp-json\/wp\/v2\/infraestructura?post=8597"},{"taxonomy":"ods","embeddable":true,"href":"https:\/\/www.upm.es\/recursosidi\/wp-json\/wp\/v2\/ods?post=8597"},{"taxonomy":"origen","embeddable":true,"href":"https:\/\/www.upm.es\/recursosidi\/wp-json\/wp\/v2\/origen?post=8597"}],"curies":[{"name":"wp","href":"https:\/\/api.w.org\/{rel}","templated":true}]}}