{"id":8603,"date":"2021-11-25T14:14:22","date_gmt":"2021-11-25T13:14:22","guid":{"rendered":"https:\/\/www.upm.es\/recursosidi\/offers-resources\/sin categor\u00eda\/sistema-de-panelizacion-de-alta-eficiencia-energetica-y-de-formas-libres\/"},"modified":"2022-08-10T02:12:56","modified_gmt":"2022-08-10T00:12:56","slug":"sistema-de-panelizacion-de-alta-eficiencia-energetica-y-de-formas-libres","status":"publish","type":"product","link":"https:\/\/www.upm.es\/recursosidi\/offers-resources\/patentes\/sistema-de-panelizacion-de-alta-eficiencia-energetica-y-de-formas-libres\/","title":{"rendered":"Sistema de panelizaci\u00f3n de alta eficiencia energ\u00e9tica y de formas libres"},"content":{"rendered":"<h5>Descripci\u00f3n de la patente <\/h5>\n<p>Sistema de panelizaci\u00f3n de alta eficiencia energ\u00e9tica y de formas libres que comprende una<br \/>\npluralidad de paneles (1) unidos entre s\u00ed mediante medios de uni\u00f3n (2). Cada panel (1)<br \/>\ncomprende dos hojas (3) y (4) envolventes, una hoja interna (3) y otra hoja externa (4)<br \/>\nconstituidas a partir de una matriz de resina de SiO2-PMMA reforzada con nanofibras<br \/>\nnaturales de celulosa Y una c\u00e1mara intermedia de vac\u00edo (5) de 1hPa, dispuesta entre la hoja<br \/>\ninterna (3) y la hoja externa (4), rellena de un aerogel de s\u00edlice monol\u00edtico. Los medios de<br \/>\nuni\u00f3n entre paneles disponen de un rebaje (9) en dos de los primeros bordes contiguos (10,<br \/>\n11) del panel en una primera esquina del panel y un escalonamiento (12) de igual espesor que el rebaje (9) en los dos bordes contiguos (13, 14) en la segunda esquina contrapuesta a la primera esquina.<\/p>\n<h5>Situaci\u00f3n <\/h5>\n<p>Concedida<\/p>\n<h5>N\u00famero de solicitud<\/h5>\n<p>P201232048<\/p>\n<h5>N\u00famero de publicaci\u00f3n<\/h5>\n<p>ES 2398119<\/p>\n<h5>Fecha de presentaci\u00f3n <\/h5>\n<p>27\/12\/2012<\/p>\n<h5>Fecha de concesi\u00f3n <\/h5>\n<p>04\/09\/2013<\/p>\n<div class=\"pdfprnt-buttons pdfprnt-buttons-product pdfprnt-bottom-left\"><a href=\"https:\/\/www.upm.es\/recursosidi\/wp-json\/wp\/v2\/product\/8603?print=pdf\" class=\"pdfprnt-button pdfprnt-button-pdf\" target=\"_blank\"><span class=\"pdfprnt-button-title pdfprnt-button-pdf-title\">Descargar ficha<\/span><\/a><\/div>","protected":false},"excerpt":{"rendered":"<p>Descripci\u00f3n de la patente Sistema de panelizaci\u00f3n de alta eficiencia energ\u00e9tica y de formas libres que comprende una pluralidad de paneles (1) unidos entre s\u00ed&hellip;<\/p>\n","protected":false},"featured_media":0,"template":"","meta":{"_acf_changed":false},"product_cat":[3946],"product_tag":[],"comunidades-upm":[],"quien":[],"mapa":[],"disponibilidad":[],"donde":[{"term_id":258,"name":"Innovaci\u00f3n en procesos urbanos y tecnolog\u00edas de la edificaci\u00f3n","slug":"innovacion-en-procesos-urbanos-y-tecnologias-de-la-edificacion","term_group":0,"term_taxonomy_id":258,"taxonomy":"donde","description":"","parent":0,"count":5,"filter":"raw","term_order":"0"},{"term_id":264,"name":"T\u00e9cnicas Innovadoras y Sostenibles en la Edificaci\u00f3n","slug":"tecnicas-innovadoras-y-sostenibles-en-la-edificacion","term_group":0,"term_taxonomy_id":264,"taxonomy":"donde","description":"","parent":0,"count":13,"filter":"raw","term_order":"0"}],"infraestructura":[],"ods":[],"origen":[{"term_id":180,"name":"Patente","slug":"patente","term_group":0,"term_taxonomy_id":180,"taxonomy":"origen","description":"","parent":0,"count":614,"filter":"raw","term_order":"0"}],"familia_tax":false,"quien_tax":false,"donde_tax":false,"year":"","contacto":"<strong>Principales: <\/strong><ul><li>CESAR BEDOYA FRUTOS <blockquote><strong>cesar.bedoya@upm.es<\/strong><\/blockquote><\/li><li>BENITO LAURET AGUIRREGABIRIA <blockquote><strong>benito.lauret@upm.es<\/strong><\/blockquote><\/li><li>Luis Alberto Alonso Pastor <blockquote><strong>luisalberto.alonso.pastor@upm.es<\/strong><\/blockquote><\/li><li>FERNANDO ALONSO AMO <blockquote><strong>fernando.alonso@upm.es<\/strong><\/blockquote><\/li><\/ul>","telefono":"","pagina_web":"","email":"","id_ficha_portal":"744","video":"","adjuntos":false,"adjuntos_portal":"https:\/\/www.upm.es\/S2i\/Acuse\/recuperarArchivo.jsp?id=744&id_archivo=2283&tipo=patente&extension=fichero ","inf":false,"departamento":"","acf":[],"lang":"es","translation":{"es":8603},"_links":{"self":[{"href":"https:\/\/www.upm.es\/recursosidi\/wp-json\/wp\/v2\/product\/8603"}],"collection":[{"href":"https:\/\/www.upm.es\/recursosidi\/wp-json\/wp\/v2\/product"}],"about":[{"href":"https:\/\/www.upm.es\/recursosidi\/wp-json\/wp\/v2\/types\/product"}],"wp:attachment":[{"href":"https:\/\/www.upm.es\/recursosidi\/wp-json\/wp\/v2\/media?parent=8603"}],"wp:term":[{"taxonomy":"product_cat","embeddable":true,"href":"https:\/\/www.upm.es\/recursosidi\/wp-json\/wp\/v2\/product_cat?post=8603"},{"taxonomy":"product_tag","embeddable":true,"href":"https:\/\/www.upm.es\/recursosidi\/wp-json\/wp\/v2\/product_tag?post=8603"},{"taxonomy":"comunidad_upm","embeddable":true,"href":"https:\/\/www.upm.es\/recursosidi\/wp-json\/wp\/v2\/comunidades-upm?post=8603"},{"taxonomy":"quien","embeddable":true,"href":"https:\/\/www.upm.es\/recursosidi\/wp-json\/wp\/v2\/quien?post=8603"},{"taxonomy":"mapa","embeddable":true,"href":"https:\/\/www.upm.es\/recursosidi\/wp-json\/wp\/v2\/mapa?post=8603"},{"taxonomy":"disponibilidad","embeddable":true,"href":"https:\/\/www.upm.es\/recursosidi\/wp-json\/wp\/v2\/disponibilidad?post=8603"},{"taxonomy":"donde","embeddable":true,"href":"https:\/\/www.upm.es\/recursosidi\/wp-json\/wp\/v2\/donde?post=8603"},{"taxonomy":"infraestructura","embeddable":true,"href":"https:\/\/www.upm.es\/recursosidi\/wp-json\/wp\/v2\/infraestructura?post=8603"},{"taxonomy":"ods","embeddable":true,"href":"https:\/\/www.upm.es\/recursosidi\/wp-json\/wp\/v2\/ods?post=8603"},{"taxonomy":"origen","embeddable":true,"href":"https:\/\/www.upm.es\/recursosidi\/wp-json\/wp\/v2\/origen?post=8603"}],"curies":[{"name":"wp","href":"https:\/\/api.w.org\/{rel}","templated":true}]}}