{"id":8606,"date":"2021-11-25T14:14:29","date_gmt":"2021-11-25T13:14:29","guid":{"rendered":"https:\/\/www.upm.es\/recursosidi\/offers-resources\/sin categor\u00eda\/elemento-combustible-para-reactores-nucleares-rapidos-refrigerados-por-gas\/"},"modified":"2022-08-10T02:13:04","modified_gmt":"2022-08-10T00:13:04","slug":"elemento-combustible-para-reactores-nucleares-rapidos-refrigerados-por-gas","status":"publish","type":"product","link":"https:\/\/www.upm.es\/recursosidi\/offers-resources\/patentes\/elemento-combustible-para-reactores-nucleares-rapidos-refrigerados-por-gas\/","title":{"rendered":"Elemento combustible para reactores nucleares r\u00e1pidos refrigerados por gas"},"content":{"rendered":"<h5>Descripci\u00f3n de la patente <\/h5>\n<p>Elemento combustible que tiene como pieza b\u00e1sica una jaula esf\u00e9rica (1), hecha de varillas curvas met\u00e1licas resistentes que se disponen y entrelazan seg\u00fan una geometr\u00eda reticular esf\u00e9rica, no necesariamente regular en las figuras geom\u00e9tricas formadas, que deja la mayor parte de su superficie esf\u00e9rica virtual abierta, y por tanto traspasable por un fluido en movimiento; y el combustible nuclear se aloja en una o varias piezas envainadas inscritas en la jaula esf\u00e9rica, bien en discos inscritos en la jaula, bien en una corona esf\u00e9rica, delimitada interiormente por una pieza esf\u00e9rica met\u00e1lica hueca y exteriormente por una vaina estanca inscrita en la jaula esf\u00e9rica mediante unas patillas met\u00e1licas soldadas a nudos de la jaula.<\/p>\n<h5>Situaci\u00f3n <\/h5>\n<p>Concedida<\/p>\n<h5>N\u00famero de solicitud<\/h5>\n<p>P201300433<\/p>\n<h5>N\u00famero de publicaci\u00f3n<\/h5>\n<p>ES 2446840<\/p>\n<h5>Fecha de presentaci\u00f3n <\/h5>\n<p>10\/05\/2013<\/p>\n<h5>Fecha de publicaci\u00f3n <\/h5>\n<p>10\/03\/2014<\/p>\n<h5>Fecha de concesi\u00f3n <\/h5>\n<p>16\/07\/2014<\/p>\n<div class=\"pdfprnt-buttons pdfprnt-buttons-product pdfprnt-bottom-left\"><a href=\"https:\/\/www.upm.es\/recursosidi\/wp-json\/wp\/v2\/product\/8606?print=pdf\" class=\"pdfprnt-button pdfprnt-button-pdf\" target=\"_blank\"><span class=\"pdfprnt-button-title pdfprnt-button-pdf-title\">Descargar ficha<\/span><\/a><\/div>","protected":false},"excerpt":{"rendered":"<p>Descripci\u00f3n de la patente Elemento combustible que tiene como pieza b\u00e1sica una jaula esf\u00e9rica (1), hecha de varillas curvas met\u00e1licas resistentes que se disponen y&hellip;<\/p>\n","protected":false},"featured_media":0,"template":"","meta":{"_acf_changed":false},"product_cat":[3946],"product_tag":[],"comunidades-upm":[],"quien":[],"mapa":[],"disponibilidad":[],"donde":[{"term_id":238,"name":"Instituto de Fusi\u00f3n Nuclear \"Guillermo Velarde\" (IFN-GV)","slug":"instituto-de-fusion-nuclear-guillermo-velarde-ifn-gv","term_group":0,"term_taxonomy_id":238,"taxonomy":"donde","description":"","parent":0,"count":57,"filter":"raw","term_order":"0"},{"term_id":390,"name":"Thermal Energy for Sustainability","slug":"thermal-energy-for-sustainability","term_group":0,"term_taxonomy_id":390,"taxonomy":"donde","description":"","parent":0,"count":57,"filter":"raw","term_order":"0"}],"infraestructura":[],"ods":[],"origen":[{"term_id":180,"name":"Patente","slug":"patente","term_group":0,"term_taxonomy_id":180,"taxonomy":"origen","description":"","parent":0,"count":614,"filter":"raw","term_order":"0"}],"familia_tax":false,"quien_tax":false,"donde_tax":false,"year":"","contacto":"<strong>Principales: <\/strong><ul><li>CARLOS CORROCHANO SANCHEZ <blockquote><strong>carlos.corrochano@upm.es<\/strong><\/blockquote><\/li><li>ALBERTO RAMOS MILLAN <blockquote><strong>alberto.ramos@upm.es<\/strong><\/blockquote><\/li><li>JOSE MARIA MARTINEZ-VAL PE\u00d1ALOSA <blockquote><strong>josemaria.martinezval@upm.es<\/strong><\/blockquote><\/li><li>ALBERTO ABANADES VELASCO <blockquote><strong>alberto.abanades@upm.es<\/strong><\/blockquote><\/li><li>JAVIER MU\u00d1OZ ANTON <blockquote><strong>javier.munoz.anton@upm.es<\/strong><\/blockquote><\/li><\/ul><strong>Otros inventores UPM: <\/strong><ul><li>Juan Mart\u00ednez-Val Piera<\/li><\/ul><strong>Otros inventores: <\/strong><ul><li>MireiaPiera Carret\u00e9 Universidad Nacional de Educacion a Distancia (UNED)<\/li> <\/ul>","telefono":"","pagina_web":"","email":"","id_ficha_portal":"764","video":"","adjuntos":false,"adjuntos_portal":"https:\/\/www.upm.es\/S2i\/Acuse\/recuperarArchivo.jsp?id=764&id_archivo=2509&tipo=patente&extension=fichero ","inf":false,"departamento":"","acf":[],"lang":"es","translation":{"es":8606},"_links":{"self":[{"href":"https:\/\/www.upm.es\/recursosidi\/wp-json\/wp\/v2\/product\/8606"}],"collection":[{"href":"https:\/\/www.upm.es\/recursosidi\/wp-json\/wp\/v2\/product"}],"about":[{"href":"https:\/\/www.upm.es\/recursosidi\/wp-json\/wp\/v2\/types\/product"}],"wp:attachment":[{"href":"https:\/\/www.upm.es\/recursosidi\/wp-json\/wp\/v2\/media?parent=8606"}],"wp:term":[{"taxonomy":"product_cat","embeddable":true,"href":"https:\/\/www.upm.es\/recursosidi\/wp-json\/wp\/v2\/product_cat?post=8606"},{"taxonomy":"product_tag","embeddable":true,"href":"https:\/\/www.upm.es\/recursosidi\/wp-json\/wp\/v2\/product_tag?post=8606"},{"taxonomy":"comunidad_upm","embeddable":true,"href":"https:\/\/www.upm.es\/recursosidi\/wp-json\/wp\/v2\/comunidades-upm?post=8606"},{"taxonomy":"quien","embeddable":true,"href":"https:\/\/www.upm.es\/recursosidi\/wp-json\/wp\/v2\/quien?post=8606"},{"taxonomy":"mapa","embeddable":true,"href":"https:\/\/www.upm.es\/recursosidi\/wp-json\/wp\/v2\/mapa?post=8606"},{"taxonomy":"disponibilidad","embeddable":true,"href":"https:\/\/www.upm.es\/recursosidi\/wp-json\/wp\/v2\/disponibilidad?post=8606"},{"taxonomy":"donde","embeddable":true,"href":"https:\/\/www.upm.es\/recursosidi\/wp-json\/wp\/v2\/donde?post=8606"},{"taxonomy":"infraestructura","embeddable":true,"href":"https:\/\/www.upm.es\/recursosidi\/wp-json\/wp\/v2\/infraestructura?post=8606"},{"taxonomy":"ods","embeddable":true,"href":"https:\/\/www.upm.es\/recursosidi\/wp-json\/wp\/v2\/ods?post=8606"},{"taxonomy":"origen","embeddable":true,"href":"https:\/\/www.upm.es\/recursosidi\/wp-json\/wp\/v2\/origen?post=8606"}],"curies":[{"name":"wp","href":"https:\/\/api.w.org\/{rel}","templated":true}]}}