{"id":8612,"date":"2021-11-25T14:14:44","date_gmt":"2021-11-25T13:14:44","guid":{"rendered":"https:\/\/www.upm.es\/recursosidi\/offers-resources\/sin categor\u00eda\/dispositivo-flotante-para-el-aprovechamiento-de-la-energia-de-las-olas-modular-y-adaptativo\/"},"modified":"2022-08-10T02:13:21","modified_gmt":"2022-08-10T00:13:21","slug":"dispositivo-flotante-para-el-aprovechamiento-de-la-energia-de-las-olas-modular-y-adaptativo","status":"publish","type":"product","link":"https:\/\/www.upm.es\/recursosidi\/offers-resources\/patentes\/dispositivo-flotante-para-el-aprovechamiento-de-la-energia-de-las-olas-modular-y-adaptativo\/","title":{"rendered":"Dispositivo flotante para el aprovechamiento de la energ\u00eda de las olas, modular y adaptativo"},"content":{"rendered":"<h5>Descripci\u00f3n de la patente <\/h5>\n<p>Dispositivo flotante para el aprovechamiento de la energ\u00eda de las olas, modular y adaptativo que comprende un cuerpo central que dispone de tanques interiores, una boya absorbedora de energ\u00eda que rodea a dicho cuerpo central que comprende medios de variaci\u00f3n del nivel de flotaci\u00f3n y de la masa propia de la boya, variadores de la masa a\u00f1adida del dispositivo, un conversor de la energ\u00eda mec\u00e1nica, medios de control y variaci\u00f3n de fondeo del dispositivo y un umbilical. Los medios de variaci\u00f3n comprenden una pluralidad de tanques susceptibles de ser llenados o vaciados con agua. Los tanques en combinaci\u00f3n con los tanques interiores del cuerpo central y con los medios de control y variaci\u00f3n de fondeo var\u00edan y equilibran la masa propia y a\u00f1adida del dispositivo y su nivel de flotaci\u00f3n.<\/p>\n<h5>N\u00famero de solicitud<\/h5>\n<p>P201330921<\/p>\n<h5>N\u00famero de publicaci\u00f3n<\/h5>\n<p>ES 2422459<\/p>\n<h5>Fecha de presentaci\u00f3n <\/h5>\n<p>20\/06\/2013<\/p>\n<h5>Fecha de publicaci\u00f3n <\/h5>\n<p>11\/09\/2013<\/p>\n<div class=\"pdfprnt-buttons pdfprnt-buttons-product pdfprnt-bottom-left\"><a href=\"https:\/\/www.upm.es\/recursosidi\/wp-json\/wp\/v2\/product\/8612?print=pdf\" class=\"pdfprnt-button pdfprnt-button-pdf\" target=\"_blank\"><span class=\"pdfprnt-button-title pdfprnt-button-pdf-title\">Descargar ficha<\/span><\/a><\/div>","protected":false},"excerpt":{"rendered":"<p>Descripci\u00f3n de la patente Dispositivo flotante para el aprovechamiento de la energ\u00eda de las olas, modular y adaptativo que comprende un cuerpo central que dispone&hellip;<\/p>\n","protected":false},"featured_media":0,"template":"","meta":{"_acf_changed":false},"product_cat":[3946],"product_tag":[],"comunidades-upm":[],"quien":[],"mapa":[],"disponibilidad":[],"donde":[{"term_id":586,"name":"Grupo de Investigaci\u00f3n Tecnol\u00f3gico en Energ\u00edas Renovables Marinas. -GIT-ERM-","slug":"grupo-de-investigacion-tecnologico-en-energias-renovables-marinas-git-erm","term_group":0,"term_taxonomy_id":586,"taxonomy":"donde","description":"","parent":0,"count":4,"filter":"raw","term_order":"0"}],"infraestructura":[],"ods":[],"origen":[{"term_id":180,"name":"Patente","slug":"patente","term_group":0,"term_taxonomy_id":180,"taxonomy":"origen","description":"","parent":0,"count":614,"filter":"raw","term_order":"0"}],"familia_tax":false,"quien_tax":false,"donde_tax":false,"year":"","contacto":"<strong>Principales: <\/strong><ul><li>AMABLE LOPEZ PI\u00d1EIRO <blockquote><strong>amable.lopez@upm.es<\/strong><\/blockquote><\/li><li>LUIS RAMON NU\u00d1EZ RIVAS <blockquote><strong>luisramon.nunez@upm.es<\/strong><\/blockquote><\/li><li>JOSE ANDRES SOMOLINOS SANCHEZ <blockquote><strong>joseandres.somolinos@upm.es<\/strong><\/blockquote><\/li><li>FERNANDO RODRIGUEZ VICENTE <blockquote><strong>fernando.rodriguez.vicente@upm.es<\/strong><\/blockquote><\/li><\/ul>","telefono":"","pagina_web":"","email":"","id_ficha_portal":"780","video":"","adjuntos":false,"adjuntos_portal":"","inf":false,"departamento":"","acf":[],"lang":"es","translation":{"es":8612},"_links":{"self":[{"href":"https:\/\/www.upm.es\/recursosidi\/wp-json\/wp\/v2\/product\/8612"}],"collection":[{"href":"https:\/\/www.upm.es\/recursosidi\/wp-json\/wp\/v2\/product"}],"about":[{"href":"https:\/\/www.upm.es\/recursosidi\/wp-json\/wp\/v2\/types\/product"}],"wp:attachment":[{"href":"https:\/\/www.upm.es\/recursosidi\/wp-json\/wp\/v2\/media?parent=8612"}],"wp:term":[{"taxonomy":"product_cat","embeddable":true,"href":"https:\/\/www.upm.es\/recursosidi\/wp-json\/wp\/v2\/product_cat?post=8612"},{"taxonomy":"product_tag","embeddable":true,"href":"https:\/\/www.upm.es\/recursosidi\/wp-json\/wp\/v2\/product_tag?post=8612"},{"taxonomy":"comunidad_upm","embeddable":true,"href":"https:\/\/www.upm.es\/recursosidi\/wp-json\/wp\/v2\/comunidades-upm?post=8612"},{"taxonomy":"quien","embeddable":true,"href":"https:\/\/www.upm.es\/recursosidi\/wp-json\/wp\/v2\/quien?post=8612"},{"taxonomy":"mapa","embeddable":true,"href":"https:\/\/www.upm.es\/recursosidi\/wp-json\/wp\/v2\/mapa?post=8612"},{"taxonomy":"disponibilidad","embeddable":true,"href":"https:\/\/www.upm.es\/recursosidi\/wp-json\/wp\/v2\/disponibilidad?post=8612"},{"taxonomy":"donde","embeddable":true,"href":"https:\/\/www.upm.es\/recursosidi\/wp-json\/wp\/v2\/donde?post=8612"},{"taxonomy":"infraestructura","embeddable":true,"href":"https:\/\/www.upm.es\/recursosidi\/wp-json\/wp\/v2\/infraestructura?post=8612"},{"taxonomy":"ods","embeddable":true,"href":"https:\/\/www.upm.es\/recursosidi\/wp-json\/wp\/v2\/ods?post=8612"},{"taxonomy":"origen","embeddable":true,"href":"https:\/\/www.upm.es\/recursosidi\/wp-json\/wp\/v2\/origen?post=8612"}],"curies":[{"name":"wp","href":"https:\/\/api.w.org\/{rel}","templated":true}]}}