{"id":8618,"date":"2021-11-25T14:14:59","date_gmt":"2021-11-25T13:14:59","guid":{"rendered":"https:\/\/www.upm.es\/recursosidi\/offers-resources\/sin categor\u00eda\/dispositivo-climatizado-para-ensayos-de-fractura-en-modo-mixto\/"},"modified":"2022-08-10T02:13:40","modified_gmt":"2022-08-10T00:13:40","slug":"dispositivo-climatizado-para-ensayos-de-fractura-en-modo-mixto","status":"publish","type":"product","link":"https:\/\/www.upm.es\/recursosidi\/offers-resources\/patentes\/dispositivo-climatizado-para-ensayos-de-fractura-en-modo-mixto\/","title":{"rendered":"Dispositivo climatizado para ensayos de fractura en modo mixto"},"content":{"rendered":"<h5>Descripci\u00f3n de la patente <\/h5>\n<p>Dispositivo climatizado para ensayos de fractura en modo mixto que comprende una c\u00e1mara herm\u00e9tica (1) con medios de ensayo (2, 3, 4, 5, 11), un \u00fatil multimodal (8) de sujeci\u00f3n de la probeta (10) a ensayar y medios sensores (6, 7) de las condiciones de temperatura y humedad relativa en el interior de la c\u00e1mara herm\u00e9tica (1); una unidad de tratamiento de aire (12) conectada a la c\u00e1mara mediante sendas entradas y salidas de aire (20, 21). La unidad de tratamiento de aire comprende una pluralidad de secciones (13, 14, 15, 16, 17, 18, 19) situadas en serie, cada una de las cuales dispone de distintos medios de climatizaci\u00f3n configurados para modificar las condiciones de temperatura y humedad relativa del flujo de aire que pasa a trav\u00e9s de las mismas hasta alcanzar unos valores predeterminados, y medios electr\u00f3nicos de control de los componentes del dispositivo.<\/p>\n<h5>Situaci\u00f3n <\/h5>\n<p>Concedida<\/p>\n<h5>N\u00famero de solicitud<\/h5>\n<p>U201500453<\/p>\n<h5>N\u00famero de publicaci\u00f3n<\/h5>\n<p>ES1141656<\/p>\n<h5>Fecha de presentaci\u00f3n <\/h5>\n<p>20\/03\/2013<\/p>\n<h5>Fecha de publicaci\u00f3n <\/h5>\n<p>20\/10\/2014<\/p>\n<h5>Fecha de concesi\u00f3n <\/h5>\n<p>07\/10\/2015<\/p>\n<div class=\"pdfprnt-buttons pdfprnt-buttons-product pdfprnt-bottom-left\"><a href=\"https:\/\/www.upm.es\/recursosidi\/wp-json\/wp\/v2\/product\/8618?print=pdf\" class=\"pdfprnt-button pdfprnt-button-pdf\" target=\"_blank\"><span class=\"pdfprnt-button-title pdfprnt-button-pdf-title\">Descargar ficha<\/span><\/a><\/div>","protected":false},"excerpt":{"rendered":"<p>Descripci\u00f3n de la patente Dispositivo climatizado para ensayos de fractura en modo mixto que comprende una c\u00e1mara herm\u00e9tica (1) con medios de ensayo (2, 3,&hellip;<\/p>\n","protected":false},"featured_media":0,"template":"","meta":{"_acf_changed":false},"product_cat":[3946],"product_tag":[],"comunidades-upm":[],"quien":[],"mapa":[],"disponibilidad":[],"donde":[{"term_id":606,"name":"Centro de Investigaci\u00f3n en Materiales Estructurales (CIME)","slug":"centro-de-investigacion-en-materiales-estructurales-cime","term_group":0,"term_taxonomy_id":606,"taxonomy":"donde","description":"","parent":0,"count":42,"filter":"raw","term_order":"0"},{"term_id":498,"name":"Dise\u00f1o y fabricaci\u00f3n industrial","slug":"diseno-y-fabricacion-industrial","term_group":0,"term_taxonomy_id":498,"taxonomy":"donde","description":"","parent":0,"count":18,"filter":"raw","term_order":"0"},{"term_id":342,"name":"Materiales Estructurales Avanzados y Nanomateriales","slug":"materiales-estructurales-avanzados-y-nanomateriales","term_group":0,"term_taxonomy_id":342,"taxonomy":"donde","description":"Llevamos m&aacute;s de 20 a&ntilde;os desarrollando numerosas t&eacute;cnicas experimentales con las que podemos estudiar y caracterizar casi cualquier tipo de material y geometr&iacute;a en una variedad muy amplia de condiciones de servicio.\n&nbsp;\nNuestras l&iacute;neas de investigaci&oacute;n se pueden resumir en:\n&nbsp;\n\nMateriales compuestos\nMateriales para la seguridad\nBiomateriales estructurales\nIntegridad y seguridad estructural\nMateriales para la construcci&oacute;n\nNanomateriales\n","parent":0,"count":32,"filter":"raw","term_order":"0"}],"infraestructura":[],"ods":[],"origen":[{"term_id":180,"name":"Patente","slug":"patente","term_group":0,"term_taxonomy_id":180,"taxonomy":"origen","description":"","parent":0,"count":614,"filter":"raw","term_order":"0"}],"familia_tax":false,"quien_tax":false,"donde_tax":false,"year":"","contacto":"<strong>Principales: <\/strong><ul><li>MARIA PAZ PINILLA CEA <blockquote><strong>paz.pinilla@upm.es<\/strong><\/blockquote><\/li><li>JUAN CARLOS SUAREZ BERMEJO <blockquote><strong>juancarlos.suarez@upm.es<\/strong><\/blockquote><\/li><li>JOSE MANUEL ARENAS REINA <blockquote><strong>josemanuel.arenas@upm.es<\/strong><\/blockquote><\/li><li>CRISTINA ALIA GARCIA <blockquote><strong>cristina.alia@upm.es<\/strong><\/blockquote><\/li><\/ul>","telefono":"","pagina_web":"","email":"","id_ficha_portal":"757","video":"","adjuntos":false,"adjuntos_portal":"","inf":false,"departamento":"","acf":[],"lang":"es","translation":{"es":8618},"_links":{"self":[{"href":"https:\/\/www.upm.es\/recursosidi\/wp-json\/wp\/v2\/product\/8618"}],"collection":[{"href":"https:\/\/www.upm.es\/recursosidi\/wp-json\/wp\/v2\/product"}],"about":[{"href":"https:\/\/www.upm.es\/recursosidi\/wp-json\/wp\/v2\/types\/product"}],"wp:attachment":[{"href":"https:\/\/www.upm.es\/recursosidi\/wp-json\/wp\/v2\/media?parent=8618"}],"wp:term":[{"taxonomy":"product_cat","embeddable":true,"href":"https:\/\/www.upm.es\/recursosidi\/wp-json\/wp\/v2\/product_cat?post=8618"},{"taxonomy":"product_tag","embeddable":true,"href":"https:\/\/www.upm.es\/recursosidi\/wp-json\/wp\/v2\/product_tag?post=8618"},{"taxonomy":"comunidad_upm","embeddable":true,"href":"https:\/\/www.upm.es\/recursosidi\/wp-json\/wp\/v2\/comunidades-upm?post=8618"},{"taxonomy":"quien","embeddable":true,"href":"https:\/\/www.upm.es\/recursosidi\/wp-json\/wp\/v2\/quien?post=8618"},{"taxonomy":"mapa","embeddable":true,"href":"https:\/\/www.upm.es\/recursosidi\/wp-json\/wp\/v2\/mapa?post=8618"},{"taxonomy":"disponibilidad","embeddable":true,"href":"https:\/\/www.upm.es\/recursosidi\/wp-json\/wp\/v2\/disponibilidad?post=8618"},{"taxonomy":"donde","embeddable":true,"href":"https:\/\/www.upm.es\/recursosidi\/wp-json\/wp\/v2\/donde?post=8618"},{"taxonomy":"infraestructura","embeddable":true,"href":"https:\/\/www.upm.es\/recursosidi\/wp-json\/wp\/v2\/infraestructura?post=8618"},{"taxonomy":"ods","embeddable":true,"href":"https:\/\/www.upm.es\/recursosidi\/wp-json\/wp\/v2\/ods?post=8618"},{"taxonomy":"origen","embeddable":true,"href":"https:\/\/www.upm.es\/recursosidi\/wp-json\/wp\/v2\/origen?post=8618"}],"curies":[{"name":"wp","href":"https:\/\/api.w.org\/{rel}","templated":true}]}}