{"id":8622,"date":"2021-11-25T14:15:09","date_gmt":"2021-11-25T13:15:09","guid":{"rendered":"https:\/\/www.upm.es\/recursosidi\/offers-resources\/sin categor\u00eda\/dispositivo-evaporador-de-residuos-liquidos-producidos-en-las-calderas-de-condensacion\/"},"modified":"2022-08-10T02:13:51","modified_gmt":"2022-08-10T00:13:51","slug":"dispositivo-evaporador-de-residuos-liquidos-producidos-en-las-calderas-de-condensacion","status":"publish","type":"product","link":"https:\/\/www.upm.es\/recursosidi\/offers-resources\/patentes\/dispositivo-evaporador-de-residuos-liquidos-producidos-en-las-calderas-de-condensacion\/","title":{"rendered":"Dispositivo evaporador de residuos l\u00edquidos producidos en las calderas de condensaci\u00f3n"},"content":{"rendered":"<h5>Descripci\u00f3n de la patente <\/h5>\n<p>Dispositivo evaporador de residuos l\u00edquidos producidos en las calderas de condensaci\u00f3n que comprende un colector (2) que dispersa el condensado sobre dos bloques de absorci\u00f3n (5) superpuestos que retienen el l\u00edquido. Un ventilador centr\u00edfugo (12) acelera la evaporaci\u00f3n del l\u00edquido de los bloques de absorci\u00f3n y difunde el vapor al exterior de la caldera a trav\u00e9s de una rejilla de lamas planas (11). Para facilitar la evaporaci\u00f3n, el aire de entrada al dispositivo proviene del interior de la caldera a trav\u00e9s de rejillas de lamas planas (17) en la tapa superior del dispositivo (13). Rejillas de lamas onduladas (10) retienen el l\u00edquido que haya quedado en el aire. Un dep\u00f3sito de seguridad (7) almacena los condensados no evaporados. Cuando el l\u00edquido del dep\u00f3sito (7) supera un determinado nivel, un sensor (8) env\u00eda una se\u00f1al a una central electr\u00f3nica (9) que interrumpe el funcionamiento de la caldera y emite se\u00f1ales de alarma ac\u00fastica y visual.<\/p>\n<h5>N\u00famero de solicitud<\/h5>\n<p>U201630086<\/p>\n<h5>Fecha de presentaci\u00f3n <\/h5>\n<p>12\/06\/2013<\/p>\n<h5>Fecha de publicaci\u00f3n <\/h5>\n<p>15\/12\/2014<\/p>\n<div class=\"pdfprnt-buttons pdfprnt-buttons-product pdfprnt-bottom-left\"><a href=\"https:\/\/www.upm.es\/recursosidi\/wp-json\/wp\/v2\/product\/8622?print=pdf\" class=\"pdfprnt-button pdfprnt-button-pdf\" target=\"_blank\"><span class=\"pdfprnt-button-title pdfprnt-button-pdf-title\">Descargar ficha<\/span><\/a><\/div>","protected":false},"excerpt":{"rendered":"<p>Descripci\u00f3n de la patente Dispositivo evaporador de residuos l\u00edquidos producidos en las calderas de condensaci\u00f3n que comprende un colector (2) que dispersa el condensado sobre&hellip;<\/p>\n","protected":false},"featured_media":0,"template":"","meta":{"_acf_changed":false},"product_cat":[3946],"product_tag":[],"comunidades-upm":[],"quien":[],"mapa":[],"disponibilidad":[],"donde":[{"term_id":608,"name":"An\u00e1lisis y Caracterizaci\u00f3n \u00d3ptica de Materiales","slug":"analisis-y-caracterizacion-optica-de-materiales","term_group":0,"term_taxonomy_id":608,"taxonomy":"donde","description":"","parent":0,"count":15,"filter":"raw","term_order":"0"},{"term_id":606,"name":"Centro de Investigaci\u00f3n en Materiales Estructurales (CIME)","slug":"centro-de-investigacion-en-materiales-estructurales-cime","term_group":0,"term_taxonomy_id":606,"taxonomy":"donde","description":"","parent":0,"count":42,"filter":"raw","term_order":"0"},{"term_id":498,"name":"Dise\u00f1o y fabricaci\u00f3n industrial","slug":"diseno-y-fabricacion-industrial","term_group":0,"term_taxonomy_id":498,"taxonomy":"donde","description":"","parent":0,"count":18,"filter":"raw","term_order":"0"}],"infraestructura":[],"ods":[],"origen":[{"term_id":180,"name":"Patente","slug":"patente","term_group":0,"term_taxonomy_id":180,"taxonomy":"origen","description":"","parent":0,"count":614,"filter":"raw","term_order":"0"}],"familia_tax":false,"quien_tax":false,"donde_tax":false,"year":"","contacto":"<strong>Principales: <\/strong><ul><li>MANUEL ENRIQUE ISLAN MARCOS <blockquote><strong>manuel.islan.marcos@upm.es<\/strong><\/blockquote><\/li><li>JOSE MANUEL ARENAS REINA <blockquote><strong>josemanuel.arenas@upm.es<\/strong><\/blockquote><\/li><li>FERNANDO BLAYA HARO <blockquote><strong>fernando.blaya@upm.es<\/strong><\/blockquote><\/li><\/ul>","telefono":"","pagina_web":"","email":"","id_ficha_portal":"774","video":"","adjuntos":false,"adjuntos_portal":"","inf":false,"departamento":"","acf":[],"lang":"es","translation":{"es":8622},"_links":{"self":[{"href":"https:\/\/www.upm.es\/recursosidi\/wp-json\/wp\/v2\/product\/8622"}],"collection":[{"href":"https:\/\/www.upm.es\/recursosidi\/wp-json\/wp\/v2\/product"}],"about":[{"href":"https:\/\/www.upm.es\/recursosidi\/wp-json\/wp\/v2\/types\/product"}],"wp:attachment":[{"href":"https:\/\/www.upm.es\/recursosidi\/wp-json\/wp\/v2\/media?parent=8622"}],"wp:term":[{"taxonomy":"product_cat","embeddable":true,"href":"https:\/\/www.upm.es\/recursosidi\/wp-json\/wp\/v2\/product_cat?post=8622"},{"taxonomy":"product_tag","embeddable":true,"href":"https:\/\/www.upm.es\/recursosidi\/wp-json\/wp\/v2\/product_tag?post=8622"},{"taxonomy":"comunidad_upm","embeddable":true,"href":"https:\/\/www.upm.es\/recursosidi\/wp-json\/wp\/v2\/comunidades-upm?post=8622"},{"taxonomy":"quien","embeddable":true,"href":"https:\/\/www.upm.es\/recursosidi\/wp-json\/wp\/v2\/quien?post=8622"},{"taxonomy":"mapa","embeddable":true,"href":"https:\/\/www.upm.es\/recursosidi\/wp-json\/wp\/v2\/mapa?post=8622"},{"taxonomy":"disponibilidad","embeddable":true,"href":"https:\/\/www.upm.es\/recursosidi\/wp-json\/wp\/v2\/disponibilidad?post=8622"},{"taxonomy":"donde","embeddable":true,"href":"https:\/\/www.upm.es\/recursosidi\/wp-json\/wp\/v2\/donde?post=8622"},{"taxonomy":"infraestructura","embeddable":true,"href":"https:\/\/www.upm.es\/recursosidi\/wp-json\/wp\/v2\/infraestructura?post=8622"},{"taxonomy":"ods","embeddable":true,"href":"https:\/\/www.upm.es\/recursosidi\/wp-json\/wp\/v2\/ods?post=8622"},{"taxonomy":"origen","embeddable":true,"href":"https:\/\/www.upm.es\/recursosidi\/wp-json\/wp\/v2\/origen?post=8622"}],"curies":[{"name":"wp","href":"https:\/\/api.w.org\/{rel}","templated":true}]}}