{"id":8624,"date":"2021-11-25T14:15:13","date_gmt":"2021-11-25T13:15:13","guid":{"rendered":"https:\/\/www.upm.es\/recursosidi\/offers-resources\/sin categor\u00eda\/alimentador-de-antena-de-doble-banda-de-frecuencia-con-polarizacion-circular-diferente-en-cada-banda\/"},"modified":"2022-08-10T02:13:57","modified_gmt":"2022-08-10T00:13:57","slug":"alimentador-de-antena-de-doble-banda-de-frecuencia-con-polarizacion-circular-diferente-en-cada-banda","status":"publish","type":"product","link":"https:\/\/www.upm.es\/recursosidi\/offers-resources\/patentes\/alimentador-de-antena-de-doble-banda-de-frecuencia-con-polarizacion-circular-diferente-en-cada-banda\/","title":{"rendered":"Alimentador de antena de doble banda de frecuencia con polarizaci\u00f3n circular diferente en cada banda"},"content":{"rendered":"<h5>Descripci\u00f3n de la patente <\/h5>\n<p>Alimentador de antena de doble banda de frecuencia con polarizaci\u00f3n circular diferente en cada banda, de altas prestaciones el\u00e9ctricas y gran versatilidad en la interconexi\u00f3n mec\u00e1nica. El alimentador se basa en una nueva arquitectura que utiliza un diplexor (200) que combina las dos se\u00f1ales de entrada (L1, L2) en distintas bandas de frecuencia y con la misma polarizaci\u00f3n lineal en una gu\u00eda de onda, mientras que proporciona un elevado aislamiento entre las bandas de frecuencia. La gu\u00eda de onda monomodo de salida del diplexor permite hacer el encaminado de las se\u00f1ales de la forma m\u00e1s conveniente sin ninguna restricci\u00f3n geom\u00e9trica hasta llegar a un polarizador bifase (210) que se encarga de producir los desfasajes necesarios, en torno a +90\u00ba y -90\u00ba, en cada una de las bandas para obtener las polarizaciones circulares deseadas con un bajo nivel de relaci\u00f3n axial en cada banda de frecuencia.<\/p>\n<h5>Situaci\u00f3n <\/h5>\n<p>Concedida<\/p>\n<h5>N\u00famero de solicitud<\/h5>\n<p>P201331384<\/p>\n<h5>N\u00famero de publicaci\u00f3n<\/h5>\n<p>ES2441471<\/p>\n<h5>Fecha de presentaci\u00f3n <\/h5>\n<p>24\/09\/2013<\/p>\n<h5>Fecha de publicaci\u00f3n <\/h5>\n<p>04\/02\/2014<\/p>\n<h5>Fecha de concesi\u00f3n <\/h5>\n<p>06\/05\/2014<\/p>\n<div class=\"pdfprnt-buttons pdfprnt-buttons-product pdfprnt-bottom-left\"><a href=\"https:\/\/www.upm.es\/recursosidi\/wp-json\/wp\/v2\/product\/8624?print=pdf\" class=\"pdfprnt-button pdfprnt-button-pdf\" target=\"_blank\"><span class=\"pdfprnt-button-title pdfprnt-button-pdf-title\">Descargar ficha<\/span><\/a><\/div>","protected":false},"excerpt":{"rendered":"<p>Descripci\u00f3n de la patente Alimentador de antena de doble banda de frecuencia con polarizaci\u00f3n circular diferente en cada banda, de altas prestaciones el\u00e9ctricas y gran&hellip;<\/p>\n","protected":false},"featured_media":0,"template":"","meta":{"_acf_changed":false},"product_cat":[3946],"product_tag":[],"comunidades-upm":[],"quien":[],"mapa":[],"disponibilidad":[],"donde":[{"term_id":614,"name":"Grupo de Electromagnetismo Aplicado","slug":"grupo-de-electromagnetismo-aplicado","term_group":0,"term_taxonomy_id":614,"taxonomy":"donde","description":"","parent":0,"count":14,"filter":"raw","term_order":"0"},{"term_id":642,"name":"Information Processing and Telecommunications Center (IPTC)","slug":"information-processing-and-telecommunications-center-iptc","term_group":0,"term_taxonomy_id":642,"taxonomy":"donde","description":"","parent":0,"count":74,"filter":"raw","term_order":"0"}],"infraestructura":[],"ods":[],"origen":[{"term_id":180,"name":"Patente","slug":"patente","term_group":0,"term_taxonomy_id":180,"taxonomy":"origen","description":"","parent":0,"count":614,"filter":"raw","term_order":"0"}],"familia_tax":false,"quien_tax":false,"donde_tax":false,"year":"","contacto":"<strong>Principales: <\/strong><ul><li>JESUS M. REBOLLAR MACHAIN <blockquote><strong>jesusmaria.rebollar@upm.es<\/strong><\/blockquote><\/li><li>JOSE RAMON MONTEJO GARAI <blockquote><strong>joseramon.montejo@upm.es<\/strong><\/blockquote><\/li><li>Carlos Alberto Leal Sevillano <blockquote><strong>ca.leal@upm.es<\/strong><\/blockquote><\/li><\/ul><strong>Otros inventores: <\/strong><ul><li>Jorge AlfonsoRuiz Cruz <blockquote><strong>jorge.ruizcruz@uam.es<\/strong><\/blockquote> Universidad Aut\u00f3noma de Madrid (UAM)<\/li> <\/ul>","telefono":"","pagina_web":"","email":"","id_ficha_portal":"798","video":"","adjuntos":false,"adjuntos_portal":"https:\/\/www.upm.es\/S2i\/Acuse\/recuperarArchivo.jsp?id=798&id_archivo=2376&tipo=patente&extension=fichero ","inf":false,"departamento":"","acf":[],"lang":"es","translation":{"es":8624},"_links":{"self":[{"href":"https:\/\/www.upm.es\/recursosidi\/wp-json\/wp\/v2\/product\/8624"}],"collection":[{"href":"https:\/\/www.upm.es\/recursosidi\/wp-json\/wp\/v2\/product"}],"about":[{"href":"https:\/\/www.upm.es\/recursosidi\/wp-json\/wp\/v2\/types\/product"}],"wp:attachment":[{"href":"https:\/\/www.upm.es\/recursosidi\/wp-json\/wp\/v2\/media?parent=8624"}],"wp:term":[{"taxonomy":"product_cat","embeddable":true,"href":"https:\/\/www.upm.es\/recursosidi\/wp-json\/wp\/v2\/product_cat?post=8624"},{"taxonomy":"product_tag","embeddable":true,"href":"https:\/\/www.upm.es\/recursosidi\/wp-json\/wp\/v2\/product_tag?post=8624"},{"taxonomy":"comunidad_upm","embeddable":true,"href":"https:\/\/www.upm.es\/recursosidi\/wp-json\/wp\/v2\/comunidades-upm?post=8624"},{"taxonomy":"quien","embeddable":true,"href":"https:\/\/www.upm.es\/recursosidi\/wp-json\/wp\/v2\/quien?post=8624"},{"taxonomy":"mapa","embeddable":true,"href":"https:\/\/www.upm.es\/recursosidi\/wp-json\/wp\/v2\/mapa?post=8624"},{"taxonomy":"disponibilidad","embeddable":true,"href":"https:\/\/www.upm.es\/recursosidi\/wp-json\/wp\/v2\/disponibilidad?post=8624"},{"taxonomy":"donde","embeddable":true,"href":"https:\/\/www.upm.es\/recursosidi\/wp-json\/wp\/v2\/donde?post=8624"},{"taxonomy":"infraestructura","embeddable":true,"href":"https:\/\/www.upm.es\/recursosidi\/wp-json\/wp\/v2\/infraestructura?post=8624"},{"taxonomy":"ods","embeddable":true,"href":"https:\/\/www.upm.es\/recursosidi\/wp-json\/wp\/v2\/ods?post=8624"},{"taxonomy":"origen","embeddable":true,"href":"https:\/\/www.upm.es\/recursosidi\/wp-json\/wp\/v2\/origen?post=8624"}],"curies":[{"name":"wp","href":"https:\/\/api.w.org\/{rel}","templated":true}]}}