{"id":8626,"date":"2021-11-25T14:15:18","date_gmt":"2021-11-25T13:15:18","guid":{"rendered":"https:\/\/www.upm.es\/recursosidi\/offers-resources\/sin categor\u00eda\/receptor-para-celula-solar-adecuado-para-modulos-de-concentracion-solar-reflexivos\/"},"modified":"2022-08-10T02:14:03","modified_gmt":"2022-08-10T00:14:03","slug":"receptor-para-celula-solar-adecuado-para-modulos-de-concentracion-solar-reflexivos","status":"publish","type":"product","link":"https:\/\/www.upm.es\/recursosidi\/offers-resources\/patentes\/receptor-para-celula-solar-adecuado-para-modulos-de-concentracion-solar-reflexivos\/","title":{"rendered":"RECEPTOR PARA C\u00c9LULA SOLAR ADECUADO PARA M\u00d3DULOS DE CONCENTRACI\u00d3N SOLAR REFLEXIVOS"},"content":{"rendered":"<h5>Descripci\u00f3n de la patente <\/h5>\n<p>La presente invenci\u00f3n es un receptor para c\u00e9lula solar, constituido como un soporte de dicha c\u00e9lula, adecuado para m\u00f3dulos de concentrador solar reflexivos y el m\u00f3dulo solar que comprende una pluraidad de estos receptores solares. La invenci\u00f3n se caracteriza por una especial configuraci\u00f3n de un receptor para c\u00e9lulas solares que permite concatenar en serie una pluralidad de c\u00e9lulas solares resolviendo los problemas de sombra y de dificultad de fabricaci\u00f3n existentes en el estado de la t\u00e9cnica y adem\u00e1s la extensi\u00f3n de una pluralidad de c\u00e9lulas solares seg\u00fan la directriz admitiendo cambios de direcci\u00f3n. <\/p>\n<h5>N\u00famero de solicitud<\/h5>\n<p>EP13382191.8<\/p>\n<h5>N\u00famero de publicaci\u00f3n<\/h5>\n<p>EP2806468<\/p>\n<h5>Fecha de presentaci\u00f3n <\/h5>\n<p>24\/05\/2013<\/p>\n<h5>Fecha de publicaci\u00f3n <\/h5>\n<p>26\/11\/2014<\/p>\n<h4><strong>Extensiones Internacionales<\/strong><\/h4>\n<h5>EUROPA<\/h5>\n<p><strong>Referencia de la solicitud: <\/strong>EP14733100.3<br \/>\nEP3005422<br \/><strong>T\u00edtulo:\t\t\t\t\t   <\/strong>SOLAR CELL RECEIVER SUITABLE FOR REFLECTIVE SOLAR CONCENTRATOR MODULES <br \/><strong>Situacion: \t\t\t\t   <\/strong>Concedida<\/p>\n<h5>PA\u00cdSES<\/h5>\n<p><strong>Pa\u00eds: <\/strong>ESPA\u00d1A<br \/><strong>N\u00famero de solicitud: <\/strong>ES2641568T3<br \/><strong>Situaci\u00f3n: <\/strong>Concedida<\/p>\n<div class=\"pdfprnt-buttons pdfprnt-buttons-product pdfprnt-bottom-left\"><a href=\"https:\/\/www.upm.es\/recursosidi\/wp-json\/wp\/v2\/product\/8626?print=pdf\" class=\"pdfprnt-button pdfprnt-button-pdf\" target=\"_blank\"><span class=\"pdfprnt-button-title pdfprnt-button-pdf-title\">Descargar ficha<\/span><\/a><\/div>","protected":false},"excerpt":{"rendered":"<p>Descripci\u00f3n de la patente La presente invenci\u00f3n es un receptor para c\u00e9lula solar, constituido como un soporte de dicha c\u00e9lula, adecuado para m\u00f3dulos de concentrador&hellip;<\/p>\n","protected":false},"featured_media":0,"template":"","meta":{"_acf_changed":false},"product_cat":[3946],"product_tag":[],"comunidades-upm":[],"quien":[],"mapa":[],"disponibilidad":[],"donde":[{"term_id":236,"name":"Instituto de Energ\u00eda Solar (IES)","slug":"instituto-de-energia-solar-ies","term_group":0,"term_taxonomy_id":236,"taxonomy":"donde","description":"","parent":0,"count":41,"filter":"raw","term_order":"0"},{"term_id":426,"name":"Integraci\u00f3n de Sistemas e Instrumentos (ISI)","slug":"integracion-de-sistemas-e-instrumentos-isi","term_group":0,"term_taxonomy_id":426,"taxonomy":"donde","description":"El objetivo de nuestro grupo de investigaci&oacute;n es el abaratamiento de la electricidad de origen solar a trav&eacute;s del desarrollo de la tecnolog&iacute;a fotovoltaica de concentraci&oacute;n (m&aacute;s conocida por las siglas del t&eacute;rmino en ingl&eacute;s <em>Concentrator Photovoltaics<\/em>, CPV). Con este fin, nuestra actividad se centra principalmente en las <strong>l&iacute;neas de investigaci&oacute;n<\/strong> siguientes:\n&nbsp;\n\nNuevos conceptos en sistemas fotovoltaicos de concentraci&oacute;n\nInstrumentaci&oacute;n &oacute;ptica y el&eacute;ctrica de sistemas fotovoltaicos\nCaracterizaci&oacute;n de m&oacute;dulos y receptores fotovoltaicos de concentraci&oacute;n\nNuevos conceptos y procesos de fabricaci&oacute;n de &oacute;pticas de concentraci&oacute;n\nFiabilidad de los sistemas fotovoltaicos de concentraci&oacute;n\n","parent":0,"count":2,"filter":"raw","term_order":"0"}],"infraestructura":[],"ods":[],"origen":[{"term_id":180,"name":"Patente","slug":"patente","term_group":0,"term_taxonomy_id":180,"taxonomy":"origen","description":"","parent":0,"count":614,"filter":"raw","term_order":"0"}],"familia_tax":false,"quien_tax":false,"donde_tax":false,"year":"","contacto":"<strong>Principales: <\/strong><ul><li>GABRIEL SALA PANO <blockquote><strong>gabriel.sala@upm.es<\/strong><\/blockquote><\/li><li>CESAR DOMINGUEZ DOMINGUEZ <blockquote><strong>cesar.dominguez@upm.es<\/strong><\/blockquote><\/li><li>STEPHEN ASKINS . <blockquote><strong>steve.askins@upm.es<\/strong><\/blockquote><\/li><li>MARTA VICTORIA P\u00c9REZ <blockquote><strong>marta.victoria@upm.es<\/strong><\/blockquote><\/li><li>IGNACIO ANTON HERNANDEZ <blockquote><strong>i.anton@upm.es<\/strong><\/blockquote><\/li><\/ul>","telefono":"","pagina_web":"","email":"","id_ficha_portal":"773","video":"","adjuntos":false,"adjuntos_portal":"","inf":false,"departamento":"","acf":[],"lang":"es","translation":{"es":8626},"_links":{"self":[{"href":"https:\/\/www.upm.es\/recursosidi\/wp-json\/wp\/v2\/product\/8626"}],"collection":[{"href":"https:\/\/www.upm.es\/recursosidi\/wp-json\/wp\/v2\/product"}],"about":[{"href":"https:\/\/www.upm.es\/recursosidi\/wp-json\/wp\/v2\/types\/product"}],"wp:attachment":[{"href":"https:\/\/www.upm.es\/recursosidi\/wp-json\/wp\/v2\/media?parent=8626"}],"wp:term":[{"taxonomy":"product_cat","embeddable":true,"href":"https:\/\/www.upm.es\/recursosidi\/wp-json\/wp\/v2\/product_cat?post=8626"},{"taxonomy":"product_tag","embeddable":true,"href":"https:\/\/www.upm.es\/recursosidi\/wp-json\/wp\/v2\/product_tag?post=8626"},{"taxonomy":"comunidad_upm","embeddable":true,"href":"https:\/\/www.upm.es\/recursosidi\/wp-json\/wp\/v2\/comunidades-upm?post=8626"},{"taxonomy":"quien","embeddable":true,"href":"https:\/\/www.upm.es\/recursosidi\/wp-json\/wp\/v2\/quien?post=8626"},{"taxonomy":"mapa","embeddable":true,"href":"https:\/\/www.upm.es\/recursosidi\/wp-json\/wp\/v2\/mapa?post=8626"},{"taxonomy":"disponibilidad","embeddable":true,"href":"https:\/\/www.upm.es\/recursosidi\/wp-json\/wp\/v2\/disponibilidad?post=8626"},{"taxonomy":"donde","embeddable":true,"href":"https:\/\/www.upm.es\/recursosidi\/wp-json\/wp\/v2\/donde?post=8626"},{"taxonomy":"infraestructura","embeddable":true,"href":"https:\/\/www.upm.es\/recursosidi\/wp-json\/wp\/v2\/infraestructura?post=8626"},{"taxonomy":"ods","embeddable":true,"href":"https:\/\/www.upm.es\/recursosidi\/wp-json\/wp\/v2\/ods?post=8626"},{"taxonomy":"origen","embeddable":true,"href":"https:\/\/www.upm.es\/recursosidi\/wp-json\/wp\/v2\/origen?post=8626"}],"curies":[{"name":"wp","href":"https:\/\/api.w.org\/{rel}","templated":true}]}}