{"id":8633,"date":"2021-11-25T14:15:35","date_gmt":"2021-11-25T13:15:35","guid":{"rendered":"https:\/\/www.upm.es\/recursosidi\/offers-resources\/sin categor\u00eda\/sistema-sin-partes-moviles-ni-electrodos-y-procedimiento-para-vectorizar-el-empuje-en-motoresespaciales-de-plasma\/"},"modified":"2022-08-10T02:14:23","modified_gmt":"2022-08-10T00:14:23","slug":"sistema-sin-partes-moviles-ni-electrodos-y-procedimiento-para-vectorizar-el-empuje-en-motoresespaciales-de-plasma","status":"publish","type":"product","link":"https:\/\/www.upm.es\/recursosidi\/offers-resources\/patentes\/sistema-sin-partes-moviles-ni-electrodos-y-procedimiento-para-vectorizar-el-empuje-en-motoresespaciales-de-plasma\/","title":{"rendered":"SISTEMA SIN PARTES M\u00d3VILES NI ELECTRODOS Y PROCEDIMIENTO PARA VECTORIZAR EL EMPUJE EN MOTORES\r\nESPACIALES DE PLASMA"},"content":{"rendered":"<h5>Descripci\u00f3n de la patente <\/h5>\n<p>Sistema sin partes m\u00f3viles ni electrodos para obtener capacidad de empuje vectorial en motores espaciales de plasma con campo magn\u00e9tico esencialmente axial o carentes de campo magn\u00e9tico aplicado, m\u00e1s procedimiento de operaci\u00f3n asociado. El sistema comprende tres o m\u00e1s bobinas conductoras no alineadas (1) que se sit\u00faan a la salida del motor coaxialmente con el mismo, alimentadas el\u00e9ctricamente con corriente continua de forma independiente, capaces de generar una tobera magn\u00e9tica (6) que gu\u00eda la expansi\u00f3n del plasma y opcionalmente lo deflecta lateralmente. El procedimiento de operaci\u00f3n comprende la elecci\u00f3n de la corriente el\u00e9ctrica en cada bobina para cambiar a voluntad la direcci\u00f3n de la tobera magn\u00e9tica y por tanto del chorro de plasma eyectado y el vector empuje dentro de un amplio rango angular.<\/p>\n<h5>Situaci\u00f3n <\/h5>\n<p>Concedida<\/p>\n<h5>N\u00famero de solicitud<\/h5>\n<p>P201331790<\/p>\n<h5>N\u00famero de publicaci\u00f3n<\/h5>\n<p>ES2540167_A1<\/p>\n<h5>Fecha de presentaci\u00f3n <\/h5>\n<p>05\/12\/2013<\/p>\n<h5>Fecha de concesi\u00f3n <\/h5>\n<p>01\/12\/2015<\/p>\n<div class=\"pdfprnt-buttons pdfprnt-buttons-product pdfprnt-bottom-left\"><a href=\"https:\/\/www.upm.es\/recursosidi\/wp-json\/wp\/v2\/product\/8633?print=pdf\" class=\"pdfprnt-button pdfprnt-button-pdf\" target=\"_blank\"><span class=\"pdfprnt-button-title pdfprnt-button-pdf-title\">Descargar ficha<\/span><\/a><\/div>","protected":false},"excerpt":{"rendered":"<p>Descripci\u00f3n de la patente Sistema sin partes m\u00f3viles ni electrodos para obtener capacidad de empuje vectorial en motores espaciales de plasma con campo magn\u00e9tico esencialmente&hellip;<\/p>\n","protected":false},"featured_media":0,"template":"","meta":{"_acf_changed":false},"product_cat":[3946],"product_tag":[],"comunidades-upm":[],"quien":[],"mapa":[],"disponibilidad":[],"donde":[{"term_id":42,"name":"UPM","slug":"upm","term_group":0,"term_taxonomy_id":42,"taxonomy":"donde","description":"Universidad Polit\u00e9cnica de Madrid\r\nHTML \"Lorem ipsum dolor sit amet, consectetur adipiscing elit, sed do eiusmod tempor incididunt ut labore et dolore magna aliqua. Ut enim ad minim veniam, quis nostrud exercitation ullamco laboris nisi ut aliquip ex ea commodo consequat. Duis aute irure dolor in reprehenderit in voluptate velit esse cillum dolore eu fugiat nulla pariatur. Excepteur sint occaecat cupidatat non proident, sunt in culpa qui officia deserunt mollit anim id est laborum.\"","parent":0,"count":146,"filter":"raw","term_order":"0"}],"infraestructura":[],"ods":[],"origen":[{"term_id":180,"name":"Patente","slug":"patente","term_group":0,"term_taxonomy_id":180,"taxonomy":"origen","description":"","parent":0,"count":614,"filter":"raw","term_order":"0"}],"familia_tax":false,"quien_tax":false,"donde_tax":false,"year":"","contacto":"<ul><li><blockquote><strong>otri.investigacion@upm.es<\/strong><\/blockquote><\/li><\/ul>","telefono":"","pagina_web":"","email":"","id_ficha_portal":"801","video":"","adjuntos":false,"adjuntos_portal":"","inf":false,"departamento":"","acf":[],"lang":"es","translation":{"es":8633},"_links":{"self":[{"href":"https:\/\/www.upm.es\/recursosidi\/wp-json\/wp\/v2\/product\/8633"}],"collection":[{"href":"https:\/\/www.upm.es\/recursosidi\/wp-json\/wp\/v2\/product"}],"about":[{"href":"https:\/\/www.upm.es\/recursosidi\/wp-json\/wp\/v2\/types\/product"}],"wp:attachment":[{"href":"https:\/\/www.upm.es\/recursosidi\/wp-json\/wp\/v2\/media?parent=8633"}],"wp:term":[{"taxonomy":"product_cat","embeddable":true,"href":"https:\/\/www.upm.es\/recursosidi\/wp-json\/wp\/v2\/product_cat?post=8633"},{"taxonomy":"product_tag","embeddable":true,"href":"https:\/\/www.upm.es\/recursosidi\/wp-json\/wp\/v2\/product_tag?post=8633"},{"taxonomy":"comunidad_upm","embeddable":true,"href":"https:\/\/www.upm.es\/recursosidi\/wp-json\/wp\/v2\/comunidades-upm?post=8633"},{"taxonomy":"quien","embeddable":true,"href":"https:\/\/www.upm.es\/recursosidi\/wp-json\/wp\/v2\/quien?post=8633"},{"taxonomy":"mapa","embeddable":true,"href":"https:\/\/www.upm.es\/recursosidi\/wp-json\/wp\/v2\/mapa?post=8633"},{"taxonomy":"disponibilidad","embeddable":true,"href":"https:\/\/www.upm.es\/recursosidi\/wp-json\/wp\/v2\/disponibilidad?post=8633"},{"taxonomy":"donde","embeddable":true,"href":"https:\/\/www.upm.es\/recursosidi\/wp-json\/wp\/v2\/donde?post=8633"},{"taxonomy":"infraestructura","embeddable":true,"href":"https:\/\/www.upm.es\/recursosidi\/wp-json\/wp\/v2\/infraestructura?post=8633"},{"taxonomy":"ods","embeddable":true,"href":"https:\/\/www.upm.es\/recursosidi\/wp-json\/wp\/v2\/ods?post=8633"},{"taxonomy":"origen","embeddable":true,"href":"https:\/\/www.upm.es\/recursosidi\/wp-json\/wp\/v2\/origen?post=8633"}],"curies":[{"name":"wp","href":"https:\/\/api.w.org\/{rel}","templated":true}]}}