{"id":8647,"date":"2021-11-25T14:16:10","date_gmt":"2021-11-25T13:16:10","guid":{"rendered":"https:\/\/www.upm.es\/recursosidi\/offers-resources\/sin categor\u00eda\/sistema-de-control-domotico-programable-con-capacidad-de-gestion-energetica-para-cerramiento-activo-transparente-o-translucido\/"},"modified":"2022-08-10T02:15:04","modified_gmt":"2022-08-10T00:15:04","slug":"sistema-de-control-domotico-programable-con-capacidad-de-gestion-energetica-para-cerramiento-activo-transparente-o-translucido","status":"publish","type":"product","link":"https:\/\/www.upm.es\/recursosidi\/offers-resources\/patentes\/sistema-de-control-domotico-programable-con-capacidad-de-gestion-energetica-para-cerramiento-activo-transparente-o-translucido\/","title":{"rendered":"Sistema de control dom\u00f3tico programable con capacidad de gesti\u00f3n energ\u00e9tica para cerramiento activo transparente o transl\u00facido"},"content":{"rendered":"<h5>Descripci\u00f3n de la patente <\/h5>\n<p>El sistema de control dom\u00f3tico programable (1) con capacidad de gesti\u00f3n energ\u00e9tica para<br \/>\ncerramiento (partici\u00f3n interior) activo transparente transl\u00facido de un edificio, comprende:<br \/>\nuna unidad de control programable 2; una unidad de gesti\u00f3n energ\u00e9tica (3); una unidad de<br \/>\nconexi\u00f3n de sensores (4); una unidad de gesti\u00f3n de actuadores (5); una unidad de registro<br \/>\nde datos (6); una fuente de alimentaci\u00f3n (7); una unidad de gesti\u00f3n de comunicaciones (8)<br \/>\nque permite su conexi\u00f3n con una red exterior (13); un interfaz de usuario (9); una estaci\u00f3n<br \/>\nmeteorol\u00f3gica (10); un concentrador de sensores (11) y un concentrador de actuadores<br \/>\n(12), de manera que mediante dichos elementos y a partir de una serie de redes de<br \/>\nsensores, el sistema de control de cerramiento o partici\u00f3n activo, materializado con un<br \/>\nacristalamiento activo (14), es capaz de medir los par\u00e1metros higrot\u00e9rmicos tanto interiores<br \/>\ncomo exteriores, llevando a cabo las acciones de control oportunas para optimizar tanto la<br \/>\ngesti\u00f3n energ\u00e9tica del acristalamiento activo (14) como las condiciones de confort del<br \/>\ninterior del edificio.<\/p>\n<h5>Situaci\u00f3n <\/h5>\n<p>Concedida<\/p>\n<h5>N\u00famero de solicitud<\/h5>\n<p>P201331755<\/p>\n<h5>N\u00famero de publicaci\u00f3n<\/h5>\n<p>ES2537130<\/p>\n<h5>Fecha de presentaci\u00f3n <\/h5>\n<p>02\/12\/2013<\/p>\n<h5>Fecha de publicaci\u00f3n <\/h5>\n<p>02\/06\/2015<\/p>\n<h5>Fecha de concesi\u00f3n <\/h5>\n<p>22\/09\/2015<\/p>\n<div class=\"pdfprnt-buttons pdfprnt-buttons-product pdfprnt-bottom-left\"><a href=\"https:\/\/www.upm.es\/recursosidi\/wp-json\/wp\/v2\/product\/8647?print=pdf\" class=\"pdfprnt-button pdfprnt-button-pdf\" target=\"_blank\"><span class=\"pdfprnt-button-title pdfprnt-button-pdf-title\">Descargar ficha<\/span><\/a><\/div>","protected":false},"excerpt":{"rendered":"<p>Descripci\u00f3n de la patente El sistema de control dom\u00f3tico programable (1) con capacidad de gesti\u00f3n energ\u00e9tica para cerramiento (partici\u00f3n interior) activo transparente transl\u00facido de un&hellip;<\/p>\n","protected":false},"featured_media":0,"template":"","meta":{"_acf_changed":false},"product_cat":[3946],"product_tag":[],"comunidades-upm":[],"quien":[],"mapa":[],"disponibilidad":[],"donde":[{"term_id":258,"name":"Innovaci\u00f3n en procesos urbanos y tecnolog\u00edas de la edificaci\u00f3n","slug":"innovacion-en-procesos-urbanos-y-tecnologias-de-la-edificacion","term_group":0,"term_taxonomy_id":258,"taxonomy":"donde","description":"","parent":0,"count":5,"filter":"raw","term_order":"0"},{"term_id":272,"name":"Modelos Matem\u00e1ticos no Lineales","slug":"modelos-matematicos-no-lineales","term_group":0,"term_taxonomy_id":272,"taxonomy":"donde","description":"","parent":0,"count":3,"filter":"raw","term_order":"0"}],"infraestructura":[],"ods":[],"origen":[{"term_id":180,"name":"Patente","slug":"patente","term_group":0,"term_taxonomy_id":180,"taxonomy":"origen","description":"","parent":0,"count":614,"filter":"raw","term_order":"0"}],"familia_tax":false,"quien_tax":false,"donde_tax":false,"year":"","contacto":"<strong>Principales: <\/strong><ul><li>BENITO LAURET AGUIRREGABIRIA <blockquote><strong>benito.lauret@upm.es<\/strong><\/blockquote><\/li><li>JUAN FRANCISCO PADIAL MOLINA <blockquote><strong>jf.padial@upm.es<\/strong><\/blockquote><\/li><li>LUIS JES\u00faS CLAROS MARFIL <blockquote><strong>lj.claros@alumnos.upm.es<\/strong><\/blockquote><\/li><li>GRACIELA OVANDO VACAREZZA <blockquote><strong>graciela.ovando@upm.es<\/strong><\/blockquote><\/li><li>JUAN MIGUEL LIROLA PEREZ <blockquote><strong>juanmi.lirolaperez@upm.es<\/strong><\/blockquote><\/li><\/ul><strong>Otros inventores UPM: <\/strong><ul><li>M\u00aa Jos\u00e9 Artacho Reinoso<\/li><li>Antonio Zambrana Pineda<\/li><li>Fernando Ben\u00edtez D\u00edaz <\/li><\/ul>","telefono":"","pagina_web":"","email":"","id_ficha_portal":"827","video":"","adjuntos":false,"adjuntos_portal":"https:\/\/www.upm.es\/S2i\/Acuse\/recuperarArchivo.jsp?id=827&id_archivo=3846&tipo=patente&extension=fichero ","inf":false,"departamento":"","acf":[],"lang":"es","translation":{"es":8647},"_links":{"self":[{"href":"https:\/\/www.upm.es\/recursosidi\/wp-json\/wp\/v2\/product\/8647"}],"collection":[{"href":"https:\/\/www.upm.es\/recursosidi\/wp-json\/wp\/v2\/product"}],"about":[{"href":"https:\/\/www.upm.es\/recursosidi\/wp-json\/wp\/v2\/types\/product"}],"wp:attachment":[{"href":"https:\/\/www.upm.es\/recursosidi\/wp-json\/wp\/v2\/media?parent=8647"}],"wp:term":[{"taxonomy":"product_cat","embeddable":true,"href":"https:\/\/www.upm.es\/recursosidi\/wp-json\/wp\/v2\/product_cat?post=8647"},{"taxonomy":"product_tag","embeddable":true,"href":"https:\/\/www.upm.es\/recursosidi\/wp-json\/wp\/v2\/product_tag?post=8647"},{"taxonomy":"comunidad_upm","embeddable":true,"href":"https:\/\/www.upm.es\/recursosidi\/wp-json\/wp\/v2\/comunidades-upm?post=8647"},{"taxonomy":"quien","embeddable":true,"href":"https:\/\/www.upm.es\/recursosidi\/wp-json\/wp\/v2\/quien?post=8647"},{"taxonomy":"mapa","embeddable":true,"href":"https:\/\/www.upm.es\/recursosidi\/wp-json\/wp\/v2\/mapa?post=8647"},{"taxonomy":"disponibilidad","embeddable":true,"href":"https:\/\/www.upm.es\/recursosidi\/wp-json\/wp\/v2\/disponibilidad?post=8647"},{"taxonomy":"donde","embeddable":true,"href":"https:\/\/www.upm.es\/recursosidi\/wp-json\/wp\/v2\/donde?post=8647"},{"taxonomy":"infraestructura","embeddable":true,"href":"https:\/\/www.upm.es\/recursosidi\/wp-json\/wp\/v2\/infraestructura?post=8647"},{"taxonomy":"ods","embeddable":true,"href":"https:\/\/www.upm.es\/recursosidi\/wp-json\/wp\/v2\/ods?post=8647"},{"taxonomy":"origen","embeddable":true,"href":"https:\/\/www.upm.es\/recursosidi\/wp-json\/wp\/v2\/origen?post=8647"}],"curies":[{"name":"wp","href":"https:\/\/api.w.org\/{rel}","templated":true}]}}