{"id":8659,"date":"2021-11-25T14:16:39","date_gmt":"2021-11-25T13:16:39","guid":{"rendered":"https:\/\/www.upm.es\/recursosidi\/offers-resources\/sin categor\u00eda\/mejoras-relativas-a-un-ladrillo-ceramico-con-huecos-hexagonales\/"},"modified":"2022-08-10T02:15:40","modified_gmt":"2022-08-10T00:15:40","slug":"mejoras-relativas-a-un-ladrillo-ceramico-con-huecos-hexagonales","status":"publish","type":"product","link":"https:\/\/www.upm.es\/recursosidi\/offers-resources\/patentes\/mejoras-relativas-a-un-ladrillo-ceramico-con-huecos-hexagonales\/","title":{"rendered":"Mejoras relativas a un ladrillo cer\u00e1mico con huecos hexagonales"},"content":{"rendered":"<h5>Descripci\u00f3n de la patente <\/h5>\n<p>Mejoras relativas a un ladrillo cer\u00e1mico con huecos hexagonales, que presenta los<br \/>\nhuecos hexagonales irregulares con dos de los \u00e1ngulos opuestos mayores de 120\u00ba, mientras que los otros cuatro \u00e1ngulos son menores de 120\u00ba. La diagonal que discurre entre los v\u00e9rtices de los \u00e1ngulos mayores de 120\u00ba es perpendicular a las caras exteriores del ladrillo. Justifican nuevos dise\u00f1os de ladrillos cer\u00e1micos con huecos horizontales hexagonales, entre otros.<\/p>\n<h5>Situaci\u00f3n <\/h5>\n<p>Concedida<\/p>\n<h5>N\u00famero de solicitud<\/h5>\n<p>P201430877<\/p>\n<h5>N\u00famero de publicaci\u00f3n<\/h5>\n<p>ES 2495540 A1<br \/>\nES 2495540_B2<\/p>\n<h5>Fecha de presentaci\u00f3n <\/h5>\n<p>06\/06\/2014<\/p>\n<h5>Fecha de publicaci\u00f3n <\/h5>\n<p>17\/09\/2014<\/p>\n<h5>Fecha de concesi\u00f3n <\/h5>\n<p>04\/05\/2015<\/p>\n<div class=\"pdfprnt-buttons pdfprnt-buttons-product pdfprnt-bottom-left\"><a href=\"https:\/\/www.upm.es\/recursosidi\/wp-json\/wp\/v2\/product\/8659?print=pdf\" class=\"pdfprnt-button pdfprnt-button-pdf\" target=\"_blank\"><span class=\"pdfprnt-button-title pdfprnt-button-pdf-title\">Descargar ficha<\/span><\/a><\/div>","protected":false},"excerpt":{"rendered":"<p>Descripci\u00f3n de la patente Mejoras relativas a un ladrillo cer\u00e1mico con huecos hexagonales, que presenta los huecos hexagonales irregulares con dos de los \u00e1ngulos opuestos&hellip;<\/p>\n","protected":false},"featured_media":0,"template":"","meta":{"_acf_changed":false},"product_cat":[3946],"product_tag":[],"comunidades-upm":[],"quien":[],"mapa":[],"disponibilidad":[],"donde":[{"term_id":608,"name":"An\u00e1lisis y Caracterizaci\u00f3n \u00d3ptica de Materiales","slug":"analisis-y-caracterizacion-optica-de-materiales","term_group":0,"term_taxonomy_id":608,"taxonomy":"donde","description":"","parent":0,"count":15,"filter":"raw","term_order":"0"},{"term_id":458,"name":"Grupo de Automatizaci\u00f3n en Se\u00f1al y Comunicaciones (GASC)","slug":"grupo-de-automatizacion-en-senal-y-comunicaciones-gasc","term_group":0,"term_taxonomy_id":458,"taxonomy":"donde","description":"","parent":0,"count":11,"filter":"raw","term_order":"0"}],"infraestructura":[],"ods":[],"origen":[{"term_id":180,"name":"Patente","slug":"patente","term_group":0,"term_taxonomy_id":180,"taxonomy":"origen","description":"","parent":0,"count":614,"filter":"raw","term_order":"0"}],"familia_tax":false,"quien_tax":false,"donde_tax":false,"year":"","contacto":"<strong>Principales: <\/strong><ul><li>FRANCISCO FERNANDEZ MARTINEZ <blockquote><strong>francisco.fernandezm@upm.es<\/strong><\/blockquote><\/li><li>FRANCISCO HERNANDEZ OLIVARES <blockquote><strong>f.hernandez@upm.es<\/strong><\/blockquote><\/li><li>DAVID CORBELLA RIBES <blockquote><strong>david.corbella@upm.es<\/strong><\/blockquote><\/li><\/ul>","telefono":"","pagina_web":"","email":"","id_ficha_portal":"903","video":"","adjuntos":false,"adjuntos_portal":"","inf":false,"departamento":"","acf":[],"lang":"es","translation":{"es":8659},"_links":{"self":[{"href":"https:\/\/www.upm.es\/recursosidi\/wp-json\/wp\/v2\/product\/8659"}],"collection":[{"href":"https:\/\/www.upm.es\/recursosidi\/wp-json\/wp\/v2\/product"}],"about":[{"href":"https:\/\/www.upm.es\/recursosidi\/wp-json\/wp\/v2\/types\/product"}],"wp:attachment":[{"href":"https:\/\/www.upm.es\/recursosidi\/wp-json\/wp\/v2\/media?parent=8659"}],"wp:term":[{"taxonomy":"product_cat","embeddable":true,"href":"https:\/\/www.upm.es\/recursosidi\/wp-json\/wp\/v2\/product_cat?post=8659"},{"taxonomy":"product_tag","embeddable":true,"href":"https:\/\/www.upm.es\/recursosidi\/wp-json\/wp\/v2\/product_tag?post=8659"},{"taxonomy":"comunidad_upm","embeddable":true,"href":"https:\/\/www.upm.es\/recursosidi\/wp-json\/wp\/v2\/comunidades-upm?post=8659"},{"taxonomy":"quien","embeddable":true,"href":"https:\/\/www.upm.es\/recursosidi\/wp-json\/wp\/v2\/quien?post=8659"},{"taxonomy":"mapa","embeddable":true,"href":"https:\/\/www.upm.es\/recursosidi\/wp-json\/wp\/v2\/mapa?post=8659"},{"taxonomy":"disponibilidad","embeddable":true,"href":"https:\/\/www.upm.es\/recursosidi\/wp-json\/wp\/v2\/disponibilidad?post=8659"},{"taxonomy":"donde","embeddable":true,"href":"https:\/\/www.upm.es\/recursosidi\/wp-json\/wp\/v2\/donde?post=8659"},{"taxonomy":"infraestructura","embeddable":true,"href":"https:\/\/www.upm.es\/recursosidi\/wp-json\/wp\/v2\/infraestructura?post=8659"},{"taxonomy":"ods","embeddable":true,"href":"https:\/\/www.upm.es\/recursosidi\/wp-json\/wp\/v2\/ods?post=8659"},{"taxonomy":"origen","embeddable":true,"href":"https:\/\/www.upm.es\/recursosidi\/wp-json\/wp\/v2\/origen?post=8659"}],"curies":[{"name":"wp","href":"https:\/\/api.w.org\/{rel}","templated":true}]}}