{"id":8703,"date":"2021-11-25T14:18:28","date_gmt":"2021-11-25T13:18:28","guid":{"rendered":"https:\/\/www.upm.es\/recursosidi\/offers-resources\/sin categor\u00eda\/metodo-para-la-identificacion-de-exceso-o-defecto-de-combustible-en-cilindros-de-motores-de-combustion-interna-empleados-en-generacion-electrica\/"},"modified":"2022-08-10T02:17:48","modified_gmt":"2022-08-10T00:17:48","slug":"metodo-para-la-identificacion-de-exceso-o-defecto-de-combustible-en-cilindros-de-motores-de-combustion-interna-empleados-en-generacion-electrica","status":"publish","type":"product","link":"https:\/\/www.upm.es\/recursosidi\/offers-resources\/patentes\/metodo-para-la-identificacion-de-exceso-o-defecto-de-combustible-en-cilindros-de-motores-de-combustion-interna-empleados-en-generacion-electrica\/","title":{"rendered":"M\u00e9todo para la identificaci\u00f3n de exceso o defecto de combustible en cilindros de motores de combusti\u00f3n interna empleados en generaci\u00f3n el\u00e9ctrica"},"content":{"rendered":"<h5>Descripci\u00f3n de la patente <\/h5>\n<p>combustible en motores de combusti\u00f3n interna, empleados en generaci\u00f3n el\u00e9ctrica mediante del an\u00e1lisis de los distintos arm\u00f3nicos de las fluctuaciones el\u00e9ctricas.<br \/>\nPara ello se deben medir variables el\u00e9ctricas y adem\u00e1s una referencia fija en el eje o en el \u00e1rbol de levas para motores de dos o cuatro tiempos respectivamente.<\/p>\n<h5>Situaci\u00f3n <\/h5>\n<p>Concedida<\/p>\n<h5>N\u00famero de solicitud<\/h5>\n<p>P201531672<\/p>\n<h5>N\u00famero de publicaci\u00f3n<\/h5>\n<p>ES2613270<\/p>\n<h5>Fecha de presentaci\u00f3n <\/h5>\n<p>19\/11\/2015<\/p>\n<h5>Fecha de publicaci\u00f3n <\/h5>\n<p>23\/05\/2017<\/p>\n<h5>Fecha de concesi\u00f3n <\/h5>\n<p>09\/02\/2018<\/p>\n<div class=\"pdfprnt-buttons pdfprnt-buttons-product pdfprnt-bottom-left\"><a href=\"https:\/\/www.upm.es\/recursosidi\/wp-json\/wp\/v2\/product\/8703?print=pdf\" class=\"pdfprnt-button pdfprnt-button-pdf\" target=\"_blank\"><span class=\"pdfprnt-button-title pdfprnt-button-pdf-title\">Descargar ficha<\/span><\/a><\/div>","protected":false},"excerpt":{"rendered":"<p>Descripci\u00f3n de la patente combustible en motores de combusti\u00f3n interna, empleados en generaci\u00f3n el\u00e9ctrica mediante del an\u00e1lisis de los distintos arm\u00f3nicos de las fluctuaciones el\u00e9ctricas.&hellip;<\/p>\n","protected":false},"featured_media":0,"template":"","meta":{"_acf_changed":false},"product_cat":[3946],"product_tag":[],"comunidades-upm":[],"quien":[],"mapa":[],"disponibilidad":[],"donde":[{"term_id":374,"name":"Generaci\u00f3n el\u00e9ctrica con energ\u00eda e\u00f3lica","slug":"generacion-electrica-con-energia-eolica","term_group":0,"term_taxonomy_id":374,"taxonomy":"donde","description":"","parent":0,"count":70,"filter":"raw","term_order":"0"}],"infraestructura":[],"ods":[],"origen":[{"term_id":180,"name":"Patente","slug":"patente","term_group":0,"term_taxonomy_id":180,"taxonomy":"origen","description":"","parent":0,"count":614,"filter":"raw","term_order":"0"}],"familia_tax":false,"quien_tax":false,"donde_tax":false,"year":"","contacto":"<strong>Principales: <\/strong><ul><li>CARLOS ANTONIO PLATERO GAONA <blockquote><strong>carlosantonio.platero@upm.es<\/strong><\/blockquote><\/li><\/ul><strong>Otros inventores UPM: <\/strong><ul><li>Fernando Nieto Su\u00e1rez<\/li><\/ul>","telefono":"","pagina_web":"","email":"","id_ficha_portal":"1148","video":"","adjuntos":false,"adjuntos_portal":"https:\/\/www.upm.es\/S2i\/Acuse\/recuperarArchivo.jsp?id=1148&id_archivo=8750&tipo=patente&extension=fichero ","inf":false,"departamento":"","acf":[],"lang":"es","translation":{"es":8703},"_links":{"self":[{"href":"https:\/\/www.upm.es\/recursosidi\/wp-json\/wp\/v2\/product\/8703"}],"collection":[{"href":"https:\/\/www.upm.es\/recursosidi\/wp-json\/wp\/v2\/product"}],"about":[{"href":"https:\/\/www.upm.es\/recursosidi\/wp-json\/wp\/v2\/types\/product"}],"wp:attachment":[{"href":"https:\/\/www.upm.es\/recursosidi\/wp-json\/wp\/v2\/media?parent=8703"}],"wp:term":[{"taxonomy":"product_cat","embeddable":true,"href":"https:\/\/www.upm.es\/recursosidi\/wp-json\/wp\/v2\/product_cat?post=8703"},{"taxonomy":"product_tag","embeddable":true,"href":"https:\/\/www.upm.es\/recursosidi\/wp-json\/wp\/v2\/product_tag?post=8703"},{"taxonomy":"comunidad_upm","embeddable":true,"href":"https:\/\/www.upm.es\/recursosidi\/wp-json\/wp\/v2\/comunidades-upm?post=8703"},{"taxonomy":"quien","embeddable":true,"href":"https:\/\/www.upm.es\/recursosidi\/wp-json\/wp\/v2\/quien?post=8703"},{"taxonomy":"mapa","embeddable":true,"href":"https:\/\/www.upm.es\/recursosidi\/wp-json\/wp\/v2\/mapa?post=8703"},{"taxonomy":"disponibilidad","embeddable":true,"href":"https:\/\/www.upm.es\/recursosidi\/wp-json\/wp\/v2\/disponibilidad?post=8703"},{"taxonomy":"donde","embeddable":true,"href":"https:\/\/www.upm.es\/recursosidi\/wp-json\/wp\/v2\/donde?post=8703"},{"taxonomy":"infraestructura","embeddable":true,"href":"https:\/\/www.upm.es\/recursosidi\/wp-json\/wp\/v2\/infraestructura?post=8703"},{"taxonomy":"ods","embeddable":true,"href":"https:\/\/www.upm.es\/recursosidi\/wp-json\/wp\/v2\/ods?post=8703"},{"taxonomy":"origen","embeddable":true,"href":"https:\/\/www.upm.es\/recursosidi\/wp-json\/wp\/v2\/origen?post=8703"}],"curies":[{"name":"wp","href":"https:\/\/api.w.org\/{rel}","templated":true}]}}