{"id":8706,"date":"2021-11-25T14:18:35","date_gmt":"2021-11-25T13:18:35","guid":{"rendered":"https:\/\/www.upm.es\/recursosidi\/offers-resources\/sin categor\u00eda\/reometro-interfacial-de-cizalla-por-aguja-magnetica-y-sistema-y-metodo-de-accionamiento-del-mismo\/"},"modified":"2022-08-10T02:17:57","modified_gmt":"2022-08-10T00:17:57","slug":"reometro-interfacial-de-cizalla-por-aguja-magnetica-y-sistema-y-metodo-de-accionamiento-del-mismo","status":"publish","type":"product","link":"https:\/\/www.upm.es\/recursosidi\/offers-resources\/patentes\/reometro-interfacial-de-cizalla-por-aguja-magnetica-y-sistema-y-metodo-de-accionamiento-del-mismo\/","title":{"rendered":"Re\u00f3metro interfacial de cizalla por aguja magn\u00e9tica y sistema y m\u00e9todo de accionamiento del mismo"},"content":{"rendered":"<h5>Descripci\u00f3n de la patente <\/h5>\n<p>Re\u00f3metro interfacial de cizalla por aguja magn\u00e9tica y<br \/>\nsistema y m\u00e9todo de accionamiento del mismo. El<br \/>\nsistema de accionamiento de la aguja de un re\u00f3metro<br \/>\ninterfacial de cizalla por aguja magn\u00e9tica comprende<br \/>\ndos imanes (13) permanentes con ejes de imanaci\u00f3n<br \/>\nperpendiculares al plano de la interfase en el que se<br \/>\nsit\u00faa la aguja magn\u00e9tica (3) del re\u00f3metro (30). Los<br \/>\nimanes (13) est\u00e1n ubicados a una misma distancia (h)<br \/>\nde dicho plano y con sus polaridades invertidas uno<br \/>\ncon respecto al otro. El sistema de accionamiento<br \/>\ntambi\u00e9n comprende medios de accionamiento (15)<br \/>\npara desplazar los imanes (13) de forma oscilatoria a<br \/>\nuna  frecuencia  {oe}  en  una  direcci\u00f3n  longitudinal<br \/>\nparalela  al  plano  de  la  interfase,  manteniendo<br \/>\nconstante la distancia entre los imanes (d).<br \/>\nEntre otras ventajas, la presente invenci\u00f3n permite un<br \/>\nposicionamiento inicial de la aguja (3) muy preciso,<br \/>\nas\u00ed  como  una  perfecta  caracterizaci\u00f3n  de  las<br \/>\npropiedades  reol\u00f3gicas  de  pel\u00edculas  delgadas  a<br \/>\nfrecuencias bajas.<\/p>\n<h5>Situaci\u00f3n <\/h5>\n<p>Concedida<\/p>\n<h5>N\u00famero de solicitud<\/h5>\n<p>P201531113<\/p>\n<h5>N\u00famero de publicaci\u00f3n<\/h5>\n<p>ES2603603<\/p>\n<h5>Fecha de presentaci\u00f3n <\/h5>\n<p>28\/07\/2015<\/p>\n<h5>Fecha de publicaci\u00f3n <\/h5>\n<p>28\/02\/2017<\/p>\n<h5>Fecha de concesi\u00f3n <\/h5>\n<p>01\/12\/2017<\/p>\n<div class=\"pdfprnt-buttons pdfprnt-buttons-product pdfprnt-bottom-left\"><a href=\"https:\/\/www.upm.es\/recursosidi\/wp-json\/wp\/v2\/product\/8706?print=pdf\" class=\"pdfprnt-button pdfprnt-button-pdf\" target=\"_blank\"><span class=\"pdfprnt-button-title pdfprnt-button-pdf-title\">Descargar ficha<\/span><\/a><\/div>","protected":false},"excerpt":{"rendered":"<p>Descripci\u00f3n de la patente Re\u00f3metro interfacial de cizalla por aguja magn\u00e9tica y sistema y m\u00e9todo de accionamiento del mismo. El sistema de accionamiento de la&hellip;<\/p>\n","protected":false},"featured_media":0,"template":"","meta":{"_acf_changed":false},"product_cat":[3946],"product_tag":[],"comunidades-upm":[],"quien":[],"mapa":[],"disponibilidad":[],"donde":[{"term_id":316,"name":"Grupo de Sistemas Complejos","slug":"grupo-de-sistemas-complejos","term_group":0,"term_taxonomy_id":316,"taxonomy":"donde","description":"El GSC tiene amplia experiencia en &aacute;reas relacionadas con sistemas complejos, tratamiento de datos masivos, din&aacute;mica no lineal y caos, y es de car&aacute;cter fuertemente interdisciplinar, investigando en &aacute;reas tan variadas como la f&iacute;sica, matem&aacute;ticas, &oacute;ptica, sociolog&iacute;a, medicina, biolog&iacute;a y agroambiental.\n&nbsp;\nEl trabajo que realizamos se centra en las siguientes<strong> l&iacute;neas de investigaci&oacute;n<\/strong>:\n\n<strong>Redes complejas: <\/strong>Modelizaci&oacute;n y estudio del comportamiento de diversos sistemas complejos. Interacciones mutualistas en redes ecol&oacute;gicas, an&aacute;lisis del comportamiento humano en redes sociales (Twitter), movilidad y actividades econ&oacute;micas. Aplicaciones a la cooperaci&oacute;n y el desarrollo en la agricultura.\n<strong>Big Data:<\/strong> Tratamiento, an&aacute;lisis y modelizaci&oacute;n de datos masivos procedentes de redes sociales, de telefon&iacute;a m&oacute;vil, de transporte, del &aacute;rea de la salud, agronom&iacute;a, sensores, smart cities, etc.\n<strong>Aut&oacute;matas Celulares<\/strong>: Estudio de sistemas discretos en todas sus componentes, estructurados espacialmente y con din&aacute;mica sincronizada.\n<strong>Caos Cl&aacute;sico y Cu&aacute;ntico: <\/strong>Leyes de escala y an&aacute;lisis del caos. Estudio de las manifestaciones cu&aacute;nticas de sistemas con din&aacute;mica cl&aacute;sica ca&oacute;tica.\n<strong>Din&aacute;mica No Lineal de Sistemas Continuos<\/strong>: Estudio de la din&aacute;mica no lineal de sistemas distribuidos, como solitones o fen&oacute;menos de inestabilidad, con aplicaci&oacute;n a la &oacute;ptica no lineal y fluidos complejos.\n","parent":0,"count":3,"filter":"raw","term_order":"0"}],"infraestructura":[],"ods":[],"origen":[{"term_id":180,"name":"Patente","slug":"patente","term_group":0,"term_taxonomy_id":180,"taxonomy":"origen","description":"","parent":0,"count":614,"filter":"raw","term_order":"0"}],"familia_tax":false,"quien_tax":false,"donde_tax":false,"year":"","contacto":"<strong>Principales: <\/strong><ul><li>JUAN MANUEL PASTOR RUIZ <blockquote><strong>juanmanuel.pastor@upm.es<\/strong><\/blockquote><\/li><\/ul><strong>Otros inventores: <\/strong><ul><li>Miguel \u00c1ngel Rubio \u00c1lvarez Universidad Nacional de Educacion a Distancia (UNED)<\/li> <li>JavierTajuelo Rodr\u00edguez Universidad Nacional de Educacion a Distancia (UNED)<\/li> <\/ul>","telefono":"","pagina_web":"","email":"","id_ficha_portal":"1049","video":"","adjuntos":false,"adjuntos_portal":"","inf":false,"departamento":"","acf":[],"lang":"es","translation":{"es":8706},"_links":{"self":[{"href":"https:\/\/www.upm.es\/recursosidi\/wp-json\/wp\/v2\/product\/8706"}],"collection":[{"href":"https:\/\/www.upm.es\/recursosidi\/wp-json\/wp\/v2\/product"}],"about":[{"href":"https:\/\/www.upm.es\/recursosidi\/wp-json\/wp\/v2\/types\/product"}],"wp:attachment":[{"href":"https:\/\/www.upm.es\/recursosidi\/wp-json\/wp\/v2\/media?parent=8706"}],"wp:term":[{"taxonomy":"product_cat","embeddable":true,"href":"https:\/\/www.upm.es\/recursosidi\/wp-json\/wp\/v2\/product_cat?post=8706"},{"taxonomy":"product_tag","embeddable":true,"href":"https:\/\/www.upm.es\/recursosidi\/wp-json\/wp\/v2\/product_tag?post=8706"},{"taxonomy":"comunidad_upm","embeddable":true,"href":"https:\/\/www.upm.es\/recursosidi\/wp-json\/wp\/v2\/comunidades-upm?post=8706"},{"taxonomy":"quien","embeddable":true,"href":"https:\/\/www.upm.es\/recursosidi\/wp-json\/wp\/v2\/quien?post=8706"},{"taxonomy":"mapa","embeddable":true,"href":"https:\/\/www.upm.es\/recursosidi\/wp-json\/wp\/v2\/mapa?post=8706"},{"taxonomy":"disponibilidad","embeddable":true,"href":"https:\/\/www.upm.es\/recursosidi\/wp-json\/wp\/v2\/disponibilidad?post=8706"},{"taxonomy":"donde","embeddable":true,"href":"https:\/\/www.upm.es\/recursosidi\/wp-json\/wp\/v2\/donde?post=8706"},{"taxonomy":"infraestructura","embeddable":true,"href":"https:\/\/www.upm.es\/recursosidi\/wp-json\/wp\/v2\/infraestructura?post=8706"},{"taxonomy":"ods","embeddable":true,"href":"https:\/\/www.upm.es\/recursosidi\/wp-json\/wp\/v2\/ods?post=8706"},{"taxonomy":"origen","embeddable":true,"href":"https:\/\/www.upm.es\/recursosidi\/wp-json\/wp\/v2\/origen?post=8706"}],"curies":[{"name":"wp","href":"https:\/\/api.w.org\/{rel}","templated":true}]}}