{"id":8708,"date":"2021-11-25T14:18:40","date_gmt":"2021-11-25T13:18:40","guid":{"rendered":"https:\/\/www.upm.es\/recursosidi\/offers-resources\/sin categor\u00eda\/procedimiento-para-obtener-una-chapa-de-titanio-con-actividad-fotocatalitica\/"},"modified":"2022-08-10T02:18:03","modified_gmt":"2022-08-10T00:18:03","slug":"procedimiento-para-obtener-una-chapa-de-titanio-con-actividad-fotocatalitica","status":"publish","type":"product","link":"https:\/\/www.upm.es\/recursosidi\/offers-resources\/patentes\/procedimiento-para-obtener-una-chapa-de-titanio-con-actividad-fotocatalitica\/","title":{"rendered":"Procedimiento para obtener una chapa de titanio con actividad fotocatal\u00edtica"},"content":{"rendered":"<h5>Descripci\u00f3n de la patente <\/h5>\n<p>La invenci\u00f3n se refiere a un procedimiento para obtener una chapa de titanio que presenta una capa de di\u00f3xido de titanio en fase anatasa en su superficie y que posee actividad fotocatal\u00edtica, as\u00ed como a la chapa as\u00ed obtenida y a un material de construcci\u00f3n que la contiene. La chapa de titanio de la presente invenci\u00f3n y los materiales de construcci\u00f3n<br \/>\nobtenidos a partir de esta proporcionan una doble funcionalidad est\u00e9tica y descontaminante.<\/p>\n<h5>Situaci\u00f3n <\/h5>\n<p>Concedida<\/p>\n<h5>N\u00famero de solicitud<\/h5>\n<p>P201531793<\/p>\n<h5>N\u00famero de publicaci\u00f3n<\/h5>\n<p>ES2616276<\/p>\n<h5>Fecha de presentaci\u00f3n <\/h5>\n<p>11\/12\/2015<\/p>\n<h5>Fecha de publicaci\u00f3n <\/h5>\n<p>12\/06\/2017<\/p>\n<h5>Fecha de concesi\u00f3n <\/h5>\n<p>02\/02\/2018<\/p>\n<h4><strong>Extensiones Internacionales<\/strong><\/h4>\n<h5>EUROPA<\/h5>\n<p><strong>Referencia de la solicitud: <\/strong>EP16872465.6<br \/><strong>T\u00edtulo:\t\t\t\t\t   <\/strong>METHOD FOR OBTAINING A SHEET OF TITANIUM WITH PHOTOCATALYTIC ACTIVITY<br \/><strong>Situacion: \t\t\t\t   <\/strong>Presentada<\/p>\n<div class=\"pdfprnt-buttons pdfprnt-buttons-product pdfprnt-bottom-left\"><a href=\"https:\/\/www.upm.es\/recursosidi\/wp-json\/wp\/v2\/product\/8708?print=pdf\" class=\"pdfprnt-button pdfprnt-button-pdf\" target=\"_blank\"><span class=\"pdfprnt-button-title pdfprnt-button-pdf-title\">Descargar ficha<\/span><\/a><\/div>","protected":false},"excerpt":{"rendered":"<p>Descripci\u00f3n de la patente La invenci\u00f3n se refiere a un procedimiento para obtener una chapa de titanio que presenta una capa de di\u00f3xido de titanio&hellip;<\/p>\n","protected":false},"featured_media":0,"template":"","meta":{"_acf_changed":false},"product_cat":[3946],"product_tag":[],"comunidades-upm":[],"quien":[],"mapa":[],"disponibilidad":[],"donde":[{"term_id":608,"name":"An\u00e1lisis y Caracterizaci\u00f3n \u00d3ptica de Materiales","slug":"analisis-y-caracterizacion-optica-de-materiales","term_group":0,"term_taxonomy_id":608,"taxonomy":"donde","description":"","parent":0,"count":15,"filter":"raw","term_order":"0"},{"term_id":644,"name":"Tecnolog\u00eda Edificatoria y Medio Ambiente","slug":"tecnologia-edificatoria-y-medio-ambiente","term_group":0,"term_taxonomy_id":644,"taxonomy":"donde","description":"Hacemos I+D+i en temas relacionados con el proceso de ejecuci&oacute;n de las obras y los materiales y sistemas constructivos para la edificaci&oacute;n. &nbsp;Adem&aacute;s, estudiamos el tratamiento y gesti&oacute;n de residuos, as&iacute; como su reciclaje y viabilidad como materia prima alternativa en la elaboraci&oacute;n de nuevos materiales de construcci&oacute;n.\n&nbsp;\nEn concreto, nuestras l&iacute;neas de investigaci&oacute;n son:\n\nGesti&oacute;n del proceso de edificaci&oacute;n\nImpacto ambiental en edificaci&oacute;n. Valorizaci&oacute;n de residuos\nDise&ntilde;o e innovaci&oacute;n en nuevos materiales y sistemas constructivos\nInnovaci&oacute;n en los sistemas constructivos para la rehabilitaci&oacute;n de edificios.\nEficiencia energ&eacute;tica y calidad del ambiente interior en edificaci&oacute;n\n","parent":0,"count":14,"filter":"raw","term_order":"0"}],"infraestructura":[],"ods":[],"origen":[{"term_id":180,"name":"Patente","slug":"patente","term_group":0,"term_taxonomy_id":180,"taxonomy":"origen","description":"","parent":0,"count":614,"filter":"raw","term_order":"0"}],"familia_tax":false,"quien_tax":false,"donde_tax":false,"year":"","contacto":"<strong>Principales: <\/strong><ul><li>FRANCISCO FERNANDEZ MARTINEZ <blockquote><strong>francisco.fernandezm@upm.es<\/strong><\/blockquote><\/li><li>MERCEDES DEL RIO MERINO <blockquote><strong>mercedes.delrio@upm.es<\/strong><\/blockquote><\/li><li>IRENE GONZALEZ MORAN <blockquote><strong>irene.gonzalez.moran@alumnos.upm.es<\/strong><\/blockquote><\/li><\/ul>","telefono":"","pagina_web":"","email":"","id_ficha_portal":"1151","video":"","adjuntos":false,"adjuntos_portal":"https:\/\/www.upm.es\/S2i\/Acuse\/recuperarArchivo.jsp?id=1151&id_archivo=8705&tipo=patente&extension=fichero ","inf":false,"departamento":"","acf":[],"lang":"es","translation":{"es":8708},"_links":{"self":[{"href":"https:\/\/www.upm.es\/recursosidi\/wp-json\/wp\/v2\/product\/8708"}],"collection":[{"href":"https:\/\/www.upm.es\/recursosidi\/wp-json\/wp\/v2\/product"}],"about":[{"href":"https:\/\/www.upm.es\/recursosidi\/wp-json\/wp\/v2\/types\/product"}],"wp:attachment":[{"href":"https:\/\/www.upm.es\/recursosidi\/wp-json\/wp\/v2\/media?parent=8708"}],"wp:term":[{"taxonomy":"product_cat","embeddable":true,"href":"https:\/\/www.upm.es\/recursosidi\/wp-json\/wp\/v2\/product_cat?post=8708"},{"taxonomy":"product_tag","embeddable":true,"href":"https:\/\/www.upm.es\/recursosidi\/wp-json\/wp\/v2\/product_tag?post=8708"},{"taxonomy":"comunidad_upm","embeddable":true,"href":"https:\/\/www.upm.es\/recursosidi\/wp-json\/wp\/v2\/comunidades-upm?post=8708"},{"taxonomy":"quien","embeddable":true,"href":"https:\/\/www.upm.es\/recursosidi\/wp-json\/wp\/v2\/quien?post=8708"},{"taxonomy":"mapa","embeddable":true,"href":"https:\/\/www.upm.es\/recursosidi\/wp-json\/wp\/v2\/mapa?post=8708"},{"taxonomy":"disponibilidad","embeddable":true,"href":"https:\/\/www.upm.es\/recursosidi\/wp-json\/wp\/v2\/disponibilidad?post=8708"},{"taxonomy":"donde","embeddable":true,"href":"https:\/\/www.upm.es\/recursosidi\/wp-json\/wp\/v2\/donde?post=8708"},{"taxonomy":"infraestructura","embeddable":true,"href":"https:\/\/www.upm.es\/recursosidi\/wp-json\/wp\/v2\/infraestructura?post=8708"},{"taxonomy":"ods","embeddable":true,"href":"https:\/\/www.upm.es\/recursosidi\/wp-json\/wp\/v2\/ods?post=8708"},{"taxonomy":"origen","embeddable":true,"href":"https:\/\/www.upm.es\/recursosidi\/wp-json\/wp\/v2\/origen?post=8708"}],"curies":[{"name":"wp","href":"https:\/\/api.w.org\/{rel}","templated":true}]}}