{"id":8731,"date":"2021-11-25T14:19:37","date_gmt":"2021-11-25T13:19:37","guid":{"rendered":"https:\/\/www.upm.es\/recursosidi\/offers-resources\/sin categor\u00eda\/sistema-de-anclaje-para-estructuras-mixtas\/"},"modified":"2022-08-10T02:19:09","modified_gmt":"2022-08-10T00:19:09","slug":"sistema-de-anclaje-para-estructuras-mixtas","status":"publish","type":"product","link":"https:\/\/www.upm.es\/recursosidi\/offers-resources\/patentes\/sistema-de-anclaje-para-estructuras-mixtas\/","title":{"rendered":"Sistema de anclaje para estructuras mixtas"},"content":{"rendered":"<h5>Descripci\u00f3n de la patente <\/h5>\n<p>Permite una \u00f3ptima colaboraci\u00f3n estructural entre una estructura formada por barras<br \/>\nmet\u00e1licas en celos\u00eda y un tablero, viga o losa de madera, comprendiendo el sistema de<br \/>\nanclaje (1): un placa de conexi\u00f3n (10) longitudinal acoplada e insertada en un cajeado (2.1)<br \/>\nde la losa de madera (2); donde la placa de conexi\u00f3n (10) tiene dos extremidades inferiores<br \/>\n(11) divergentes, configuradas para recibir o soldar las barras de la estructura en celos\u00eda<br \/>\n(3); y un material aglutinante (30, 40) dispuesto en la placa de conexi\u00f3n (10) y que vincula<br \/>\nla estructura en celos\u00eda (3) y losa de madera (2); donde las extremidades inferiores (11) de<br \/>\nla placa de conexi\u00f3n (10) se encuentran dispuestas en \u00e1ngulos de incidencia (\u00bf) y salida<br \/>\n(\u00df) iguales y sentido contrario con respecto a un mismo eje horizontal imaginario (I).<\/p>\n<h5>Situaci\u00f3n <\/h5>\n<p>Concedida<\/p>\n<h5>N\u00famero de solicitud<\/h5>\n<p>P201630433<\/p>\n<h5>N\u00famero de publicaci\u00f3n<\/h5>\n<p>ES2636747<\/p>\n<h5>Fecha de presentaci\u00f3n <\/h5>\n<p>08\/04\/2016<\/p>\n<h5>Fecha de publicaci\u00f3n <\/h5>\n<p>09\/10\/2017<\/p>\n<h5>Fecha de concesi\u00f3n <\/h5>\n<p>18\/06\/2018<\/p>\n<div class=\"pdfprnt-buttons pdfprnt-buttons-product pdfprnt-bottom-left\"><a href=\"https:\/\/www.upm.es\/recursosidi\/wp-json\/wp\/v2\/product\/8731?print=pdf\" class=\"pdfprnt-button pdfprnt-button-pdf\" target=\"_blank\"><span class=\"pdfprnt-button-title pdfprnt-button-pdf-title\">Descargar ficha<\/span><\/a><\/div>","protected":false},"excerpt":{"rendered":"<p>Descripci\u00f3n de la patente Permite una \u00f3ptima colaboraci\u00f3n estructural entre una estructura formada por barras met\u00e1licas en celos\u00eda y un tablero, viga o losa de&hellip;<\/p>\n","protected":false},"featured_media":0,"template":"","meta":{"_acf_changed":false},"product_cat":[3946],"product_tag":[],"comunidades-upm":[],"quien":[],"mapa":[],"disponibilidad":[],"donde":[{"term_id":676,"name":"Forma y construcci\u00f3n hist\u00f3rica","slug":"forma-y-construccion-historica","term_group":0,"term_taxonomy_id":676,"taxonomy":"donde","description":"","parent":0,"count":3,"filter":"raw","term_order":"0"}],"infraestructura":[],"ods":[],"origen":[{"term_id":180,"name":"Patente","slug":"patente","term_group":0,"term_taxonomy_id":180,"taxonomy":"origen","description":"","parent":0,"count":614,"filter":"raw","term_order":"0"}],"familia_tax":false,"quien_tax":false,"donde_tax":false,"year":"","contacto":"<strong>Principales: <\/strong><ul><li>JOSE LUIS FERNANDEZ CABO <blockquote><strong>jose.fcabo@upm.es<\/strong><\/blockquote><\/li><li>MIGUEL CARLOS CABO FERNANDEZ <blockquote><strong>miguelcarlos.fernandez@upm.es<\/strong><\/blockquote><\/li><\/ul>","telefono":"","pagina_web":"","email":"","id_ficha_portal":"1168","video":"","adjuntos":false,"adjuntos_portal":"","inf":false,"departamento":"","acf":[],"lang":"es","translation":{"es":8731},"_links":{"self":[{"href":"https:\/\/www.upm.es\/recursosidi\/wp-json\/wp\/v2\/product\/8731"}],"collection":[{"href":"https:\/\/www.upm.es\/recursosidi\/wp-json\/wp\/v2\/product"}],"about":[{"href":"https:\/\/www.upm.es\/recursosidi\/wp-json\/wp\/v2\/types\/product"}],"wp:attachment":[{"href":"https:\/\/www.upm.es\/recursosidi\/wp-json\/wp\/v2\/media?parent=8731"}],"wp:term":[{"taxonomy":"product_cat","embeddable":true,"href":"https:\/\/www.upm.es\/recursosidi\/wp-json\/wp\/v2\/product_cat?post=8731"},{"taxonomy":"product_tag","embeddable":true,"href":"https:\/\/www.upm.es\/recursosidi\/wp-json\/wp\/v2\/product_tag?post=8731"},{"taxonomy":"comunidad_upm","embeddable":true,"href":"https:\/\/www.upm.es\/recursosidi\/wp-json\/wp\/v2\/comunidades-upm?post=8731"},{"taxonomy":"quien","embeddable":true,"href":"https:\/\/www.upm.es\/recursosidi\/wp-json\/wp\/v2\/quien?post=8731"},{"taxonomy":"mapa","embeddable":true,"href":"https:\/\/www.upm.es\/recursosidi\/wp-json\/wp\/v2\/mapa?post=8731"},{"taxonomy":"disponibilidad","embeddable":true,"href":"https:\/\/www.upm.es\/recursosidi\/wp-json\/wp\/v2\/disponibilidad?post=8731"},{"taxonomy":"donde","embeddable":true,"href":"https:\/\/www.upm.es\/recursosidi\/wp-json\/wp\/v2\/donde?post=8731"},{"taxonomy":"infraestructura","embeddable":true,"href":"https:\/\/www.upm.es\/recursosidi\/wp-json\/wp\/v2\/infraestructura?post=8731"},{"taxonomy":"ods","embeddable":true,"href":"https:\/\/www.upm.es\/recursosidi\/wp-json\/wp\/v2\/ods?post=8731"},{"taxonomy":"origen","embeddable":true,"href":"https:\/\/www.upm.es\/recursosidi\/wp-json\/wp\/v2\/origen?post=8731"}],"curies":[{"name":"wp","href":"https:\/\/api.w.org\/{rel}","templated":true}]}}