{"id":8733,"date":"2021-11-25T14:19:42","date_gmt":"2021-11-25T13:19:42","guid":{"rendered":"https:\/\/www.upm.es\/recursosidi\/offers-resources\/sin categor\u00eda\/metodo-y-composicion-para-la-fabricacion-de-bloques-de-construccion-reforzados-con-esparto\/"},"modified":"2022-08-10T02:19:15","modified_gmt":"2022-08-10T00:19:15","slug":"metodo-y-composicion-para-la-fabricacion-de-bloques-de-construccion-reforzados-con-esparto","status":"publish","type":"product","link":"https:\/\/www.upm.es\/recursosidi\/offers-resources\/patentes\/metodo-y-composicion-para-la-fabricacion-de-bloques-de-construccion-reforzados-con-esparto\/","title":{"rendered":"M\u00e9todo y composici\u00f3n para la fabricaci\u00f3n de bloques de construcci\u00f3n reforzados con esparto"},"content":{"rendered":"<h5>Descripci\u00f3n de la patente <\/h5>\n<p>La presente invenci\u00f3n se refiere a una composici\u00f3n para la fabricaci\u00f3n de bloques de tierra comprimida estabilizada reforzados con esparto (BETCE) que comprende: Tierra, en una<br \/>\nproporci\u00f3n del 70-80% del peso seco total de la composici\u00f3n, un aglutinante formado por la combinaci\u00f3n de cal apagada (Ca(OH)2), en una proporci\u00f3n del 2-3% del peso seco total de<br \/>\nla composici\u00f3n y cemento Portland, en una proporci\u00f3n del 12-15% del peso seco total de la composici\u00f3n, y fibra de esparto, en una proporci\u00f3n del 12-13% del peso seco total de la composici\u00f3n. Asimismo, la presente invenci\u00f3n contempla los bloques de construcci\u00f3n reforzados con esparto que comprenden la composici\u00f3n de la invenci\u00f3n, as\u00ed como al m\u00e9todo para la fabricaci\u00f3n de mismos.<\/p>\n<h5>Situaci\u00f3n <\/h5>\n<p>Concedida<\/p>\n<h5>N\u00famero de solicitud<\/h5>\n<p>P201631685<\/p>\n<h5>N\u00famero de publicaci\u00f3n<\/h5>\n<p>ES2598603<\/p>\n<h5>Fecha de presentaci\u00f3n <\/h5>\n<p>27\/12\/2016<\/p>\n<h5>Fecha de publicaci\u00f3n <\/h5>\n<p>27\/01\/2017<\/p>\n<h5>Fecha de concesi\u00f3n <\/h5>\n<p>26\/04\/2017<\/p>\n<div class=\"pdfprnt-buttons pdfprnt-buttons-product pdfprnt-bottom-left\"><a href=\"https:\/\/www.upm.es\/recursosidi\/wp-json\/wp\/v2\/product\/8733?print=pdf\" class=\"pdfprnt-button pdfprnt-button-pdf\" target=\"_blank\"><span class=\"pdfprnt-button-title pdfprnt-button-pdf-title\">Descargar ficha<\/span><\/a><\/div>","protected":false},"excerpt":{"rendered":"<p>Descripci\u00f3n de la patente La presente invenci\u00f3n se refiere a una composici\u00f3n para la fabricaci\u00f3n de bloques de tierra comprimida estabilizada reforzados con esparto (BETCE)&hellip;<\/p>\n","protected":false},"featured_media":0,"template":"","meta":{"_acf_changed":false},"product_cat":[3946],"product_tag":[],"comunidades-upm":[],"quien":[],"mapa":[],"disponibilidad":[],"donde":[{"term_id":306,"name":"Patrimonio, paisaje, documentaci\u00f3n gr\u00e1fica y construcci\u00f3n agroforestal","slug":"patrimonio-paisaje-documentacion-grafica-y-construccion-agroforestal","term_group":0,"term_taxonomy_id":306,"taxonomy":"donde","description":"","parent":0,"count":3,"filter":"raw","term_order":"0"}],"infraestructura":[],"ods":[],"origen":[{"term_id":180,"name":"Patente","slug":"patente","term_group":0,"term_taxonomy_id":180,"taxonomy":"origen","description":"","parent":0,"count":614,"filter":"raw","term_order":"0"}],"familia_tax":false,"quien_tax":false,"donde_tax":false,"year":"","contacto":"<strong>Principales: <\/strong><ul><li>FERNANDO ARREDONDO RUIZ <blockquote><strong><\/strong><\/blockquote><\/li><li>IGNACIO CA\u00d1AS GUERRERO <blockquote><strong>ignacio.canas@upm.es<\/strong><\/blockquote><\/li><\/ul>","telefono":"","pagina_web":"","email":"","id_ficha_portal":"1323","video":"","adjuntos":false,"adjuntos_portal":"","inf":false,"departamento":"","acf":[],"lang":"es","translation":{"es":8733},"_links":{"self":[{"href":"https:\/\/www.upm.es\/recursosidi\/wp-json\/wp\/v2\/product\/8733"}],"collection":[{"href":"https:\/\/www.upm.es\/recursosidi\/wp-json\/wp\/v2\/product"}],"about":[{"href":"https:\/\/www.upm.es\/recursosidi\/wp-json\/wp\/v2\/types\/product"}],"wp:attachment":[{"href":"https:\/\/www.upm.es\/recursosidi\/wp-json\/wp\/v2\/media?parent=8733"}],"wp:term":[{"taxonomy":"product_cat","embeddable":true,"href":"https:\/\/www.upm.es\/recursosidi\/wp-json\/wp\/v2\/product_cat?post=8733"},{"taxonomy":"product_tag","embeddable":true,"href":"https:\/\/www.upm.es\/recursosidi\/wp-json\/wp\/v2\/product_tag?post=8733"},{"taxonomy":"comunidad_upm","embeddable":true,"href":"https:\/\/www.upm.es\/recursosidi\/wp-json\/wp\/v2\/comunidades-upm?post=8733"},{"taxonomy":"quien","embeddable":true,"href":"https:\/\/www.upm.es\/recursosidi\/wp-json\/wp\/v2\/quien?post=8733"},{"taxonomy":"mapa","embeddable":true,"href":"https:\/\/www.upm.es\/recursosidi\/wp-json\/wp\/v2\/mapa?post=8733"},{"taxonomy":"disponibilidad","embeddable":true,"href":"https:\/\/www.upm.es\/recursosidi\/wp-json\/wp\/v2\/disponibilidad?post=8733"},{"taxonomy":"donde","embeddable":true,"href":"https:\/\/www.upm.es\/recursosidi\/wp-json\/wp\/v2\/donde?post=8733"},{"taxonomy":"infraestructura","embeddable":true,"href":"https:\/\/www.upm.es\/recursosidi\/wp-json\/wp\/v2\/infraestructura?post=8733"},{"taxonomy":"ods","embeddable":true,"href":"https:\/\/www.upm.es\/recursosidi\/wp-json\/wp\/v2\/ods?post=8733"},{"taxonomy":"origen","embeddable":true,"href":"https:\/\/www.upm.es\/recursosidi\/wp-json\/wp\/v2\/origen?post=8733"}],"curies":[{"name":"wp","href":"https:\/\/api.w.org\/{rel}","templated":true}]}}