{"id":8736,"date":"2021-11-25T14:19:49","date_gmt":"2021-11-25T13:19:49","guid":{"rendered":"https:\/\/www.upm.es\/recursosidi\/offers-resources\/sin categor\u00eda\/procedimiento-para-la-deteccion-y-localizacion-de-humanos-en-imagenes-adquiridas-por-camaras-omnidireccionales\/"},"modified":"2022-08-10T02:19:23","modified_gmt":"2022-08-10T00:19:23","slug":"procedimiento-para-la-deteccion-y-localizacion-de-humanos-en-imagenes-adquiridas-por-camaras-omnidireccionales","status":"publish","type":"product","link":"https:\/\/www.upm.es\/recursosidi\/offers-resources\/patentes\/procedimiento-para-la-deteccion-y-localizacion-de-humanos-en-imagenes-adquiridas-por-camaras-omnidireccionales\/","title":{"rendered":"PROCEDIMIENTO PARA LA DETECCI\u00d3N Y LOCALIZACI\u00d3N DE HUMANOS EN IM\u00c1GENES ADQUIRIDAS POR C\u00c1MARAS OMNIDIRECCIONALES"},"content":{"rendered":"<h5>Descripci\u00f3n de la patente <\/h5>\n<p>La invenci\u00f3n refiere un procedimiento que consta de dos sub-procedimientos. El sub-procedimiento A de detecci\u00f3n y localizaci\u00f3n de humanos que comprende las etapas de captaci\u00f3n de im\u00e1genes de una c\u00e1mara omnidireccional, descripci\u00f3n de cada imagen por un \u00fanico vector de caracter\u00edsticas, distribuci\u00f3n del vector de caracter\u00edsticas a un conjunto de clasificadores foveales, predicci\u00f3n binaria de los clasificadores foveales, localizaci\u00f3n aproximada y posteriormente precisa de humanos en la imagen, dando como resultado detecciones de humanos en el plano imagen. La detecci\u00f3n es robusta a cambios de pose, escala e iluminaci\u00f3n, a oclusiones parciales, y a distorsiones geom\u00e9tricas de las im\u00e1genes omnidireccionales.  El sub-procedimiento B de ajuste de par\u00e1metros utiliza una base de datos de im\u00e1genes con anotaciones puntuales para generar adaptativamente muestras positivas y negativas para cada clasificador foveal, las cuales son usadas para entrenar los par\u00e1metros del mismo.<\/p>\n<h5>Situaci\u00f3n <\/h5>\n<p>Concedida<\/p>\n<h5>N\u00famero de solicitud<\/h5>\n<p>P201730478<\/p>\n<h5>N\u00famero de publicaci\u00f3n<\/h5>\n<p>ES2657378<\/p>\n<h5>Fecha de presentaci\u00f3n <\/h5>\n<p>30\/03\/2017<\/p>\n<h5>Fecha de publicaci\u00f3n <\/h5>\n<p>05\/03\/2018<\/p>\n<h5>Fecha de concesi\u00f3n <\/h5>\n<p>31\/01\/2019<\/p>\n<div class=\"pdfprnt-buttons pdfprnt-buttons-product pdfprnt-bottom-left\"><a href=\"https:\/\/www.upm.es\/recursosidi\/wp-json\/wp\/v2\/product\/8736?print=pdf\" class=\"pdfprnt-button pdfprnt-button-pdf\" target=\"_blank\"><span class=\"pdfprnt-button-title pdfprnt-button-pdf-title\">Descargar ficha<\/span><\/a><\/div>","protected":false},"excerpt":{"rendered":"<p>Descripci\u00f3n de la patente La invenci\u00f3n refiere un procedimiento que consta de dos sub-procedimientos. El sub-procedimiento A de detecci\u00f3n y localizaci\u00f3n de humanos que comprende&hellip;<\/p>\n","protected":false},"featured_media":0,"template":"","meta":{"_acf_changed":false},"product_cat":[3946],"product_tag":[],"comunidades-upm":[],"quien":[],"mapa":[],"disponibilidad":[],"donde":[{"term_id":456,"name":"Grupo de Tratamiento de Im\u00e1genes (GTI)","slug":"grupo-de-tratamiento-de-imagenes-gti","term_group":0,"term_taxonomy_id":456,"taxonomy":"donde","description":"Hacemos I+D+i sobre teor&iacute;a, m&eacute;todos y aplicaciones del tratamiento digital de im&aacute;genes, orientados fundamentalmente a la compresi&oacute;n y al an&aacute;lisis. Tratamos tanto temas espec&iacute;ficos relacionados con las im&aacute;genes, como sistemas completos en los que el tratamiento de im&aacute;genes tiene una importancia crucial.\n&nbsp;\nNuestras l&iacute;neas de investigaci&oacute;n se pueden resumir en:\n&nbsp;\n\nAn&aacute;lisis de im&aacute;genes y v&iacute;deo para extracci&oacute;n de caracter&iacute;sticas\nTelevisi&oacute;n, televisi&oacute;n 3D y televisi&oacute;n de ultra alta definici&oacute;n (UHD, 4K)\nGr&aacute;ficos 3D y realidad aumentada\nAutocalibraci&oacute;n de c&aacute;maras\nTeor&iacute;a y m&eacute;todos de tratamiento digital de im&aacute;genes\nCodificaci&oacute;n y transmisi&oacute;n de informaci&oacute;n visual\nExtracci&oacute;n de informaci&oacute;n tridimensional\n\n&nbsp;\n&nbsp;","parent":0,"count":7,"filter":"raw","term_order":"0"},{"term_id":642,"name":"Information Processing and Telecommunications Center (IPTC)","slug":"information-processing-and-telecommunications-center-iptc","term_group":0,"term_taxonomy_id":642,"taxonomy":"donde","description":"","parent":0,"count":74,"filter":"raw","term_order":"0"}],"infraestructura":[],"ods":[],"origen":[{"term_id":180,"name":"Patente","slug":"patente","term_group":0,"term_taxonomy_id":180,"taxonomy":"origen","description":"","parent":0,"count":614,"filter":"raw","term_order":"0"}],"familia_tax":false,"quien_tax":false,"donde_tax":false,"year":"","contacto":"<strong>Principales: <\/strong><ul><li>FERNANDO JAUREGUIZAR NU\u00d1EZ <blockquote><strong>fernando.jaureguizar@upm.es<\/strong><\/blockquote><\/li><li>CARLOS ROBERTO DEL BLANCO ADAN <blockquote><strong>carlosrob.delblanco@upm.es<\/strong><\/blockquote><\/li><li>PABLO CARBALLEIRA LOPEZ <blockquote><strong>pablo.carballeira@upm.es<\/strong><\/blockquote><\/li><li>NARCISO GARCIA SANTOS <blockquote><strong>narciso.garcia@upm.es<\/strong><\/blockquote><\/li><\/ul><strong>Otros inventores UPM: <\/strong><ul><li>Lorena Centro de I+d+i en Procesado de la Informaci\u00f3n y Telecomunicaciones (IPT)<\/li><\/ul>","telefono":"","pagina_web":"","email":"","id_ficha_portal":"1364","video":"","adjuntos":false,"adjuntos_portal":"https:\/\/www.upm.es\/S2i\/Acuse\/recuperarArchivo.jsp?id=1364&id_archivo=9684&tipo=patente&extension=fichero ","inf":false,"departamento":"","acf":[],"lang":"es","translation":{"es":8736},"_links":{"self":[{"href":"https:\/\/www.upm.es\/recursosidi\/wp-json\/wp\/v2\/product\/8736"}],"collection":[{"href":"https:\/\/www.upm.es\/recursosidi\/wp-json\/wp\/v2\/product"}],"about":[{"href":"https:\/\/www.upm.es\/recursosidi\/wp-json\/wp\/v2\/types\/product"}],"wp:attachment":[{"href":"https:\/\/www.upm.es\/recursosidi\/wp-json\/wp\/v2\/media?parent=8736"}],"wp:term":[{"taxonomy":"product_cat","embeddable":true,"href":"https:\/\/www.upm.es\/recursosidi\/wp-json\/wp\/v2\/product_cat?post=8736"},{"taxonomy":"product_tag","embeddable":true,"href":"https:\/\/www.upm.es\/recursosidi\/wp-json\/wp\/v2\/product_tag?post=8736"},{"taxonomy":"comunidad_upm","embeddable":true,"href":"https:\/\/www.upm.es\/recursosidi\/wp-json\/wp\/v2\/comunidades-upm?post=8736"},{"taxonomy":"quien","embeddable":true,"href":"https:\/\/www.upm.es\/recursosidi\/wp-json\/wp\/v2\/quien?post=8736"},{"taxonomy":"mapa","embeddable":true,"href":"https:\/\/www.upm.es\/recursosidi\/wp-json\/wp\/v2\/mapa?post=8736"},{"taxonomy":"disponibilidad","embeddable":true,"href":"https:\/\/www.upm.es\/recursosidi\/wp-json\/wp\/v2\/disponibilidad?post=8736"},{"taxonomy":"donde","embeddable":true,"href":"https:\/\/www.upm.es\/recursosidi\/wp-json\/wp\/v2\/donde?post=8736"},{"taxonomy":"infraestructura","embeddable":true,"href":"https:\/\/www.upm.es\/recursosidi\/wp-json\/wp\/v2\/infraestructura?post=8736"},{"taxonomy":"ods","embeddable":true,"href":"https:\/\/www.upm.es\/recursosidi\/wp-json\/wp\/v2\/ods?post=8736"},{"taxonomy":"origen","embeddable":true,"href":"https:\/\/www.upm.es\/recursosidi\/wp-json\/wp\/v2\/origen?post=8736"}],"curies":[{"name":"wp","href":"https:\/\/api.w.org\/{rel}","templated":true}]}}

https://www.upm.es/recursosidi/offers-resources/sin categoría/procedimiento-para-la-deteccion-y-localizacion-de-humanos-en-imagenes-adquiridas-por-camaras-omnidireccionales/

PROCEDIMIENTO PARA LA DETECCIÓN Y LOCALIZACIÓN DE HUMANOS EN IMÁGENES ADQUIRIDAS POR CÁMARAS OMNIDIRECCIONALES

<h5>Descripción de la patente </h5>
<p>La invención refiere un procedimiento que consta de dos sub-procedimientos. El sub-procedimiento A de detección y localización de humanos que comprende las etapas de captación de imágenes de una cámara omnidireccional, descripción de cada imagen por un único vector de características, distribución del vector de características a un conjunto de clasificadores foveales, predicción binaria de los clasificadores foveales, localización aproximada y posteriormente precisa de humanos en la imagen, dando como resultado detecciones de humanos en el plano imagen. La detección es robusta a cambios de pose, escala e iluminación, a oclusiones parciales, y a distorsiones geométricas de las imágenes omnidireccionales.  El sub-procedimiento B de ajuste de parámetros utiliza una base de datos de imágenes con anotaciones puntuales para generar adaptativamente muestras positivas y negativas para cada clasificador foveal, las cuales son usadas para entrenar los parámetros del mismo.</p>
<h5>Situación </h5>
<p>Concedida</p>
<h5>Número de solicitud</h5>
<p>P201730478</p>
<h5>Número de publicación</h5>
<p>ES2657378</p>
<h5>Fecha de presentación </h5>
<p>30/03/2017</p>
<h5>Fecha de publicación </h5>
<p>05/03/2018</p>
<h5>Fecha de concesión </h5>
<p>31/01/2019</p>
<div class="pdfprnt-buttons pdfprnt-buttons-product pdfprnt-bottom-left"><a href="https://www.upm.es/recursosidi/wp-json/wp/v2/product/8736?print=pdf" class="pdfprnt-button pdfprnt-button-pdf" target="_blank"><span class="pdfprnt-button-title pdfprnt-button-pdf-title">Descargar ficha</span></a></div>

<p>Descripción de la patente La invención refiere un procedimiento que consta de dos sub-procedimientos. El sub-procedimiento A de detección y localización de humanos que comprende&hellip;</p>

Grupo de Tratamiento de Imágenes (GTI)

<strong>Principales: </strong><ul><li>FERNANDO JAUREGUIZAR NUÑEZ <blockquote><strong>fernando.jaureguizar@upm.es</strong></blockquote></li><li>CARLOS ROBERTO DEL BLANCO ADAN <blockquote><strong>carlosrob.delblanco@upm.es</strong></blockquote></li><li>PABLO CARBALLEIRA LOPEZ <blockquote><strong>pablo.carballeira@upm.es</strong></blockquote></li><li>NARCISO GARCIA SANTOS <blockquote><strong>narciso.garcia@upm.es</strong></blockquote></li></ul><strong>Otros inventores UPM: </strong><ul><li>Lorena Centro de I+d+i en Procesado de la Información y Telecomunicaciones (IPT)</li></ul>
