{"id":8737,"date":"2021-11-25T14:19:52","date_gmt":"2021-11-25T13:19:52","guid":{"rendered":"https:\/\/www.upm.es\/recursosidi\/offers-resources\/sin%20categor\u00eda\/micro-cocina-portatil\/"},"modified":"2024-04-09T02:30:22","modified_gmt":"2024-04-09T00:30:22","slug":"micro-cocina-portatil","status":"publish","type":"product","link":"https:\/\/www.upm.es\/recursosidi\/offers-resources\/patentes\/micro-cocina-portatil\/","title":{"rendered":"Micro cocina port\u00e1til"},"content":{"rendered":"<h5>Descripci\u00f3n de la patente <\/h5>\n<p>Micro cocina port&aacute;til, que comprende un cuerpo tubular exterior (4) cerrado por su base inferior, en el que est&aacute; alojado un cuerpo tubular interior (2) formando entre ambos una c&aacute;mara (6) en la que se aloja un aislante (5) que se empapa con un combustible. La c&aacute;mara (6) comprende un difusor de calor (3) y est&aacute; cerrada por su embocadura mediante un elemento anular (8) dotado de una pluralidad de orificios (7) que permiten el paso del fuego al exterior, para calentar homog&eacute;neamente un recipiente ubicado sobre el dispositivo. La c&aacute;mara (6) con el aislante evita derramamiento en caso de vuelco. El dispositivo es de reducido tama&ntilde;o, lo que facilita su transporte y adem&aacute;s acelera su calentamiento, lo que lo hace perfecto para su uso en el exterior<\/p>\n<h5>N\u00famero de solicitud<\/h5>\n<p>P201730908<\/p>\n<h5>N\u00famero de publicaci\u00f3n<\/h5>\n<p>ES2695775<\/p>\n<h5>Fecha de presentaci\u00f3n <\/h5>\n<p>07\/07\/2017<\/p>\n<h5>Fecha de publicaci\u00f3n <\/h5>\n<p>10\/01\/2019<\/p>\n<h5>Fecha de concesi\u00f3n <\/h5>\n<p>25\/10\/2021<\/p>\n<div class=\"pdfprnt-buttons pdfprnt-buttons-product pdfprnt-bottom-left\"><a href=\"https:\/\/www.upm.es\/recursosidi\/wp-json\/wp\/v2\/product\/8737?print=pdf\" class=\"pdfprnt-button pdfprnt-button-pdf\" target=\"_blank\"><span class=\"pdfprnt-button-title pdfprnt-button-pdf-title\">Descargar ficha<\/span><\/a><\/div>","protected":false},"excerpt":{"rendered":"<p>Descripci\u00f3n de la patente Micro cocina port&aacute;til, que comprende un cuerpo tubular exterior (4) cerrado por su base inferior, en el que est&aacute; alojado un&hellip;<\/p>\n","protected":false},"featured_media":0,"template":"","meta":{"_acf_changed":false},"product_cat":[3946],"product_tag":[],"comunidades-upm":[],"quien":[],"mapa":[],"disponibilidad":[],"donde":[{"term_id":3423,"name":"Monitorizaci\u00f3n e Innovaci\u00f3n Tecnol\u00f3gica en Edificaci\u00f3n (MITE)","slug":"monitorizacion-e-innovacion-tecnologica-en-edificacion-mite","term_group":0,"term_taxonomy_id":3423,"taxonomy":"donde","description":"","parent":0,"count":26,"filter":"raw","term_order":"0"}],"infraestructura":[],"ods":[],"origen":[{"term_id":180,"name":"Patente","slug":"patente","term_group":0,"term_taxonomy_id":180,"taxonomy":"origen","description":"","parent":0,"count":614,"filter":"raw","term_order":"0"}],"familia_tax":false,"quien_tax":false,"donde_tax":false,"year":"","contacto":"<strong>Principales: <\/strong><ul><li>TOMAS GIL LOPEZ <blockquote><strong>tomas.gill@upm.es<\/strong><\/blockquote><\/li><li>MARIA AMPARO VERDU VAZQUEZ <blockquote><strong>amparo.verdu@upm.es<\/strong><\/blockquote><\/li><\/ul><strong>Otros investigadores UPM: <\/strong><ul><li>Basilio Martel Rodriguez<\/li><\/ul>","telefono":"","pagina_web":"","email":"","id_ficha_portal":"1381","video":"","adjuntos":false,"adjuntos_portal":"https:\/\/www.upm.es\/S2i\/Acuse\/recuperarArchivo.jsp?id=1381&id_archivo=12448&tipo=patente&extension=fichero ","inf":false,"departamento":"","acf":[],"lang":"es","translation":{"es":8737},"_links":{"self":[{"href":"https:\/\/www.upm.es\/recursosidi\/wp-json\/wp\/v2\/product\/8737"}],"collection":[{"href":"https:\/\/www.upm.es\/recursosidi\/wp-json\/wp\/v2\/product"}],"about":[{"href":"https:\/\/www.upm.es\/recursosidi\/wp-json\/wp\/v2\/types\/product"}],"wp:attachment":[{"href":"https:\/\/www.upm.es\/recursosidi\/wp-json\/wp\/v2\/media?parent=8737"}],"wp:term":[{"taxonomy":"product_cat","embeddable":true,"href":"https:\/\/www.upm.es\/recursosidi\/wp-json\/wp\/v2\/product_cat?post=8737"},{"taxonomy":"product_tag","embeddable":true,"href":"https:\/\/www.upm.es\/recursosidi\/wp-json\/wp\/v2\/product_tag?post=8737"},{"taxonomy":"comunidad_upm","embeddable":true,"href":"https:\/\/www.upm.es\/recursosidi\/wp-json\/wp\/v2\/comunidades-upm?post=8737"},{"taxonomy":"quien","embeddable":true,"href":"https:\/\/www.upm.es\/recursosidi\/wp-json\/wp\/v2\/quien?post=8737"},{"taxonomy":"mapa","embeddable":true,"href":"https:\/\/www.upm.es\/recursosidi\/wp-json\/wp\/v2\/mapa?post=8737"},{"taxonomy":"disponibilidad","embeddable":true,"href":"https:\/\/www.upm.es\/recursosidi\/wp-json\/wp\/v2\/disponibilidad?post=8737"},{"taxonomy":"donde","embeddable":true,"href":"https:\/\/www.upm.es\/recursosidi\/wp-json\/wp\/v2\/donde?post=8737"},{"taxonomy":"infraestructura","embeddable":true,"href":"https:\/\/www.upm.es\/recursosidi\/wp-json\/wp\/v2\/infraestructura?post=8737"},{"taxonomy":"ods","embeddable":true,"href":"https:\/\/www.upm.es\/recursosidi\/wp-json\/wp\/v2\/ods?post=8737"},{"taxonomy":"origen","embeddable":true,"href":"https:\/\/www.upm.es\/recursosidi\/wp-json\/wp\/v2\/origen?post=8737"}],"curies":[{"name":"wp","href":"https:\/\/api.w.org\/{rel}","templated":true}]}}

https://www.upm.es/recursosidi/offers-resources/sin%20categoría/micro-cocina-portatil/

Micro cocina portátil

<h5>Descripción de la patente </h5>
<p>Micro cocina port&aacute;til, que comprende un cuerpo tubular exterior (4) cerrado por su base inferior, en el que est&aacute; alojado un cuerpo tubular interior (2) formando entre ambos una c&aacute;mara (6) en la que se aloja un aislante (5) que se empapa con un combustible. La c&aacute;mara (6) comprende un difusor de calor (3) y est&aacute; cerrada por su embocadura mediante un elemento anular (8) dotado de una pluralidad de orificios (7) que permiten el paso del fuego al exterior, para calentar homog&eacute;neamente un recipiente ubicado sobre el dispositivo. La c&aacute;mara (6) con el aislante evita derramamiento en caso de vuelco. El dispositivo es de reducido tama&ntilde;o, lo que facilita su transporte y adem&aacute;s acelera su calentamiento, lo que lo hace perfecto para su uso en el exterior</p>
<h5>Número de solicitud</h5>
<p>P201730908</p>
<h5>Número de publicación</h5>
<p>ES2695775</p>
<h5>Fecha de presentación </h5>
<p>07/07/2017</p>
<h5>Fecha de publicación </h5>
<p>10/01/2019</p>
<h5>Fecha de concesión </h5>
<p>25/10/2021</p>
<div class="pdfprnt-buttons pdfprnt-buttons-product pdfprnt-bottom-left"><a href="https://www.upm.es/recursosidi/wp-json/wp/v2/product/8737?print=pdf" class="pdfprnt-button pdfprnt-button-pdf" target="_blank"><span class="pdfprnt-button-title pdfprnt-button-pdf-title">Descargar ficha</span></a></div>

<p>Descripción de la patente Micro cocina port&aacute;til, que comprende un cuerpo tubular exterior (4) cerrado por su base inferior, en el que est&aacute; alojado un&hellip;</p>

Monitorización e Innovación Tecnológica en Edificación (MITE)
