{"id":8743,"date":"2021-11-25T14:20:07","date_gmt":"2021-11-25T13:20:07","guid":{"rendered":"https:\/\/www.upm.es\/recursosidi\/offers-resources\/sin categor\u00eda\/convertidor-termofotovoltaico\/"},"modified":"2022-08-10T02:19:43","modified_gmt":"2022-08-10T00:19:43","slug":"convertidor-termofotovoltaico","status":"publish","type":"product","link":"https:\/\/www.upm.es\/recursosidi\/offers-resources\/patentes\/convertidor-termofotovoltaico\/","title":{"rendered":"Convertidor termofotovoltaico"},"content":{"rendered":"<h5>Descripci\u00f3n de la patente <\/h5>\n<p>Dispositivo de conversi\u00f3n de calor en electricidad que transforma directamente el calor radiante (fotones) en electricidad mediante el efecto fotovoltaico. La c\u00e9lula fotovoltaica se situa en el interior de una cavidad incandescente, o emisor, que es calentada por una fuente t\u00e9rmica externa. La c\u00e9lula consta de dos caras dispuestas para absorver la radiaci\u00f3n t\u00e9rmica de las paredes de la cavidad.<\/p>\n<h5>Situaci\u00f3n <\/h5>\n<p>Concedida<\/p>\n<h5>N\u00famero de solicitud<\/h5>\n<p>P201730704<\/p>\n<h5>N\u00famero de publicaci\u00f3n<\/h5>\n<p>ES2690162<\/p>\n<h5>Fecha de presentaci\u00f3n <\/h5>\n<p>18\/05\/2017<\/p>\n<h5>Fecha de publicaci\u00f3n <\/h5>\n<p>19\/11\/2018<\/p>\n<h5>Fecha de concesi\u00f3n <\/h5>\n<p>02\/04\/2019<\/p>\n<div class=\"pdfprnt-buttons pdfprnt-buttons-product pdfprnt-bottom-left\"><a href=\"https:\/\/www.upm.es\/recursosidi\/wp-json\/wp\/v2\/product\/8743?print=pdf\" class=\"pdfprnt-button pdfprnt-button-pdf\" target=\"_blank\"><span class=\"pdfprnt-button-title pdfprnt-button-pdf-title\">Descargar ficha<\/span><\/a><\/div>","protected":false},"excerpt":{"rendered":"<p>Descripci\u00f3n de la patente Dispositivo de conversi\u00f3n de calor en electricidad que transforma directamente el calor radiante (fotones) en electricidad mediante el efecto fotovoltaico. La&hellip;<\/p>\n","protected":false},"featured_media":0,"template":"","meta":{"_acf_changed":false},"product_cat":[3946],"product_tag":[],"comunidades-upm":[],"quien":[],"mapa":[],"disponibilidad":[],"donde":[{"term_id":236,"name":"Instituto de Energ\u00eda Solar (IES)","slug":"instituto-de-energia-solar-ies","term_group":0,"term_taxonomy_id":236,"taxonomy":"donde","description":"","parent":0,"count":41,"filter":"raw","term_order":"0"},{"term_id":432,"name":"Silicio y Nuevos Conceptos para C\u00e9lulas Solares","slug":"silicio-y-nuevos-conceptos-para-celulas-solares","term_group":0,"term_taxonomy_id":432,"taxonomy":"donde","description":"Uno de nuestros objetivos es el estudio de los l&iacute;mites de conversi&oacute;n de la energ&iacute;a solar fotovoltaica, con especial &eacute;nfasis en identificar mecanismos que puedan mejorar dr&aacute;sticamente el rendimiento actual de esta conversi&oacute;n. Entre &eacute;stos, promovemos las C&eacute;lulas Solares de Banda Intermedia, un &aacute;mbito de investigaci&oacute;n iniciado por nosotros que ha tenido mucha repercusi&oacute;n internacional.\n&nbsp;\nPor otro lado, la investigaci&oacute;n que realizamos tiene por objeto el apoyo a la industria espa&ntilde;ola y europea de c&eacute;lulas solares de silicio cristalino (que son la mayor&iacute;a de las presentes en el mercado), con objeto de abaratar costes y desarrollar nuevos productos.\n&nbsp;\nTodo esto lo llevamos a cabo a trav&eacute;s de tres l&iacute;neas de Investigaci&oacute;n:\n\nC&aacute;lculos cu&aacute;nticos para c&eacute;lulas solares\nNuevos conceptos en c&eacute;lulas solares\nTecnolog&iacute;a de silicio cristalino\n","parent":0,"count":17,"filter":"raw","term_order":"0"}],"infraestructura":[],"ods":[],"origen":[{"term_id":180,"name":"Patente","slug":"patente","term_group":0,"term_taxonomy_id":180,"taxonomy":"origen","description":"","parent":0,"count":614,"filter":"raw","term_order":"0"}],"familia_tax":false,"quien_tax":false,"donde_tax":false,"year":"","contacto":"<strong>Principales: <\/strong><ul><li>ALEJANDRO DATAS MEDINA <blockquote><strong>a.datas@upm.es<\/strong><\/blockquote><\/li><\/ul>","telefono":"","pagina_web":"","email":"","id_ficha_portal":"1382","video":"","adjuntos":false,"adjuntos_portal":"https:\/\/www.upm.es\/S2i\/Acuse\/recuperarArchivo.jsp?id=1382&id_archivo=9882&tipo=patente&extension=fichero ","inf":false,"departamento":"","acf":[],"lang":"es","translation":{"es":8743},"_links":{"self":[{"href":"https:\/\/www.upm.es\/recursosidi\/wp-json\/wp\/v2\/product\/8743"}],"collection":[{"href":"https:\/\/www.upm.es\/recursosidi\/wp-json\/wp\/v2\/product"}],"about":[{"href":"https:\/\/www.upm.es\/recursosidi\/wp-json\/wp\/v2\/types\/product"}],"wp:attachment":[{"href":"https:\/\/www.upm.es\/recursosidi\/wp-json\/wp\/v2\/media?parent=8743"}],"wp:term":[{"taxonomy":"product_cat","embeddable":true,"href":"https:\/\/www.upm.es\/recursosidi\/wp-json\/wp\/v2\/product_cat?post=8743"},{"taxonomy":"product_tag","embeddable":true,"href":"https:\/\/www.upm.es\/recursosidi\/wp-json\/wp\/v2\/product_tag?post=8743"},{"taxonomy":"comunidad_upm","embeddable":true,"href":"https:\/\/www.upm.es\/recursosidi\/wp-json\/wp\/v2\/comunidades-upm?post=8743"},{"taxonomy":"quien","embeddable":true,"href":"https:\/\/www.upm.es\/recursosidi\/wp-json\/wp\/v2\/quien?post=8743"},{"taxonomy":"mapa","embeddable":true,"href":"https:\/\/www.upm.es\/recursosidi\/wp-json\/wp\/v2\/mapa?post=8743"},{"taxonomy":"disponibilidad","embeddable":true,"href":"https:\/\/www.upm.es\/recursosidi\/wp-json\/wp\/v2\/disponibilidad?post=8743"},{"taxonomy":"donde","embeddable":true,"href":"https:\/\/www.upm.es\/recursosidi\/wp-json\/wp\/v2\/donde?post=8743"},{"taxonomy":"infraestructura","embeddable":true,"href":"https:\/\/www.upm.es\/recursosidi\/wp-json\/wp\/v2\/infraestructura?post=8743"},{"taxonomy":"ods","embeddable":true,"href":"https:\/\/www.upm.es\/recursosidi\/wp-json\/wp\/v2\/ods?post=8743"},{"taxonomy":"origen","embeddable":true,"href":"https:\/\/www.upm.es\/recursosidi\/wp-json\/wp\/v2\/origen?post=8743"}],"curies":[{"name":"wp","href":"https:\/\/api.w.org\/{rel}","templated":true}]}}

https://www.upm.es/recursosidi/offers-resources/sin categoría/convertidor-termofotovoltaico/

<h5>Descripción de la patente </h5>
<p>Dispositivo de conversión de calor en electricidad que transforma directamente el calor radiante (fotones) en electricidad mediante el efecto fotovoltaico. La célula fotovoltaica se situa en el interior de una cavidad incandescente, o emisor, que es calentada por una fuente térmica externa. La célula consta de dos caras dispuestas para absorver la radiación térmica de las paredes de la cavidad.</p>
<h5>Situación </h5>
<p>Concedida</p>
<h5>Número de solicitud</h5>
<p>P201730704</p>
<h5>Número de publicación</h5>
<p>ES2690162</p>
<h5>Fecha de presentación </h5>
<p>18/05/2017</p>
<h5>Fecha de publicación </h5>
<p>19/11/2018</p>
<h5>Fecha de concesión </h5>
<p>02/04/2019</p>
<div class="pdfprnt-buttons pdfprnt-buttons-product pdfprnt-bottom-left"><a href="https://www.upm.es/recursosidi/wp-json/wp/v2/product/8743?print=pdf" class="pdfprnt-button pdfprnt-button-pdf" target="_blank"><span class="pdfprnt-button-title pdfprnt-button-pdf-title">Descargar ficha</span></a></div>

<p>Descripción de la patente Dispositivo de conversión de calor en electricidad que transforma directamente el calor radiante (fotones) en electricidad mediante el efecto fotovoltaico. La&hellip;</p>

Instituto de Energía Solar (IES)

Silicio y Nuevos Conceptos para Células Solares
