{"id":8746,"date":"2021-11-25T14:20:14","date_gmt":"2021-11-25T13:20:14","guid":{"rendered":"https:\/\/www.upm.es\/recursosidi\/offers-resources\/sin categor\u00eda\/bicicleta-con-transmision-hidraulica-con-regulacion-automatica\/"},"modified":"2022-08-10T02:19:51","modified_gmt":"2022-08-10T00:19:51","slug":"bicicleta-con-transmision-hidraulica-con-regulacion-automatica","status":"publish","type":"product","link":"https:\/\/www.upm.es\/recursosidi\/offers-resources\/patentes\/bicicleta-con-transmision-hidraulica-con-regulacion-automatica\/","title":{"rendered":"Bicicleta con transmisi\u00f3n hidr\u00e1ulica con regulaci\u00f3n autom\u00e1tica"},"content":{"rendered":"<h5>Descripci\u00f3n de la patente <\/h5>\n<p>Bicicleta con transmisi\u00f3n hidr\u00e1ulica con regulaci\u00f3n autom\u00e1tica, donde dicha transmisi\u00f3n hidr\u00e1ulica comprende una bomba hidr\u00e1ulica y un motor hidr\u00e1ulico, ambos conectados entre s\u00ed, en la que la bomba hidr\u00e1ulica es una bomba de paletas dispuesta en el pedalier de la bicicleta y accionada mediante los pedales, el motor hidr\u00e1ulico es un motor de paletas dispuesto en el eje de la rueda motriz de la bicicleta y conectado al mismo, donde bomba y motor est\u00e1n interconectados<br \/>\nformando un circuito cerrado de fluido a presi\u00f3n y, donde la regulaci\u00f3n autom\u00e1tica de la relaci\u00f3n de transmisi\u00f3n hidr\u00e1ulica entre ambos comprende tanto para la bomba como para el motor, unos medios de modificaci\u00f3n autom\u00e1tica del volumen de fluido transmitido entre ellos en funci\u00f3n de la presi\u00f3n existente en el circuito.<\/p>\n<h5>Situaci\u00f3n <\/h5>\n<p>Concedida<\/p>\n<h5>N\u00famero de solicitud<\/h5>\n<p>P201730272<\/p>\n<h5>N\u00famero de publicaci\u00f3n<\/h5>\n<p>ES2623359<\/p>\n<h5>Fecha de presentaci\u00f3n <\/h5>\n<p>01\/03\/2017<\/p>\n<h5>Fecha de publicaci\u00f3n <\/h5>\n<p>11\/07\/2017<\/p>\n<h5>Fecha de concesi\u00f3n <\/h5>\n<p>05\/03\/2018<\/p>\n<div class=\"pdfprnt-buttons pdfprnt-buttons-product pdfprnt-bottom-left\"><a href=\"https:\/\/www.upm.es\/recursosidi\/wp-json\/wp\/v2\/product\/8746?print=pdf\" class=\"pdfprnt-button pdfprnt-button-pdf\" target=\"_blank\"><span class=\"pdfprnt-button-title pdfprnt-button-pdf-title\">Descargar ficha<\/span><\/a><\/div>","protected":false},"excerpt":{"rendered":"<p>Descripci\u00f3n de la patente Bicicleta con transmisi\u00f3n hidr\u00e1ulica con regulaci\u00f3n autom\u00e1tica, donde dicha transmisi\u00f3n hidr\u00e1ulica comprende una bomba hidr\u00e1ulica y un motor hidr\u00e1ulico, ambos conectados&hellip;<\/p>\n","protected":false},"featured_media":0,"template":"","meta":{"_acf_changed":false},"product_cat":[3946],"product_tag":[],"comunidades-upm":[],"quien":[],"mapa":[],"disponibilidad":[],"donde":[{"term_id":648,"name":"Modelado y Simulaci\u00f3n en Ingenier\u00eda Mec\u00e1nica","slug":"modelado-y-simulacion-en-ingenieria-mecanica","term_group":0,"term_taxonomy_id":648,"taxonomy":"donde","description":"","parent":0,"count":5,"filter":"raw","term_order":"0"}],"infraestructura":[],"ods":[],"origen":[{"term_id":180,"name":"Patente","slug":"patente","term_group":0,"term_taxonomy_id":180,"taxonomy":"origen","description":"","parent":0,"count":614,"filter":"raw","term_order":"0"}],"familia_tax":false,"quien_tax":false,"donde_tax":false,"year":"","contacto":"<strong>Principales: <\/strong><ul><li>GREGORIO ROMERO REY <blockquote><strong>gregorio.romero@upm.es<\/strong><\/blockquote><\/li><\/ul><strong>Otros inventores UPM: <\/strong><ul><li>Josu Madariaga Abadia E.T.S. de Ingenieros Industriales<\/li><\/ul>","telefono":"","pagina_web":"","email":"","id_ficha_portal":"1347","video":"","adjuntos":false,"adjuntos_portal":"https:\/\/www.upm.es\/S2i\/Acuse\/recuperarArchivo.jsp?id=1347&id_archivo=8847&tipo=patente&extension=fichero ","inf":false,"departamento":"","acf":[],"lang":"es","translation":{"es":8746},"_links":{"self":[{"href":"https:\/\/www.upm.es\/recursosidi\/wp-json\/wp\/v2\/product\/8746"}],"collection":[{"href":"https:\/\/www.upm.es\/recursosidi\/wp-json\/wp\/v2\/product"}],"about":[{"href":"https:\/\/www.upm.es\/recursosidi\/wp-json\/wp\/v2\/types\/product"}],"wp:attachment":[{"href":"https:\/\/www.upm.es\/recursosidi\/wp-json\/wp\/v2\/media?parent=8746"}],"wp:term":[{"taxonomy":"product_cat","embeddable":true,"href":"https:\/\/www.upm.es\/recursosidi\/wp-json\/wp\/v2\/product_cat?post=8746"},{"taxonomy":"product_tag","embeddable":true,"href":"https:\/\/www.upm.es\/recursosidi\/wp-json\/wp\/v2\/product_tag?post=8746"},{"taxonomy":"comunidad_upm","embeddable":true,"href":"https:\/\/www.upm.es\/recursosidi\/wp-json\/wp\/v2\/comunidades-upm?post=8746"},{"taxonomy":"quien","embeddable":true,"href":"https:\/\/www.upm.es\/recursosidi\/wp-json\/wp\/v2\/quien?post=8746"},{"taxonomy":"mapa","embeddable":true,"href":"https:\/\/www.upm.es\/recursosidi\/wp-json\/wp\/v2\/mapa?post=8746"},{"taxonomy":"disponibilidad","embeddable":true,"href":"https:\/\/www.upm.es\/recursosidi\/wp-json\/wp\/v2\/disponibilidad?post=8746"},{"taxonomy":"donde","embeddable":true,"href":"https:\/\/www.upm.es\/recursosidi\/wp-json\/wp\/v2\/donde?post=8746"},{"taxonomy":"infraestructura","embeddable":true,"href":"https:\/\/www.upm.es\/recursosidi\/wp-json\/wp\/v2\/infraestructura?post=8746"},{"taxonomy":"ods","embeddable":true,"href":"https:\/\/www.upm.es\/recursosidi\/wp-json\/wp\/v2\/ods?post=8746"},{"taxonomy":"origen","embeddable":true,"href":"https:\/\/www.upm.es\/recursosidi\/wp-json\/wp\/v2\/origen?post=8746"}],"curies":[{"name":"wp","href":"https:\/\/api.w.org\/{rel}","templated":true}]}}