{"id":8753,"date":"2021-11-25T14:20:32","date_gmt":"2021-11-25T13:20:32","guid":{"rendered":"https:\/\/www.upm.es\/recursosidi\/offers-resources\/sin categor\u00eda\/un-metodo-y-un-dispositivo-de-procesamiento-en-paralelo-de-instrucciones-de-programa-e-instrucciones-de-traza\/"},"modified":"2022-08-10T02:20:14","modified_gmt":"2022-08-10T00:20:14","slug":"un-metodo-y-un-dispositivo-de-procesamiento-en-paralelo-de-instrucciones-de-programa-e-instrucciones-de-traza","status":"publish","type":"product","link":"https:\/\/www.upm.es\/recursosidi\/offers-resources\/patentes\/un-metodo-y-un-dispositivo-de-procesamiento-en-paralelo-de-instrucciones-de-programa-e-instrucciones-de-traza\/","title":{"rendered":"Un m\u00e9todo y un dispositivo de procesamiento en paralelo de instrucciones de programa e instrucciones de traza"},"content":{"rendered":"<h5>Descripci\u00f3n de la patente <\/h5>\n<p>M\u00e9todo y dispositivo de sincronizaci\u00f3n y ejecuci\u00f3n paralela de instrucciones de traza sobre un procesador RISC segmentado. La invenci\u00f3n consiste en un dispositivo cuya estructura interna, basada en un procesador segmentado, permite eliminar la sobrecarga de tiempo de ejecuci\u00f3n que introduce la instrumentaci\u00f3n de c\u00f3digo empleada para medir el tiempo de ejecuci\u00f3n en el peor caso. Para ello el dispositivo utiliza un c\u00f3digo de instrucci\u00f3n espec\u00edfico para la instrumentaci\u00f3n, que es interpretado como la habilitaci\u00f3n de traza de la instrucci\u00f3n que le precede, y que permite identificar un\u00edvocamente el momento de ejecuci\u00f3n de dicha instrucci\u00f3n. El dispositivo propuesto ejecuta en paralelo, y de forma sincronizada, cada instrucci\u00f3n de traza con la instrucci\u00f3n a trazar que le precede, y condiciona dicha ejecuci\u00f3n a que se complete, sin que se vea afectada por burbujas, la ejecuci\u00f3n de la instrucci\u00f3n a trazar.<\/p>\n<h5>Situaci\u00f3n <\/h5>\n<p>Concedida<\/p>\n<h5>N\u00famero de solicitud<\/h5>\n<p>P201830266<\/p>\n<h5>N\u00famero de publicaci\u00f3n<\/h5>\n<p>ES2697548<\/p>\n<h5>Fecha de presentaci\u00f3n <\/h5>\n<p>20\/03\/2018<\/p>\n<h5>Fecha de publicaci\u00f3n <\/h5>\n<p>24\/01\/2019<\/p>\n<h5>Fecha de concesi\u00f3n <\/h5>\n<p>15\/07\/2020<\/p>\n<h4><strong>Extensiones Internacionales<\/strong><\/h4>\n<h5>PCT<\/h5>\n<p><strong>Referencia de la solicitud: <\/strong>PCT\/ES2019\/070176<br \/><strong>T\u00edtulo: <\/strong>Un m\u00e9todo y un dispositivo de procesamiento en paralelo de instrucciones de programa e instrucciones de traza <\/p>\n<div class=\"pdfprnt-buttons pdfprnt-buttons-product pdfprnt-bottom-left\"><a href=\"https:\/\/www.upm.es\/recursosidi\/wp-json\/wp\/v2\/product\/8753?print=pdf\" class=\"pdfprnt-button pdfprnt-button-pdf\" target=\"_blank\"><span class=\"pdfprnt-button-title pdfprnt-button-pdf-title\">Descargar ficha<\/span><\/a><\/div>","protected":false},"excerpt":{"rendered":"<p>Descripci\u00f3n de la patente M\u00e9todo y dispositivo de sincronizaci\u00f3n y ejecuci\u00f3n paralela de instrucciones de traza sobre un procesador RISC segmentado. La invenci\u00f3n consiste en&hellip;<\/p>\n","protected":false},"featured_media":0,"template":"","meta":{"_acf_changed":false},"product_cat":[3946],"product_tag":[],"comunidades-upm":[],"quien":[],"mapa":[],"disponibilidad":[],"donde":[{"term_id":42,"name":"UPM","slug":"upm","term_group":0,"term_taxonomy_id":42,"taxonomy":"donde","description":"Universidad Polit\u00e9cnica de Madrid\r\nHTML \"Lorem ipsum dolor sit amet, consectetur adipiscing elit, sed do eiusmod tempor incididunt ut labore et dolore magna aliqua. Ut enim ad minim veniam, quis nostrud exercitation ullamco laboris nisi ut aliquip ex ea commodo consequat. Duis aute irure dolor in reprehenderit in voluptate velit esse cillum dolore eu fugiat nulla pariatur. Excepteur sint occaecat cupidatat non proident, sunt in culpa qui officia deserunt mollit anim id est laborum.\"","parent":0,"count":146,"filter":"raw","term_order":"0"}],"infraestructura":[],"ods":[],"origen":[{"term_id":180,"name":"Patente","slug":"patente","term_group":0,"term_taxonomy_id":180,"taxonomy":"origen","description":"","parent":0,"count":614,"filter":"raw","term_order":"0"}],"familia_tax":false,"quien_tax":false,"donde_tax":false,"year":"","contacto":"<ul><li><blockquote><strong>otri.investigacion@upm.es<\/strong><\/blockquote><\/li><\/ul>","telefono":"","pagina_web":"","email":"","id_ficha_portal":"1397","video":"","adjuntos":false,"adjuntos_portal":"https:\/\/www.upm.es\/S2i\/Acuse\/recuperarArchivo.jsp?id=1397&id_archivo=11213&tipo=patente&extension=fichero ","inf":false,"departamento":"","acf":[],"lang":"es","translation":{"es":8753},"_links":{"self":[{"href":"https:\/\/www.upm.es\/recursosidi\/wp-json\/wp\/v2\/product\/8753"}],"collection":[{"href":"https:\/\/www.upm.es\/recursosidi\/wp-json\/wp\/v2\/product"}],"about":[{"href":"https:\/\/www.upm.es\/recursosidi\/wp-json\/wp\/v2\/types\/product"}],"wp:attachment":[{"href":"https:\/\/www.upm.es\/recursosidi\/wp-json\/wp\/v2\/media?parent=8753"}],"wp:term":[{"taxonomy":"product_cat","embeddable":true,"href":"https:\/\/www.upm.es\/recursosidi\/wp-json\/wp\/v2\/product_cat?post=8753"},{"taxonomy":"product_tag","embeddable":true,"href":"https:\/\/www.upm.es\/recursosidi\/wp-json\/wp\/v2\/product_tag?post=8753"},{"taxonomy":"comunidad_upm","embeddable":true,"href":"https:\/\/www.upm.es\/recursosidi\/wp-json\/wp\/v2\/comunidades-upm?post=8753"},{"taxonomy":"quien","embeddable":true,"href":"https:\/\/www.upm.es\/recursosidi\/wp-json\/wp\/v2\/quien?post=8753"},{"taxonomy":"mapa","embeddable":true,"href":"https:\/\/www.upm.es\/recursosidi\/wp-json\/wp\/v2\/mapa?post=8753"},{"taxonomy":"disponibilidad","embeddable":true,"href":"https:\/\/www.upm.es\/recursosidi\/wp-json\/wp\/v2\/disponibilidad?post=8753"},{"taxonomy":"donde","embeddable":true,"href":"https:\/\/www.upm.es\/recursosidi\/wp-json\/wp\/v2\/donde?post=8753"},{"taxonomy":"infraestructura","embeddable":true,"href":"https:\/\/www.upm.es\/recursosidi\/wp-json\/wp\/v2\/infraestructura?post=8753"},{"taxonomy":"ods","embeddable":true,"href":"https:\/\/www.upm.es\/recursosidi\/wp-json\/wp\/v2\/ods?post=8753"},{"taxonomy":"origen","embeddable":true,"href":"https:\/\/www.upm.es\/recursosidi\/wp-json\/wp\/v2\/origen?post=8753"}],"curies":[{"name":"wp","href":"https:\/\/api.w.org\/{rel}","templated":true}]}}