{"id":8758,"date":"2021-11-25T14:20:44","date_gmt":"2021-11-25T13:20:44","guid":{"rendered":"https:\/\/www.upm.es\/recursosidi\/offers-resources\/sin categor\u00eda\/sistema-inductivo-de-transmision-recepcion-de-datos-mediante-bloqueo-de-la-generacion-de-armonicos-de-un-nucleo-ferromagnetico\/"},"modified":"2022-08-10T02:20:28","modified_gmt":"2022-08-10T00:20:28","slug":"sistema-inductivo-de-transmision-recepcion-de-datos-mediante-bloqueo-de-la-generacion-de-armonicos-de-un-nucleo-ferromagnetico","status":"publish","type":"product","link":"https:\/\/www.upm.es\/recursosidi\/offers-resources\/patentes\/sistema-inductivo-de-transmision-recepcion-de-datos-mediante-bloqueo-de-la-generacion-de-armonicos-de-un-nucleo-ferromagnetico\/","title":{"rendered":"SISTEMA INDUCTIVO DE TRANSMISI\u00d3N\/RECEPCI\u00d3N DE DATOS MEDIANTE BLOQUEO DE LA GENERACI\u00d3N DE ARM\u00d3NICOS DE UN N\u00daCLEO FERROMAGN\u00c9TICO"},"content":{"rendered":"<h5>Descripci\u00f3n de la patente <\/h5>\n<p>La presente invenci\u00f3n se refiere a un sistema de transmisi\u00f3n de datos mediante el control de la generaci\u00f3n de arm\u00f3nicos de un n\u00facleo magn\u00e9tico excitado por un campo magn\u00e9tico alterno. M\u00e1s concretamente esta invenci\u00f3n permite que un dispositivo  maestro se comunique con otro u otros esclavos mediante campos magn\u00e9ticos de una o varias frecuencias y que el esclavo o esclavos le respondan con campos magn\u00e9ticos de frecuencia m\u00faltiplo de la frecuencia de emisi\u00f3n. <\/p>\n<h5>Situaci\u00f3n <\/h5>\n<p>Concedida<\/p>\n<h5>N\u00famero de solicitud<\/h5>\n<p>P201731478<\/p>\n<h5>N\u00famero de publicaci\u00f3n<\/h5>\n<p>ES2667121<\/p>\n<h5>Fecha de presentaci\u00f3n <\/h5>\n<p>27\/12\/2017<\/p>\n<h5>Fecha de publicaci\u00f3n <\/h5>\n<p>09\/05\/2018<\/p>\n<h5>Fecha de concesi\u00f3n <\/h5>\n<p>26\/10\/2018<\/p>\n<h4><strong>Extensiones Internacionales<\/strong><\/h4>\n<h5>PA\u00cdSES<\/h5>\n<p><strong>Pa\u00eds: <\/strong>EEUU<br \/><strong>N\u00famero de solicitud: <\/strong>US16\/233,279<br \/><strong>Titulo: <\/strong>INDUCTIVE SYSTEM FOR DATA TRANSMISSION\/RECEPTION BY MEANS OF LOCKING THE GENERATION OF HARMONICS ON A FERROMAGNETIC CORE<br \/><strong>Situaci\u00f3n: <\/strong>Concedida<\/p>\n<div class=\"pdfprnt-buttons pdfprnt-buttons-product pdfprnt-bottom-left\"><a href=\"https:\/\/www.upm.es\/recursosidi\/wp-json\/wp\/v2\/product\/8758?print=pdf\" class=\"pdfprnt-button pdfprnt-button-pdf\" target=\"_blank\"><span class=\"pdfprnt-button-title pdfprnt-button-pdf-title\">Descargar ficha<\/span><\/a><\/div>","protected":false},"excerpt":{"rendered":"<p>Descripci\u00f3n de la patente La presente invenci\u00f3n se refiere a un sistema de transmisi\u00f3n de datos mediante el control de la generaci\u00f3n de arm\u00f3nicos de&hellip;<\/p>\n","protected":false},"featured_media":0,"template":"","meta":{"_acf_changed":false},"product_cat":[3946],"product_tag":[],"comunidades-upm":[],"quien":[],"mapa":[],"disponibilidad":[],"donde":[{"term_id":478,"name":"Grupo de dispositivos magn\u00e9ticos del ISOM","slug":"grupo-de-dispositivos-magneticos-del-isom","term_group":0,"term_taxonomy_id":478,"taxonomy":"donde","description":"Nuestro trabajo se centra en los materiales magn&eacute;ticos y su aplicaci&oacute;n en sensores y dispositivos. Hemos buscado siempre compaginar temas de investigaci&oacute;n b&aacute;sica con temas de investigaci&oacute;n aplicada muy relacionados con empresas. Las <strong>l&iacute;neas de trabajo<\/strong> actuales pueden agruparse en:\n&nbsp;\n\nSensores magn&eacute;ticos (detecci&oacute;n de veh&iacute;culos, motores lineales, fraudes en contadores, &hellip;),\nInstrumentaci&oacute;n (magnetrones y suscept&oacute;metros)\nTarjetas inteligentes de baja frecuencia,\nMulticapas magn&eacute;ticas met&aacute;licas. V&aacute;lvulas de Spin. Medidas CPP,\nDin&aacute;mica de paredes de dominio magn&eacute;tico,\nTransferencia de esp&iacute;n en paredes magn&eacute;ticas y nanoestructuras magn&eacute;ticas,\nNanopart&iacute;culas y nanocintas magn&eacute;ticas para aplicaciones biom&eacute;dicas\n","parent":0,"count":5,"filter":"raw","term_order":"0"},{"term_id":604,"name":"Grupo de Ingenier\u00eda de Redes y Servicios Avanzados de Telecomunicaci\u00f3n","slug":"grupo-de-ingenieria-de-redes-y-servicios-avanzados-de-telecomunicacion","term_group":0,"term_taxonomy_id":604,"taxonomy":"donde","description":"","parent":0,"count":3,"filter":"raw","term_order":"0"},{"term_id":244,"name":"Instituto Universitario de Sistemas Optoelectr\u00f3nicos y Microtecnolog\u00eda (ISOM)","slug":"instituto-universitario-de-sistemas-optoelectronicos-y-microtecnologia-isom","term_group":0,"term_taxonomy_id":244,"taxonomy":"donde","description":"","parent":0,"count":33,"filter":"raw","term_order":"0"}],"infraestructura":[],"ods":[],"origen":[{"term_id":180,"name":"Patente","slug":"patente","term_group":0,"term_taxonomy_id":180,"taxonomy":"origen","description":"","parent":0,"count":614,"filter":"raw","term_order":"0"}],"familia_tax":false,"quien_tax":false,"donde_tax":false,"year":"","contacto":"<strong>Principales: <\/strong><ul><li>CLAUDIO AROCA HERNANDEZ-ROS <blockquote><strong>claudio.aroca@upm.es<\/strong><\/blockquote><\/li><li>MARINA PEREZ JIMENEZ <blockquote><strong>marina.perez@upm.es<\/strong><\/blockquote><\/li><li>PEDRO COBOS ARRIBAS <blockquote><strong>pedro.cobos@upm.es<\/strong><\/blockquote><\/li><\/ul><strong>Otros inventores UPM: <\/strong><ul><li>Jos\u00e9 Luis P\u00e9rez Fernandez Centro de I+d+i en Procesado de la Informaci\u00f3n y Telecomunicaciones (IPT)<\/li><\/ul>","telefono":"","pagina_web":"","email":"","id_ficha_portal":"1417","video":"","adjuntos":false,"adjuntos_portal":"https:\/\/www.upm.es\/S2i\/Acuse\/recuperarArchivo.jsp?id=1417&id_archivo=9437&tipo=patente&extension=fichero ","inf":false,"departamento":"","acf":[],"lang":"es","translation":{"es":8758},"_links":{"self":[{"href":"https:\/\/www.upm.es\/recursosidi\/wp-json\/wp\/v2\/product\/8758"}],"collection":[{"href":"https:\/\/www.upm.es\/recursosidi\/wp-json\/wp\/v2\/product"}],"about":[{"href":"https:\/\/www.upm.es\/recursosidi\/wp-json\/wp\/v2\/types\/product"}],"wp:attachment":[{"href":"https:\/\/www.upm.es\/recursosidi\/wp-json\/wp\/v2\/media?parent=8758"}],"wp:term":[{"taxonomy":"product_cat","embeddable":true,"href":"https:\/\/www.upm.es\/recursosidi\/wp-json\/wp\/v2\/product_cat?post=8758"},{"taxonomy":"product_tag","embeddable":true,"href":"https:\/\/www.upm.es\/recursosidi\/wp-json\/wp\/v2\/product_tag?post=8758"},{"taxonomy":"comunidad_upm","embeddable":true,"href":"https:\/\/www.upm.es\/recursosidi\/wp-json\/wp\/v2\/comunidades-upm?post=8758"},{"taxonomy":"quien","embeddable":true,"href":"https:\/\/www.upm.es\/recursosidi\/wp-json\/wp\/v2\/quien?post=8758"},{"taxonomy":"mapa","embeddable":true,"href":"https:\/\/www.upm.es\/recursosidi\/wp-json\/wp\/v2\/mapa?post=8758"},{"taxonomy":"disponibilidad","embeddable":true,"href":"https:\/\/www.upm.es\/recursosidi\/wp-json\/wp\/v2\/disponibilidad?post=8758"},{"taxonomy":"donde","embeddable":true,"href":"https:\/\/www.upm.es\/recursosidi\/wp-json\/wp\/v2\/donde?post=8758"},{"taxonomy":"infraestructura","embeddable":true,"href":"https:\/\/www.upm.es\/recursosidi\/wp-json\/wp\/v2\/infraestructura?post=8758"},{"taxonomy":"ods","embeddable":true,"href":"https:\/\/www.upm.es\/recursosidi\/wp-json\/wp\/v2\/ods?post=8758"},{"taxonomy":"origen","embeddable":true,"href":"https:\/\/www.upm.es\/recursosidi\/wp-json\/wp\/v2\/origen?post=8758"}],"curies":[{"name":"wp","href":"https:\/\/api.w.org\/{rel}","templated":true}]}}