{"id":8759,"date":"2021-11-25T14:20:46","date_gmt":"2021-11-25T13:20:46","guid":{"rendered":"https:\/\/www.upm.es\/recursosidi\/offers-resources\/sin%20categor\u00eda\/sistema-y-metodo-para-determinar-un-estado-emocional-de-unusuario\/"},"modified":"2022-08-10T02:20:31","modified_gmt":"2022-08-10T00:20:31","slug":"sistema-y-metodo-para-determinar-un-estado-emocional-de-unusuario","status":"publish","type":"product","link":"https:\/\/www.upm.es\/recursosidi\/offers-resources\/patentes\/sistema-y-metodo-para-determinar-un-estado-emocional-de-unusuario\/","title":{"rendered":"SISTEMA Y M\u00c9TODO PARA DETERMINAR UN ESTADO EMOCIONAL DE UN\r\nUSUARIO"},"content":{"rendered":"<h5>Descripci\u00f3n de la patente <\/h5>\n<p>Soluci\u00f3n portatil pra monitorizar registrar y recoger eventos derivdos de la detecci\u00f3n de p\u00e1nico y estr\u00e9s en el usuario debidos a un ataque sexual o violento. La soluci\u00f3n desencadena un conjunto de alarmas que llegan a una red de guardianes previamente configurados a trav\u00e9s de una aplicaci\u00f3n m\u00f3vil. <\/p>\n<h5>Situaci\u00f3n <\/h5>\n<p>Concedida<\/p>\n<h5>N\u00famero de solicitud<\/h5>\n<p>U202130953<\/p>\n<h5>N\u00famero de publicaci\u00f3n<\/h5>\n<p>ES1269890<\/p>\n<h5>Fecha de presentaci\u00f3n <\/h5>\n<p>21\/11\/2018<\/p>\n<h5>Fecha de publicaci\u00f3n <\/h5>\n<p>22\/05\/2020<\/p>\n<h5>Fecha de concesi\u00f3n <\/h5>\n<p>20\/09\/2021<\/p>\n<h4><strong>Extensiones Internacionales<\/strong><\/h4>\n<h5>PCT<\/h5>\n<p><strong>Referencia de la solicitud: <\/strong>PCT\/ES2019\/070797<br \/>\nWO2020104722<br \/><strong>T\u00edtulo: <\/strong>SISTEMA Y M\u00c9TODO PARA DETERMINAR UN ESTADO EMOCIONAL DE UN USUARIO<\/p>\n<div class=\"pdfprnt-buttons pdfprnt-buttons-product pdfprnt-bottom-left\"><a href=\"https:\/\/www.upm.es\/recursosidi\/wp-json\/wp\/v2\/product\/8759?print=pdf\" class=\"pdfprnt-button pdfprnt-button-pdf\" target=\"_blank\"><span class=\"pdfprnt-button-title pdfprnt-button-pdf-title\">Descargar ficha<\/span><\/a><\/div>","protected":false},"excerpt":{"rendered":"<p>Descripci\u00f3n de la patente Soluci\u00f3n portatil pra monitorizar registrar y recoger eventos derivdos de la detecci\u00f3n de p\u00e1nico y estr\u00e9s en el usuario debidos a&hellip;<\/p>\n","protected":false},"featured_media":0,"template":"","meta":{"_acf_changed":false},"product_cat":[3946],"product_tag":[],"comunidades-upm":[],"quien":[],"mapa":[],"disponibilidad":[],"donde":[{"term_id":546,"name":"Centro de Electr\u00f3nica Industrial (CEI)","slug":"centro-de-electronica-industrial-cei","term_group":0,"term_taxonomy_id":546,"taxonomy":"donde","description":"","parent":0,"count":25,"filter":"raw","term_order":"0"},{"term_id":3496,"name":"Grupo en Tecnolog\u00eda Electr\u00f3nica Aplicada (GTEA)","slug":"grupo-en-tecnologia-electronica-aplicada-gtea","term_group":0,"term_taxonomy_id":3496,"taxonomy":"donde","description":"","parent":0,"count":3,"filter":"raw","term_order":"0"}],"infraestructura":[],"ods":[],"origen":[{"term_id":180,"name":"Patente","slug":"patente","term_group":0,"term_taxonomy_id":180,"taxonomy":"origen","description":"","parent":0,"count":614,"filter":"raw","term_order":"0"}],"familia_tax":false,"quien_tax":false,"donde_tax":false,"year":"","contacto":"<strong>Principales: <\/strong><ul><li>TERESA RIESGO ALCAIDE <blockquote><strong>teresa.riesgo@upm.es<\/strong><\/blockquote><\/li><li>JOSE MANUEL LANZA GUTIERREZ <blockquote><strong>jm.lanza@upm.es<\/strong><\/blockquote><\/li><li>RODRIGO MARI\u00d1O ANDRES <blockquote><strong>rodrigo.marino@upm.es<\/strong><\/blockquote><\/li><\/ul>","telefono":"","pagina_web":"","email":"","id_ficha_portal":"1480","video":"","adjuntos":false,"adjuntos_portal":"https:\/\/www.upm.es\/S2i\/Acuse\/recuperarArchivo.jsp?id=1480&id_archivo=12150&tipo=patente&extension=fichero ","inf":false,"departamento":"","acf":[],"lang":"es","translation":{"es":8759},"_links":{"self":[{"href":"https:\/\/www.upm.es\/recursosidi\/wp-json\/wp\/v2\/product\/8759"}],"collection":[{"href":"https:\/\/www.upm.es\/recursosidi\/wp-json\/wp\/v2\/product"}],"about":[{"href":"https:\/\/www.upm.es\/recursosidi\/wp-json\/wp\/v2\/types\/product"}],"wp:attachment":[{"href":"https:\/\/www.upm.es\/recursosidi\/wp-json\/wp\/v2\/media?parent=8759"}],"wp:term":[{"taxonomy":"product_cat","embeddable":true,"href":"https:\/\/www.upm.es\/recursosidi\/wp-json\/wp\/v2\/product_cat?post=8759"},{"taxonomy":"product_tag","embeddable":true,"href":"https:\/\/www.upm.es\/recursosidi\/wp-json\/wp\/v2\/product_tag?post=8759"},{"taxonomy":"comunidad_upm","embeddable":true,"href":"https:\/\/www.upm.es\/recursosidi\/wp-json\/wp\/v2\/comunidades-upm?post=8759"},{"taxonomy":"quien","embeddable":true,"href":"https:\/\/www.upm.es\/recursosidi\/wp-json\/wp\/v2\/quien?post=8759"},{"taxonomy":"mapa","embeddable":true,"href":"https:\/\/www.upm.es\/recursosidi\/wp-json\/wp\/v2\/mapa?post=8759"},{"taxonomy":"disponibilidad","embeddable":true,"href":"https:\/\/www.upm.es\/recursosidi\/wp-json\/wp\/v2\/disponibilidad?post=8759"},{"taxonomy":"donde","embeddable":true,"href":"https:\/\/www.upm.es\/recursosidi\/wp-json\/wp\/v2\/donde?post=8759"},{"taxonomy":"infraestructura","embeddable":true,"href":"https:\/\/www.upm.es\/recursosidi\/wp-json\/wp\/v2\/infraestructura?post=8759"},{"taxonomy":"ods","embeddable":true,"href":"https:\/\/www.upm.es\/recursosidi\/wp-json\/wp\/v2\/ods?post=8759"},{"taxonomy":"origen","embeddable":true,"href":"https:\/\/www.upm.es\/recursosidi\/wp-json\/wp\/v2\/origen?post=8759"}],"curies":[{"name":"wp","href":"https:\/\/api.w.org\/{rel}","templated":true}]}}