{"id":8762,"date":"2021-11-25T14:20:54","date_gmt":"2021-11-25T13:20:54","guid":{"rendered":"https:\/\/www.upm.es\/recursosidi\/offers-resources\/sin categor\u00eda\/dispositivo-para-generacion-de-energia-mecanica-segun-ciclos-termodinamicos-avanzados-con-rangos-de-temperatura-delimitados-en-el-aporte-de-calor\/"},"modified":"2022-08-10T02:20:39","modified_gmt":"2022-08-10T00:20:39","slug":"dispositivo-para-generacion-de-energia-mecanica-segun-ciclos-termodinamicos-avanzados-con-rangos-de-temperatura-delimitados-en-el-aporte-de-calor","status":"publish","type":"product","link":"https:\/\/www.upm.es\/recursosidi\/offers-resources\/patentes\/dispositivo-para-generacion-de-energia-mecanica-segun-ciclos-termodinamicos-avanzados-con-rangos-de-temperatura-delimitados-en-el-aporte-de-calor\/","title":{"rendered":"Dispositivo para generaci\u00f3n de energ\u00eda mec\u00e1nica seg\u00fan ciclos termodin\u00e1micos avanzados con rangos de temperatura delimitados en el aporte de calor"},"content":{"rendered":"<h5>Descripci\u00f3n de la patente <\/h5>\n<p>Dispositivo para generaci\u00f3n de energ\u00eda mec\u00e1nica seg\u00fan ciclos termodin\u00e1micos avanzados con rangos de temperatura delimitados en el aporte de calor, que comprende un condensador (1), una bomba (2), un divisor de caudales (3), un regenerador (4), un equipo de aporte de calor principal (8), un expansor (7), un regenerador secundario (10), un expansor secundario (9) y un elemento de uni\u00f3n de caudales (11) configurando un ciclo termodin\u00e1mico avanzado para la producci\u00f3n de energ\u00eda mec\u00e1nica en el que la temperatura de aporte calor en el calentamiento est\u00e1 delimitada por la aplicaci\u00f3n y los elementos antedichos se configuran para maximizar la producci\u00f3n de energ\u00eda.<\/p>\n<h5>Situaci\u00f3n <\/h5>\n<p>Concedida<\/p>\n<h5>N\u00famero de solicitud<\/h5>\n<p>P201830534<\/p>\n<h5>N\u00famero de publicaci\u00f3n<\/h5>\n<p>ES2678215<\/p>\n<h5>Fecha de presentaci\u00f3n <\/h5>\n<p>04\/06\/2018<\/p>\n<h5>Fecha de publicaci\u00f3n <\/h5>\n<p>09\/08\/2018<\/p>\n<h5>Fecha de concesi\u00f3n <\/h5>\n<p>30\/10\/2019<\/p>\n<div class=\"pdfprnt-buttons pdfprnt-buttons-product pdfprnt-bottom-left\"><a href=\"https:\/\/www.upm.es\/recursosidi\/wp-json\/wp\/v2\/product\/8762?print=pdf\" class=\"pdfprnt-button pdfprnt-button-pdf\" target=\"_blank\"><span class=\"pdfprnt-button-title pdfprnt-button-pdf-title\">Descargar ficha<\/span><\/a><\/div>","protected":false},"excerpt":{"rendered":"<p>Descripci\u00f3n de la patente Dispositivo para generaci\u00f3n de energ\u00eda mec\u00e1nica seg\u00fan ciclos termodin\u00e1micos avanzados con rangos de temperatura delimitados en el aporte de calor, que&hellip;<\/p>\n","protected":false},"featured_media":0,"template":"","meta":{"_acf_changed":false},"product_cat":[3946],"product_tag":[],"comunidades-upm":[],"quien":[],"mapa":[],"disponibilidad":[],"donde":[{"term_id":238,"name":"Instituto de Fusi\u00f3n Nuclear \"Guillermo Velarde\" (IFN-GV)","slug":"instituto-de-fusion-nuclear-guillermo-velarde-ifn-gv","term_group":0,"term_taxonomy_id":238,"taxonomy":"donde","description":"","parent":0,"count":57,"filter":"raw","term_order":"0"},{"term_id":390,"name":"Thermal Energy for Sustainability","slug":"thermal-energy-for-sustainability","term_group":0,"term_taxonomy_id":390,"taxonomy":"donde","description":"","parent":0,"count":57,"filter":"raw","term_order":"0"}],"infraestructura":[],"ods":[],"origen":[{"term_id":180,"name":"Patente","slug":"patente","term_group":0,"term_taxonomy_id":180,"taxonomy":"origen","description":"","parent":0,"count":614,"filter":"raw","term_order":"0"}],"familia_tax":false,"quien_tax":false,"donde_tax":false,"year":"","contacto":"<strong>Principales: <\/strong><ul><li>JOSE MARIA MARTINEZ-VAL PE\u00d1ALOSA <blockquote><strong>josemaria.martinezval@upm.es<\/strong><\/blockquote><\/li><li>Antonio Rovira De Antonio <blockquote><strong>rovira@ind.uned.es<\/strong><\/blockquote><\/li><\/ul>","telefono":"","pagina_web":"","email":"","id_ficha_portal":"1462","video":"","adjuntos":false,"adjuntos_portal":"https:\/\/www.upm.es\/S2i\/Acuse\/recuperarArchivo.jsp?id=1462&id_archivo=10542&tipo=patente&extension=fichero ","inf":false,"departamento":"","acf":[],"lang":"es","translation":{"es":8762},"_links":{"self":[{"href":"https:\/\/www.upm.es\/recursosidi\/wp-json\/wp\/v2\/product\/8762"}],"collection":[{"href":"https:\/\/www.upm.es\/recursosidi\/wp-json\/wp\/v2\/product"}],"about":[{"href":"https:\/\/www.upm.es\/recursosidi\/wp-json\/wp\/v2\/types\/product"}],"wp:attachment":[{"href":"https:\/\/www.upm.es\/recursosidi\/wp-json\/wp\/v2\/media?parent=8762"}],"wp:term":[{"taxonomy":"product_cat","embeddable":true,"href":"https:\/\/www.upm.es\/recursosidi\/wp-json\/wp\/v2\/product_cat?post=8762"},{"taxonomy":"product_tag","embeddable":true,"href":"https:\/\/www.upm.es\/recursosidi\/wp-json\/wp\/v2\/product_tag?post=8762"},{"taxonomy":"comunidad_upm","embeddable":true,"href":"https:\/\/www.upm.es\/recursosidi\/wp-json\/wp\/v2\/comunidades-upm?post=8762"},{"taxonomy":"quien","embeddable":true,"href":"https:\/\/www.upm.es\/recursosidi\/wp-json\/wp\/v2\/quien?post=8762"},{"taxonomy":"mapa","embeddable":true,"href":"https:\/\/www.upm.es\/recursosidi\/wp-json\/wp\/v2\/mapa?post=8762"},{"taxonomy":"disponibilidad","embeddable":true,"href":"https:\/\/www.upm.es\/recursosidi\/wp-json\/wp\/v2\/disponibilidad?post=8762"},{"taxonomy":"donde","embeddable":true,"href":"https:\/\/www.upm.es\/recursosidi\/wp-json\/wp\/v2\/donde?post=8762"},{"taxonomy":"infraestructura","embeddable":true,"href":"https:\/\/www.upm.es\/recursosidi\/wp-json\/wp\/v2\/infraestructura?post=8762"},{"taxonomy":"ods","embeddable":true,"href":"https:\/\/www.upm.es\/recursosidi\/wp-json\/wp\/v2\/ods?post=8762"},{"taxonomy":"origen","embeddable":true,"href":"https:\/\/www.upm.es\/recursosidi\/wp-json\/wp\/v2\/origen?post=8762"}],"curies":[{"name":"wp","href":"https:\/\/api.w.org\/{rel}","templated":true}]}}