{"id":8764,"date":"2021-11-25T14:20:59","date_gmt":"2021-11-25T13:20:59","guid":{"rendered":"https:\/\/www.upm.es\/recursosidi\/offers-resources\/sin%20categor\u00eda\/dispositivo-y-procedimiento-de-obtencion-de-medidas-mecanicas-geometricas-y-dinamicas-de-superficies-opticas\/"},"modified":"2022-09-01T02:00:37","modified_gmt":"2022-09-01T00:00:37","slug":"dispositivo-y-procedimiento-de-obtencion-de-medidas-mecanicas-geometricas-y-dinamicas-de-superficies-opticas","status":"publish","type":"product","link":"https:\/\/www.upm.es\/recursosidi\/offers-resources\/patentes\/dispositivo-y-procedimiento-de-obtencion-de-medidas-mecanicas-geometricas-y-dinamicas-de-superficies-opticas\/","title":{"rendered":"Dispositivo y procedimiento de obtenci\u00f3n de medidas mec\u00e1nicas, geom\u00e9tricas y din\u00e1micas de superficies \u00f3pticas"},"content":{"rendered":"<h5>Descripci\u00f3n de la patente <\/h5>\n<p>Dispositivo y procedimiento de obtenci\u00f3n de medidas mec\u00e1nicas, geom\u00e9tricas y din\u00e1micas de superficies \u00f3pticas, donde el dispositivo comprende: un sistema estereosc\u00f3pico de obtenci\u00f3n de im\u00e1genes (1) de alta velocidad; un generador de est\u00edmulos puntuales (2) sobre una primera regi\u00f3n \u00f3ptica (5) y\/o sobre una segunda regi\u00f3n \u00f3ptica (6); un primer proyector (3) de un patr\u00f3n aleatorio de iluminaci\u00f3n infrarrojo (7) sobre la segunda regi\u00f3n \u00f3ptica (6); un segundo proyector (4) de un patr\u00f3n de iluminaci\u00f3n en hendidura sobre un \u00e1rea central de la segunda regi\u00f3n \u00f3ptica (6); un procesador (10) configurado para calibrar el sistema estereosc\u00f3pico de obtenci\u00f3n de im\u00e1genes (1) de alta velocidad; donde el sistema estereosc\u00f3pico de obtenci\u00f3n de im\u00e1genes (1) de alta velocidad est\u00e1 configurado para obtener al menos una imagen del patr\u00f3n aleatorio de iluminaci\u00f3n infrarrojo (7), as\u00ed como del patr\u00f3n de iluminaci\u00f3n en hendidura previamente, durante y posteriormente a la aplicaci\u00f3n del est\u00edmulo puntual (8).<\/p>\n<h5>Situaci\u00f3n <\/h5>\n<p>Concedida<\/p>\n<h5>N\u00famero de solicitud<\/h5>\n<p>U201930475<\/p>\n<h5>N\u00famero de publicaci\u00f3n<\/h5>\n<p>ES1228159<\/p>\n<h5>Fecha de presentaci\u00f3n <\/h5>\n<p>23\/11\/2017<\/p>\n<h5>Fecha de publicaci\u00f3n <\/h5>\n<p>11\/04\/2019<\/p>\n<h5>Fecha de concesi\u00f3n <\/h5>\n<p>26\/06\/2019<\/p>\n<h4><strong>Extensiones Internacionales<\/strong><\/h4>\n<h5>PCT<\/h5>\n<p><strong>Referencia de la solicitud: <\/strong>PCT\/ES2018\/070757<br \/><strong>T\u00edtulo: <\/strong>DISPOSITIVO Y PROCEDIMIENTO DE OBTENCI\u00d3N DE MEDIDAS MEC\u00c1NICAS, GEOM\u00c9TRICAS Y DIN\u00c1MICAS DE SUPERFICIES \u00d3PTICAS<\/p>\n<h5>EUROPA<\/h5>\n<p><strong>Referencia de la solicitud: <\/strong>EP18849477.7 <br \/><strong>T\u00edtulo:\t\t\t\t\t   <\/strong>DEVICE AND METHOD FOR OBTAINING MECHANICAL, GEOMETRIC, AND<br \/>\nDYNAMIC MEASUREMENTS OF OPTICAL SURFACES<br \/><strong>Situacion: \t\t\t\t   <\/strong>Concedida<\/p>\n<h5>PA\u00cdSES<\/h5>\n<p><strong>Pa\u00eds: <\/strong>Francia<br \/><strong>N\u00famero de solicitud: <\/strong>EP3714765<br \/><strong>Titulo: <\/strong>Dispositif et proc\u00e9d\u00e9 d\u00bfobtention des mesures m\u00e9caniques, g\u00e9ometrics et dynamiques des surfaces optiques<br \/><strong>Situaci\u00f3n: <\/strong>Concedida<br \/><strong>Pa\u00eds: <\/strong>Reino Unido<br \/><strong>N\u00famero de solicitud: <\/strong>EP3714765<br \/><strong>Titulo: <\/strong>DEVICE AND METHOD FOR OBTAINING MECHANICAL, GEOMETRIC, AND<br \/>\nDYNAMIC MEASUREMENTS OF OPTICAL SURFACES<br \/><strong>Situaci\u00f3n: <\/strong>Concedida<br \/><strong>Pa\u00eds: <\/strong>Suiza<br \/><strong>N\u00famero de solicitud: <\/strong>EP3714765<br \/><strong>Titulo: <\/strong>Dispositif et proc\u00e9d\u00e9 d\u00bfobtention des mesures m\u00e9caniques, g\u00e9ometrics et dynamiques des surfaces optiques<br \/><strong>Situaci\u00f3n: <\/strong>Concedida<br \/><strong>Pa\u00eds: <\/strong>Alemania<br \/><strong>N\u00famero de solicitud: <\/strong>60 2018 028 946.1<br \/><strong>Titulo: <\/strong>GER\u00c1T UNO VERFAHREN ZUM ERHALTEN VON MECHANISCHEN, GEOMETRISCHEN UNO DYNAMISCHEN MESSUNGEN VON OPTISCHEN OBERFLACHEN<br \/><strong>Situaci\u00f3n: <\/strong>Concedida<br \/><strong>Pa\u00eds: <\/strong>B\u00e9lgica<br \/><strong>N\u00famero de solicitud: <\/strong>EP3714765<br \/><strong>Titulo: <\/strong>Dispositif et proc\u00e9d\u00e9 d\u00bfobtention des mesures m\u00e9caniques, g\u00e9ometrics et dynamiques des surfaces optiques<br \/><strong>Situaci\u00f3n: <\/strong>Concedida<\/p>\n<div class=\"pdfprnt-buttons pdfprnt-buttons-product pdfprnt-bottom-left\"><a href=\"https:\/\/www.upm.es\/recursosidi\/wp-json\/wp\/v2\/product\/8764?print=pdf\" class=\"pdfprnt-button pdfprnt-button-pdf\" target=\"_blank\"><span class=\"pdfprnt-button-title pdfprnt-button-pdf-title\">Descargar ficha<\/span><\/a><\/div>","protected":false},"excerpt":{"rendered":"<p>Descripci\u00f3n de la patente Dispositivo y procedimiento de obtenci\u00f3n de medidas mec\u00e1nicas, geom\u00e9tricas y din\u00e1micas de superficies \u00f3pticas, donde el dispositivo comprende: un sistema estereosc\u00f3pico&hellip;<\/p>\n","protected":false},"featured_media":0,"template":"","meta":{"_acf_changed":false},"product_cat":[3946],"product_tag":[],"comunidades-upm":[],"quien":[],"mapa":[],"disponibilidad":[],"donde":[{"term_id":286,"name":"Desarrollo y Ensayos Aeroespaciales","slug":"desarrollo-y-ensayos-aeroespaciales","term_group":0,"term_taxonomy_id":286,"taxonomy":"donde","description":"Nuestro grupo centra su <strong>investigaci&oacute;n<\/strong> en las siguientes <strong>l&iacute;neas<\/strong>:\n&nbsp;\n\nAerodin&aacute;mica experimental &nbsp;&nbsp;&nbsp;&nbsp;&nbsp;&nbsp;&nbsp;&nbsp;&nbsp;&nbsp;&nbsp;\nCalibraci&oacute;n de anem&oacute;metros &nbsp;&nbsp;&nbsp;&nbsp;&nbsp;&nbsp;&nbsp;&nbsp;&nbsp;\nAcondicionamiento t&eacute;rmico\nVentilaci&oacute;n &nbsp;&nbsp;&nbsp;\nVeh&iacute;culos espaciales\nAerogeneradores\n","parent":0,"count":5,"filter":"raw","term_order":"0"},{"term_id":242,"name":"Instituto Universitario de Microgravedad \"Ignacio da Riva\" (IDR)","slug":"instituto-universitario-de-microgravedad-ignacio-da-riva-idr","term_group":0,"term_taxonomy_id":242,"taxonomy":"donde","description":"","parent":0,"count":7,"filter":"raw","term_order":"0"}],"infraestructura":[],"ods":[],"origen":[{"term_id":180,"name":"Patente","slug":"patente","term_group":0,"term_taxonomy_id":180,"taxonomy":"origen","description":"","parent":0,"count":614,"filter":"raw","term_order":"0"}],"familia_tax":false,"quien_tax":false,"donde_tax":false,"year":"","contacto":"<strong>Principales: <\/strong><ul><li>JESUS ALFREDO GUEMES GORDO <blockquote><strong>alfredo.guemes@upm.es<\/strong><\/blockquote><\/li><li>BEATRIZ MARIA LARRA\u00d1AGA VALSERO <blockquote><strong>beatriz.larranaga.valsero@alumnos.upm.es<\/strong><\/blockquote><\/li><li>ANTONIO FERNANDEZ LOPEZ <blockquote><strong>antonio.fernandez.lopez@upm.es<\/strong><\/blockquote><\/li><\/ul><strong>Otros inventores: <\/strong><ul><li>Nicol\u00e1sAlejandre Alba Instituto de Investigaci\u00f3n Sanitaria - Fundaci\u00f3n Jim\u00e9nez D\u00edaz<\/li> <li>IgnacioJim\u00e9nez-Alfaro Morote Instituto de Investigaci\u00f3n Sanitaria - Fundaci\u00f3n Jim\u00e9nez D\u00edaz<\/li> <li>Pablo P\u00e9rez Merino Instituto de Investigaci\u00f3n Sanitaria - Fundaci\u00f3n Jim\u00e9nez D\u00edaz<\/li> <\/ul>","telefono":"","pagina_web":"","email":"","id_ficha_portal":"1398","video":"","adjuntos":false,"adjuntos_portal":"","inf":false,"departamento":"","acf":[],"lang":"es","translation":{"es":8764},"_links":{"self":[{"href":"https:\/\/www.upm.es\/recursosidi\/wp-json\/wp\/v2\/product\/8764"}],"collection":[{"href":"https:\/\/www.upm.es\/recursosidi\/wp-json\/wp\/v2\/product"}],"about":[{"href":"https:\/\/www.upm.es\/recursosidi\/wp-json\/wp\/v2\/types\/product"}],"wp:attachment":[{"href":"https:\/\/www.upm.es\/recursosidi\/wp-json\/wp\/v2\/media?parent=8764"}],"wp:term":[{"taxonomy":"product_cat","embeddable":true,"href":"https:\/\/www.upm.es\/recursosidi\/wp-json\/wp\/v2\/product_cat?post=8764"},{"taxonomy":"product_tag","embeddable":true,"href":"https:\/\/www.upm.es\/recursosidi\/wp-json\/wp\/v2\/product_tag?post=8764"},{"taxonomy":"comunidad_upm","embeddable":true,"href":"https:\/\/www.upm.es\/recursosidi\/wp-json\/wp\/v2\/comunidades-upm?post=8764"},{"taxonomy":"quien","embeddable":true,"href":"https:\/\/www.upm.es\/recursosidi\/wp-json\/wp\/v2\/quien?post=8764"},{"taxonomy":"mapa","embeddable":true,"href":"https:\/\/www.upm.es\/recursosidi\/wp-json\/wp\/v2\/mapa?post=8764"},{"taxonomy":"disponibilidad","embeddable":true,"href":"https:\/\/www.upm.es\/recursosidi\/wp-json\/wp\/v2\/disponibilidad?post=8764"},{"taxonomy":"donde","embeddable":true,"href":"https:\/\/www.upm.es\/recursosidi\/wp-json\/wp\/v2\/donde?post=8764"},{"taxonomy":"infraestructura","embeddable":true,"href":"https:\/\/www.upm.es\/recursosidi\/wp-json\/wp\/v2\/infraestructura?post=8764"},{"taxonomy":"ods","embeddable":true,"href":"https:\/\/www.upm.es\/recursosidi\/wp-json\/wp\/v2\/ods?post=8764"},{"taxonomy":"origen","embeddable":true,"href":"https:\/\/www.upm.es\/recursosidi\/wp-json\/wp\/v2\/origen?post=8764"}],"curies":[{"name":"wp","href":"https:\/\/api.w.org\/{rel}","templated":true}]}}