{"id":8770,"date":"2021-11-25T14:21:13","date_gmt":"2021-11-25T13:21:13","guid":{"rendered":"https:\/\/www.upm.es\/recursosidi\/offers-resources\/sin categor\u00eda\/celula-solar-multiunion-de-semiconductores-iii-v-que-contiene-grafeno-y-metodo-de-obtencion\/"},"modified":"2022-08-10T02:21:03","modified_gmt":"2022-08-10T00:21:03","slug":"celula-solar-multiunion-de-semiconductores-iii-v-que-contiene-grafeno-y-metodo-de-obtencion","status":"publish","type":"product","link":"https:\/\/www.upm.es\/recursosidi\/offers-resources\/patentes\/celula-solar-multiunion-de-semiconductores-iii-v-que-contiene-grafeno-y-metodo-de-obtencion\/","title":{"rendered":"C\u00e9lula solar multiuni\u00f3n de semiconductores III-V que contiene grafeno y m\u00e9todo de obtenci\u00f3n"},"content":{"rendered":"<h5>Descripci\u00f3n de la patente <\/h5>\n<p>La invenci\u00f3n se refiere a una c\u00e9lula solar multiuni\u00f3n que comprende: una estructura semiconductora que incorpora una o m\u00e1s uniones pn fotovoltaicamente activas hechas de semiconductores III-V , contactos met\u00e1licos frontales y traseros, y una o m\u00e1s capas de grafeno depositadas entre la estructura semiconductora y los contactos frontales. Para muchas aplicaciones de esta invenci\u00f3n, adem\u00e1s ser\u00eda necesario depositar capas antirreflectantes sobre el grafeno. Asimismo, la presente invenci\u00f3n se refiere al m\u00e9todo de obtenci\u00f3n de la c\u00e9lula solar multiuni\u00f3n, caracterizado porque comprende depositar al menos una capa de grafeno mediante transferencia sobre la superficie semiconductora frontal de la c\u00e9lula solar, previamente al dep\u00f3sito de los contactos met\u00e1licos frontales. <\/p>\n<h5>Situaci\u00f3n <\/h5>\n<p>Concedida<\/p>\n<h5>N\u00famero de solicitud<\/h5>\n<p>P201731223<\/p>\n<h5>N\u00famero de publicaci\u00f3n<\/h5>\n<p>ES2665809<\/p>\n<h5>Fecha de presentaci\u00f3n <\/h5>\n<p>17\/10\/2017<\/p>\n<h5>Fecha de publicaci\u00f3n <\/h5>\n<p>27\/04\/2018<\/p>\n<h5>Fecha de concesi\u00f3n <\/h5>\n<p>07\/06\/2019<\/p>\n<div class=\"pdfprnt-buttons pdfprnt-buttons-product pdfprnt-bottom-left\"><a href=\"https:\/\/www.upm.es\/recursosidi\/wp-json\/wp\/v2\/product\/8770?print=pdf\" class=\"pdfprnt-button pdfprnt-button-pdf\" target=\"_blank\"><span class=\"pdfprnt-button-title pdfprnt-button-pdf-title\">Descargar ficha<\/span><\/a><\/div>","protected":false},"excerpt":{"rendered":"<p>Descripci\u00f3n de la patente La invenci\u00f3n se refiere a una c\u00e9lula solar multiuni\u00f3n que comprende: una estructura semiconductora que incorpora una o m\u00e1s uniones pn&hellip;<\/p>\n","protected":false},"featured_media":0,"template":"","meta":{"_acf_changed":false},"product_cat":[3946],"product_tag":[],"comunidades-upm":[],"quien":[],"mapa":[],"disponibilidad":[],"donde":[{"term_id":236,"name":"Instituto de Energ\u00eda Solar (IES)","slug":"instituto-de-energia-solar-ies","term_group":0,"term_taxonomy_id":236,"taxonomy":"donde","description":"","parent":0,"count":41,"filter":"raw","term_order":"0"},{"term_id":428,"name":"Semiconductores III-V","slug":"semiconductores-iii-v","term_group":0,"term_taxonomy_id":428,"taxonomy":"donde","description":"","parent":0,"count":6,"filter":"raw","term_order":"0"},{"term_id":554,"name":"Sistemas Fotovoltaicos","slug":"sistemas-fotovoltaicos","term_group":0,"term_taxonomy_id":554,"taxonomy":"donde","description":"","parent":0,"count":10,"filter":"raw","term_order":"0"}],"infraestructura":[],"ods":[],"origen":[{"term_id":180,"name":"Patente","slug":"patente","term_group":0,"term_taxonomy_id":180,"taxonomy":"origen","description":"","parent":0,"count":614,"filter":"raw","term_order":"0"}],"familia_tax":false,"quien_tax":false,"donde_tax":false,"year":"","contacto":"<strong>Principales: <\/strong><ul><li>CARLOS ALGORA DEL VALLE <blockquote><strong>carlos.algora@upm.es<\/strong><\/blockquote><\/li><li>LAURA BARRUTIA PONCELA <blockquote><strong>laura.barrutia@upm.es<\/strong><\/blockquote><\/li><li>MARIO OCHOA G\u00d3MEZ <blockquote><strong>mario.ochoa@upm.es<\/strong><\/blockquote><\/li><li>IGNACIO REY-STOLLE PRADO <blockquote><strong>ignacio.reystolle@upm.es<\/strong><\/blockquote><\/li><\/ul>","telefono":"","pagina_web":"","email":"","id_ficha_portal":"1399","video":"","adjuntos":false,"adjuntos_portal":"https:\/\/www.upm.es\/S2i\/Acuse\/recuperarArchivo.jsp?id=1399&id_archivo=9944&tipo=patente&extension=fichero ","inf":false,"departamento":"","acf":[],"lang":"es","translation":{"es":8770},"_links":{"self":[{"href":"https:\/\/www.upm.es\/recursosidi\/wp-json\/wp\/v2\/product\/8770"}],"collection":[{"href":"https:\/\/www.upm.es\/recursosidi\/wp-json\/wp\/v2\/product"}],"about":[{"href":"https:\/\/www.upm.es\/recursosidi\/wp-json\/wp\/v2\/types\/product"}],"wp:attachment":[{"href":"https:\/\/www.upm.es\/recursosidi\/wp-json\/wp\/v2\/media?parent=8770"}],"wp:term":[{"taxonomy":"product_cat","embeddable":true,"href":"https:\/\/www.upm.es\/recursosidi\/wp-json\/wp\/v2\/product_cat?post=8770"},{"taxonomy":"product_tag","embeddable":true,"href":"https:\/\/www.upm.es\/recursosidi\/wp-json\/wp\/v2\/product_tag?post=8770"},{"taxonomy":"comunidad_upm","embeddable":true,"href":"https:\/\/www.upm.es\/recursosidi\/wp-json\/wp\/v2\/comunidades-upm?post=8770"},{"taxonomy":"quien","embeddable":true,"href":"https:\/\/www.upm.es\/recursosidi\/wp-json\/wp\/v2\/quien?post=8770"},{"taxonomy":"mapa","embeddable":true,"href":"https:\/\/www.upm.es\/recursosidi\/wp-json\/wp\/v2\/mapa?post=8770"},{"taxonomy":"disponibilidad","embeddable":true,"href":"https:\/\/www.upm.es\/recursosidi\/wp-json\/wp\/v2\/disponibilidad?post=8770"},{"taxonomy":"donde","embeddable":true,"href":"https:\/\/www.upm.es\/recursosidi\/wp-json\/wp\/v2\/donde?post=8770"},{"taxonomy":"infraestructura","embeddable":true,"href":"https:\/\/www.upm.es\/recursosidi\/wp-json\/wp\/v2\/infraestructura?post=8770"},{"taxonomy":"ods","embeddable":true,"href":"https:\/\/www.upm.es\/recursosidi\/wp-json\/wp\/v2\/ods?post=8770"},{"taxonomy":"origen","embeddable":true,"href":"https:\/\/www.upm.es\/recursosidi\/wp-json\/wp\/v2\/origen?post=8770"}],"curies":[{"name":"wp","href":"https:\/\/api.w.org\/{rel}","templated":true}]}}