{"id":8784,"date":"2021-11-25T14:21:49","date_gmt":"2021-11-25T13:21:49","guid":{"rendered":"https:\/\/www.upm.es\/recursosidi\/offers-resources\/sin%20categor\u00eda\/metodo-y-sistema-de-control-predictivo-de-un-convertidor-cc-ca\/"},"modified":"2022-08-10T02:21:46","modified_gmt":"2022-08-10T00:21:46","slug":"metodo-y-sistema-de-control-predictivo-de-un-convertidor-cc-ca","status":"publish","type":"product","link":"https:\/\/www.upm.es\/recursosidi\/offers-resources\/patentes\/metodo-y-sistema-de-control-predictivo-de-un-convertidor-cc-ca\/","title":{"rendered":"M\u00e9todo y sistema de control predictivo de un convertidor CC\/CA"},"content":{"rendered":"<h5>Descripci\u00f3n de la patente <\/h5>\n<p>Se divulga un m\u00e9todo y un sistema de control predictivo de un convertidor CC\/CA (1) para transmisi\u00f3n en corriente continua de alta tensi\u00f3n. El convertidor CC\/CA (1) tiene una tensi\u00f3n de entrada (vDC) y un vector tensi\u00f3n de salida ((v_MMC ) \u00bf) cuyos valores posibles definen una pluralidad de hex\u00e1gonos. Asimismo, el convertidor CC\/CA (1) est\u00e1 configurado para proporcionar a una carga un vector tensi\u00f3n de carga ((v_g ) \u00bf) y un vector corriente de carga ((i_g ) \u00bf). El m\u00e9todo y sistema comprenden calcular un vector tensi\u00f3n de salida de referencia ((v_MMC ) \u00bf^*), a partir a partir del vector tensi\u00f3n de red ((v_g ) \u00bf), del vector corriente de red ((i_g ) \u00bf), y de los valores de referencia de las potencias activa (Pg*) y reactiva (Qg*), para minimizar una funci\u00f3n de coste que incluye los errores de la potencia activa y reactiva.<\/p>\n<h5>Situaci\u00f3n <\/h5>\n<p>Concedida<\/p>\n<h5>N\u00famero de solicitud<\/h5>\n<p>P201930833<\/p>\n<h5>N\u00famero de publicaci\u00f3n<\/h5>\n<p>ES2733738<\/p>\n<h5>Fecha de presentaci\u00f3n <\/h5>\n<p>26\/09\/2019<\/p>\n<h5>Fecha de publicaci\u00f3n <\/h5>\n<p>02\/12\/2019<\/p>\n<h5>Fecha de concesi\u00f3n <\/h5>\n<p>11\/09\/2020<\/p>\n<div class=\"pdfprnt-buttons pdfprnt-buttons-product pdfprnt-bottom-left\"><a href=\"https:\/\/www.upm.es\/recursosidi\/wp-json\/wp\/v2\/product\/8784?print=pdf\" class=\"pdfprnt-button pdfprnt-button-pdf\" target=\"_blank\"><span class=\"pdfprnt-button-title pdfprnt-button-pdf-title\">Descargar ficha<\/span><\/a><\/div>","protected":false},"excerpt":{"rendered":"<p>Descripci\u00f3n de la patente Se divulga un m\u00e9todo y un sistema de control predictivo de un convertidor CC\/CA (1) para transmisi\u00f3n en corriente continua de&hellip;<\/p>\n","protected":false},"featured_media":0,"template":"","meta":{"_acf_changed":false},"product_cat":[3946],"product_tag":[4080,4245,4246,4084],"comunidades-upm":[],"quien":[],"mapa":[{"term_id":2405,"name":"Ciencia para la ingenier\u00eda y la arquitectura","slug":"ciencia-para-ingenieria-y-arquitectura","term_group":0,"term_taxonomy_id":2405,"taxonomy":"mapa","description":"","parent":0,"count":127,"filter":"raw","term_order":"7"},{"term_id":133,"name":"Clima, Energ\u00eda y Movilidad","slug":"clima-energia-movilidad","term_group":0,"term_taxonomy_id":133,"taxonomy":"mapa","description":"","parent":0,"count":129,"filter":"raw","term_order":"9"},{"term_id":135,"name":"Industria, materiales y econom\u00eda circular","slug":"industria-materiales-economia_circular","term_group":0,"term_taxonomy_id":135,"taxonomy":"mapa","description":"","parent":0,"count":165,"filter":"raw","term_order":"13"}],"disponibilidad":[],"donde":[{"term_id":546,"name":"Centro de Electr\u00f3nica Industrial (CEI)","slug":"centro-de-electronica-industrial-cei","term_group":0,"term_taxonomy_id":546,"taxonomy":"donde","description":"","parent":0,"count":25,"filter":"raw","term_order":"0"},{"term_id":374,"name":"Generaci\u00f3n el\u00e9ctrica con energ\u00eda e\u00f3lica","slug":"generacion-electrica-con-energia-eolica","term_group":0,"term_taxonomy_id":374,"taxonomy":"donde","description":"","parent":0,"count":70,"filter":"raw","term_order":"0"}],"infraestructura":[],"ods":[],"origen":[{"term_id":180,"name":"Patente","slug":"patente","term_group":0,"term_taxonomy_id":180,"taxonomy":"origen","description":"","parent":0,"count":614,"filter":"raw","term_order":"0"}],"familia_tax":false,"quien_tax":false,"donde_tax":false,"year":"","contacto":"<strong>Principales: <\/strong><ul><li>MOHAMMAD EBRAHIM ZAREI . <blockquote><strong>me.zarei@alumnos.upm.es<\/strong><\/blockquote><\/li><li>DIONISIO RAMIREZ PRIETO <blockquote><strong>dionisio.ramirez@upm.es<\/strong><\/blockquote><\/li><\/ul><strong>Otros inventores: <\/strong><ul><li>Luis CarlosHerrero De Lucas Universidad de Valladolid<\/li> <li>FERNANDOMART\u00cdNEZ RODRIGO Universidad de Valladolid<\/li> <\/ul>","telefono":"","pagina_web":"","email":"","id_ficha_portal":"1555","video":"","adjuntos":false,"adjuntos_portal":"https:\/\/www.upm.es\/S2i\/Acuse\/recuperarArchivo.jsp?id=1555&id_archivo=11365&tipo=patente&extension=fichero ","inf":false,"departamento":"","acf":[],"lang":"es","translation":{"es":8784},"_links":{"self":[{"href":"https:\/\/www.upm.es\/recursosidi\/wp-json\/wp\/v2\/product\/8784"}],"collection":[{"href":"https:\/\/www.upm.es\/recursosidi\/wp-json\/wp\/v2\/product"}],"about":[{"href":"https:\/\/www.upm.es\/recursosidi\/wp-json\/wp\/v2\/types\/product"}],"wp:attachment":[{"href":"https:\/\/www.upm.es\/recursosidi\/wp-json\/wp\/v2\/media?parent=8784"}],"wp:term":[{"taxonomy":"product_cat","embeddable":true,"href":"https:\/\/www.upm.es\/recursosidi\/wp-json\/wp\/v2\/product_cat?post=8784"},{"taxonomy":"product_tag","embeddable":true,"href":"https:\/\/www.upm.es\/recursosidi\/wp-json\/wp\/v2\/product_tag?post=8784"},{"taxonomy":"comunidad_upm","embeddable":true,"href":"https:\/\/www.upm.es\/recursosidi\/wp-json\/wp\/v2\/comunidades-upm?post=8784"},{"taxonomy":"quien","embeddable":true,"href":"https:\/\/www.upm.es\/recursosidi\/wp-json\/wp\/v2\/quien?post=8784"},{"taxonomy":"mapa","embeddable":true,"href":"https:\/\/www.upm.es\/recursosidi\/wp-json\/wp\/v2\/mapa?post=8784"},{"taxonomy":"disponibilidad","embeddable":true,"href":"https:\/\/www.upm.es\/recursosidi\/wp-json\/wp\/v2\/disponibilidad?post=8784"},{"taxonomy":"donde","embeddable":true,"href":"https:\/\/www.upm.es\/recursosidi\/wp-json\/wp\/v2\/donde?post=8784"},{"taxonomy":"infraestructura","embeddable":true,"href":"https:\/\/www.upm.es\/recursosidi\/wp-json\/wp\/v2\/infraestructura?post=8784"},{"taxonomy":"ods","embeddable":true,"href":"https:\/\/www.upm.es\/recursosidi\/wp-json\/wp\/v2\/ods?post=8784"},{"taxonomy":"origen","embeddable":true,"href":"https:\/\/www.upm.es\/recursosidi\/wp-json\/wp\/v2\/origen?post=8784"}],"curies":[{"name":"wp","href":"https:\/\/api.w.org\/{rel}","templated":true}]}}