{"id":8786,"date":"2021-11-25T14:21:59","date_gmt":"2021-11-25T13:21:59","guid":{"rendered":"https:\/\/www.upm.es\/recursosidi\/offers-resources\/sin%20categor\u00eda\/estructura-de-cobertura-para-envolver-cerramientos-exteriores-de-edificaciones\/"},"modified":"2025-12-18T03:13:03","modified_gmt":"2025-12-18T02:13:03","slug":"estructura-de-cobertura-para-envolver-cerramientos-exteriores-de-edificaciones","status":"publish","type":"product","link":"https:\/\/www.upm.es\/recursosidi\/offers-resources\/patentes\/estructura-de-cobertura-para-envolver-cerramientos-exteriores-de-edificaciones\/","title":{"rendered":"ESTRUCTURA DE COBERTURA PARA ENVOLVER CERRAMIENTOS EXTERIORES DE EDIFICACIONES"},"content":{"rendered":"<h5>Descripci\u00f3n de la patente <\/h5>\n<p>Estructura de cobertura para envolver cerramientos exteriores de edificaciones. Es objeto de la presente invenci&oacute;n un m&eacute;todo para la obtenci&oacute;n de un material de celulosa bacteriana obtenida a partir de la fermentaci&oacute;n del t&eacute; Kombucha, y el material de celulosa bacteriana obtenido por dicho m&eacute;todo. Tambi&eacute;n es objeto de la presente invenci&oacute;n una estructura de cobertura para envolver cerramientos exteriores de edificaciones, que comprende un coj&iacute;n configurado para hincharse por un fluido cuyas paredes est&aacute;n formadas por el material de celulosa bacteriana descrito en el presente documento. Finalmente, se describe el uso de la estructura de cobertura para cubrir fachadas y cubiertas de edificaciones en estructuras flotantes, ventiladas, de cobertura y aislamiento de doble piel.<\/p>\n<p><img fetchpriority=\"high\" decoding=\"async\" src=\"https:\/\/www.upm.es\/S2i\/Acuse\/recuperarArchivo.jsp?id=1621&amp;id_archivo=12484&amp;tipo=patente&amp;extension=imagen\" alt=\"imagen\" width=\"386\" height=\"260\" \/><\/p>\n<h5>Situaci\u00f3n <\/h5>\n<p>Concedida<\/p>\n<h5>N\u00famero de solicitud<\/h5>\n<p>P202031230<\/p>\n<h5>N\u00famero de publicaci\u00f3n<\/h5>\n<p>ES2820313<\/p>\n<h5>Fecha de presentaci\u00f3n <\/h5>\n<p>10\/12\/2020<\/p>\n<h5>Fecha de publicaci\u00f3n <\/h5>\n<p>20\/04\/2021<\/p>\n<h5>Fecha de concesi\u00f3n <\/h5>\n<p>12\/08\/2021<\/p>\n<div class=\"pdfprnt-buttons pdfprnt-buttons-product pdfprnt-bottom-left\"><a href=\"https:\/\/www.upm.es\/recursosidi\/wp-json\/wp\/v2\/product\/8786?print=pdf\" class=\"pdfprnt-button pdfprnt-button-pdf\" target=\"_blank\"><span class=\"pdfprnt-button-title pdfprnt-button-pdf-title\">Descargar ficha<\/span><\/a><\/div>","protected":false},"excerpt":{"rendered":"<p>Descripci\u00f3n de la patente Estructura de cobertura para envolver cerramientos exteriores de edificaciones. Es objeto de la presente invenci&oacute;n un m&eacute;todo para la obtenci&oacute;n de&hellip;<\/p>\n","protected":false},"featured_media":0,"template":"","meta":{"_acf_changed":false},"product_cat":[3946],"product_tag":[4002,4003,4000,2538,2548,4007,4006,4005,4004],"comunidades-upm":[],"quien":[],"mapa":[{"term_id":139,"name":"Agricultura, silvicultura, recursos naturales, usos de la tierra y crecimiento azul","slug":"agricultura-silvicultura-recursos_naturales-usos_tierra-crecimiento_azul","term_group":0,"term_taxonomy_id":139,"taxonomy":"mapa","description":"","parent":0,"count":43,"filter":"raw","term_order":"2"},{"term_id":124,"name":"Arquitectura, Baukultur y creatividad","slug":"arquitectura-baukultur-creatividad","term_group":0,"term_taxonomy_id":124,"taxonomy":"mapa","description":"","parent":0,"count":25,"filter":"raw","term_order":"4"},{"term_id":133,"name":"Clima, Energ\u00eda y Movilidad","slug":"clima-energia-movilidad","term_group":0,"term_taxonomy_id":133,"taxonomy":"mapa","description":"","parent":0,"count":129,"filter":"raw","term_order":"9"},{"term_id":135,"name":"Industria, materiales y econom\u00eda circular","slug":"industria-materiales-economia_circular","term_group":0,"term_taxonomy_id":135,"taxonomy":"mapa","description":"","parent":0,"count":165,"filter":"raw","term_order":"13"}],"disponibilidad":[],"donde":[{"term_id":262,"name":"An\u00e1lisis e Intervenci\u00f3n en Patrimonio Arquitect\u00f3nico","slug":"analisis-e-intervencion-en-patrimonio-arquitectonico","term_group":0,"term_taxonomy_id":262,"taxonomy":"donde","description":"","parent":0,"count":6,"filter":"raw","term_order":"0"}],"infraestructura":[],"ods":[],"origen":[{"term_id":180,"name":"Patente","slug":"patente","term_group":0,"term_taxonomy_id":180,"taxonomy":"origen","description":"","parent":0,"count":614,"filter":"raw","term_order":"0"}],"familia_tax":false,"quien_tax":false,"donde_tax":false,"year":"","contacto":"<strong>Principales: <\/strong><ul><li>Javier Pinilla Melo <blockquote><strong>javier.pinilla@upm.es<\/strong><\/blockquote><\/li><\/ul><strong>Otros investigadores UPM: <\/strong><ul><li>Arturo Artica Garc\u00eda E.T.S. de Arquitectura<\/li><\/ul>","telefono":"","pagina_web":"","email":"","id_ficha_portal":"1621","video":"","adjuntos":false,"adjuntos_portal":"https:\/\/www.upm.es\/S2i\/Acuse\/recuperarArchivo.jsp?id=1621&id_archivo=12291&tipo=patente&extension=fichero ","inf":false,"departamento":"","acf":[],"lang":"es","translation":{"es":8786},"_links":{"self":[{"href":"https:\/\/www.upm.es\/recursosidi\/wp-json\/wp\/v2\/product\/8786"}],"collection":[{"href":"https:\/\/www.upm.es\/recursosidi\/wp-json\/wp\/v2\/product"}],"about":[{"href":"https:\/\/www.upm.es\/recursosidi\/wp-json\/wp\/v2\/types\/product"}],"wp:attachment":[{"href":"https:\/\/www.upm.es\/recursosidi\/wp-json\/wp\/v2\/media?parent=8786"}],"wp:term":[{"taxonomy":"product_cat","embeddable":true,"href":"https:\/\/www.upm.es\/recursosidi\/wp-json\/wp\/v2\/product_cat?post=8786"},{"taxonomy":"product_tag","embeddable":true,"href":"https:\/\/www.upm.es\/recursosidi\/wp-json\/wp\/v2\/product_tag?post=8786"},{"taxonomy":"comunidad_upm","embeddable":true,"href":"https:\/\/www.upm.es\/recursosidi\/wp-json\/wp\/v2\/comunidades-upm?post=8786"},{"taxonomy":"quien","embeddable":true,"href":"https:\/\/www.upm.es\/recursosidi\/wp-json\/wp\/v2\/quien?post=8786"},{"taxonomy":"mapa","embeddable":true,"href":"https:\/\/www.upm.es\/recursosidi\/wp-json\/wp\/v2\/mapa?post=8786"},{"taxonomy":"disponibilidad","embeddable":true,"href":"https:\/\/www.upm.es\/recursosidi\/wp-json\/wp\/v2\/disponibilidad?post=8786"},{"taxonomy":"donde","embeddable":true,"href":"https:\/\/www.upm.es\/recursosidi\/wp-json\/wp\/v2\/donde?post=8786"},{"taxonomy":"infraestructura","embeddable":true,"href":"https:\/\/www.upm.es\/recursosidi\/wp-json\/wp\/v2\/infraestructura?post=8786"},{"taxonomy":"ods","embeddable":true,"href":"https:\/\/www.upm.es\/recursosidi\/wp-json\/wp\/v2\/ods?post=8786"},{"taxonomy":"origen","embeddable":true,"href":"https:\/\/www.upm.es\/recursosidi\/wp-json\/wp\/v2\/origen?post=8786"}],"curies":[{"name":"wp","href":"https:\/\/api.w.org\/{rel}","templated":true}]}}