{"id":8791,"date":"2021-11-25T14:22:12","date_gmt":"2021-11-25T13:22:12","guid":{"rendered":"https:\/\/www.upm.es\/recursosidi\/offers-resources\/sin%20categor\u00eda\/metodo-optico-de-deteccion-de-una-molecula-objetivo-mediante-amplificacion-en-la-respuesta-de-interferencia-por-indice-de-refraccion-y-dispersion\/"},"modified":"2022-09-23T02:00:34","modified_gmt":"2022-09-23T00:00:34","slug":"metodo-optico-de-deteccion-de-una-molecula-objetivo-mediante-amplificacion-en-la-respuesta-de-interferencia-por-indice-de-refraccion-y-dispersion","status":"publish","type":"product","link":"https:\/\/www.upm.es\/recursosidi\/offers-resources\/patentes\/metodo-optico-de-deteccion-de-una-molecula-objetivo-mediante-amplificacion-en-la-respuesta-de-interferencia-por-indice-de-refraccion-y-dispersion\/","title":{"rendered":"M\u00e9todo \u00f3ptico de detecci\u00f3n de una mol\u00e9cula objetivo mediante amplificaci\u00f3n en la respuesta de interferencia por \u00edndice de refracci\u00f3n y dispersi\u00f3n"},"content":{"rendered":"<h5>Descripci\u00f3n de la patente <\/h5>\n<p>M&eacute;todo &oacute;ptico de detecci&oacute;n de una mol&eacute;cula objetivo<br \/>mediante amplificaci&oacute;n en la respuesta de<br \/>interferencia por &iacute;ndice de refracci&oacute;n y dispersi&oacute;n.<br \/>M&eacute;todo &oacute;ptico de detecci&oacute;n de al menos una<br \/>mol&eacute;cula objetivo (MO) contenida en una muestra a<br \/>una concentraci&oacute;n determinada, que comprende: a)<br \/>poner en contacto, en un medio l&iacute;quido, la muestra<br \/>que contiene la MO con una soluci&oacute;n que contiene<br \/>nanopart&iacute;culas (NPs) cuya superficie ha sido tapizada<br \/>o funcionalizada con al menos un tipo de bioreceptor<br \/>(BR) espec&iacute;fico de la mol&eacute;cula objetivo a detectar<br \/>(NP-BR), de forma que estos BRs reconozcan<br \/>espec&iacute;ficamente dicha MO, y por tanto se formen<br \/>conjugados de las NP-BRs con las MOs (NP-BRMOs);<br \/>b) separar los conjugados de nanopart&iacute;culas<br \/>(NP-BR-MOs y\/o NP-BRs) formados en la etapa<br \/>anterior; c) poner en contacto los conjugados de<br \/>dichas nanopart&iacute;culas (NP-BR-MOs y\/o NP-BRs) con<br \/>una superficie sensora de un transductor &oacute;ptico que<br \/>funcione por reflexi&oacute;n y\/o transmisi&oacute;n, cuya respuesta<br \/>este basada en la interferencia &oacute;ptica y donde esta<br \/>superficie sensora estar&aacute; funcionalizada mediante la<br \/>inmovilizaci&oacute;n en su superficie de: i) la mol&eacute;cula<br \/>objetivo (MO), o ii) de al menos un bioreceptor<br \/>espec&iacute;fico, que puede ser del mismo tipo (BR) o de<br \/>otro tipo (BR1) de la mol&eacute;cula objetivo; y c)<br \/>determinar la lectura &oacute;ptica en la superficie sensora<br \/>por el cambio de respuesta de interferencia del<br \/>transductor &oacute;ptico ocasionado por el cambio en la<br \/>parte real del &iacute;ndice de refracci&oacute;n provocado por los<br \/>citados conjugados de NPs reconocidos en la<br \/>superficie sensora, y\/o por el cambio de intensidad en<br \/>dicha respuesta de interferencia ocasionada por la<br \/>variaci&oacute;n de intensidad ocasionada bien por la<br \/>dispersi&oacute;n o por la variaci&oacute;n en la parte compleja del<br \/>&iacute;ndice de refracci&oacute;n de los mencionados conjugados<br \/>de NPs, o por una combinaci&oacute;n de ambos efectos.<\/p>\n<p><img fetchpriority=\"high\" decoding=\"async\" src=\"https:\/\/www.upm.es\/S2i\/Acuse\/recuperarArchivo.jsp?id=1515&amp;id_archivo=12575&amp;tipo=patente&amp;extension=imagen\" alt=\"Figura 1\" width=\"600\" height=\"692\" \/><\/p>\n<p>&nbsp;<\/p>\n<h5>Situaci\u00f3n <\/h5>\n<p>Concedida<\/p>\n<h5>N\u00famero de solicitud<\/h5>\n<p>P201931066<\/p>\n<h5>N\u00famero de publicaci\u00f3n<\/h5>\n<p>ES2750374<\/p>\n<h5>Fecha de presentaci\u00f3n <\/h5>\n<p>02\/12\/2019<\/p>\n<h5>Fecha de publicaci\u00f3n <\/h5>\n<p>25\/03\/2020<\/p>\n<h5>Fecha de concesi\u00f3n <\/h5>\n<p>09\/10\/2020<\/p>\n<h4><strong>Extensiones Internacionales<\/strong><\/h4>\n<h5>EUROPA<\/h5>\n<p><strong>Referencia de la solicitud: <\/strong>EP20895200.2<br \/><strong>T\u00edtulo:\t\t\t\t\t   <\/strong>Optical method for the detection of a target molecule by means of amplification in the interference response by refractive index and scattering<br \/><strong>Situacion: \t\t\t\t   <\/strong>Presentada<\/p>\n<h5>PA\u00cdSES<\/h5>\n<p><strong>Pa\u00eds: <\/strong>Alemania<br \/><strong>N\u00famero de solicitud: <\/strong>112020005940.5<br \/><strong>Titulo: <\/strong>Optisches Verfahren zum Nachweis eines Zielmolek\u00fcls durch Amplifikation der Interferenzreaktion durch Brechungs- und streuungsindex<br \/><strong>Situaci\u00f3n: <\/strong>Presentada<br \/><strong>Pa\u00eds: <\/strong>Reino Unido<br \/><strong>N\u00famero de solicitud: <\/strong>2208302.6<br \/><strong>Titulo: <\/strong>Optical method for detecting a target molecule by means of the amplification in the interference response, resulting from the refractive index and dispersion<br \/><strong>Situaci\u00f3n: <\/strong>Presentada<br \/><strong>Pa\u00eds: <\/strong>Estados Unidos<br \/><strong>N\u00famero de solicitud: <\/strong>17\/781,697<br \/><strong>Titulo: <\/strong>Optical method for detecting a target molecule by means of the amplification in the interference response, resulting from the refractive index and dispersion<br \/><strong>Situaci\u00f3n: <\/strong>Presentada<br \/><strong>Pa\u00eds: <\/strong>Jap\u00f3n<br \/><strong>N\u00famero de solicitud: <\/strong>2022-533138<br \/><strong>Titulo: <\/strong>Optical method for detecting a target molecule by means of the amplification in the interference response, resulting from the refractive index and dispersion<br \/><strong>Situaci\u00f3n: <\/strong>Presentada<br \/><strong>Pa\u00eds: <\/strong>Italia<br \/><strong>N\u00famero de solicitud: <\/strong>112022000079853<br \/><strong>Titulo: <\/strong>Metodo ottico di rilevamento di una molecola-obiettivo mediante<br \/>\namplificazione nella risposta di interferenza per indice di rifrazione e<br \/>\ndispersione<br \/><strong>Situaci\u00f3n: <\/strong>Presentada<br \/><strong>Pa\u00eds: <\/strong>Canad\u00e1<br \/><strong>N\u00famero de solicitud: <\/strong>3,160,384<br \/><strong>Titulo: <\/strong>Optical method for detecting a target molecule by means of the amplification in the interference response, resulting from the refractive index and dispersion<br \/><strong>Situaci\u00f3n: <\/strong>Presentada<\/p>\n<div class=\"pdfprnt-buttons pdfprnt-buttons-product pdfprnt-bottom-left\"><a href=\"https:\/\/www.upm.es\/recursosidi\/wp-json\/wp\/v2\/product\/8791?print=pdf\" class=\"pdfprnt-button pdfprnt-button-pdf\" target=\"_blank\"><span class=\"pdfprnt-button-title pdfprnt-button-pdf-title\">Descargar ficha<\/span><\/a><\/div>","protected":false},"excerpt":{"rendered":"<p>Descripci\u00f3n de la patente M&eacute;todo &oacute;ptico de detecci&oacute;n de una mol&eacute;cula objetivomediante amplificaci&oacute;n en la respuesta deinterferencia por &iacute;ndice de refracci&oacute;n y dispersi&oacute;n.M&eacute;todo &oacute;ptico de&hellip;<\/p>\n","protected":false},"featured_media":0,"template":"","meta":{"_acf_changed":false},"product_cat":[3946],"product_tag":[4179,4177,4176,4178,2870,4180],"comunidades-upm":[],"quien":[],"mapa":[{"term_id":137,"name":"Bioeconom\u00eda, Biotecnolog\u00eda y Sistemas Alimentarios","slug":"bioeconomia-biotecnologia-sistemas_alimentarios","term_group":0,"term_taxonomy_id":137,"taxonomy":"mapa","description":"","parent":0,"count":45,"filter":"raw","term_order":"6"}],"disponibilidad":[],"donde":[{"term_id":302,"name":"Biotecnolog\u00eda Vegetal","slug":"biotecnologia-vegetal","term_group":0,"term_taxonomy_id":302,"taxonomy":"donde","description":"Estudio de las bases moleculares de procesos fisiol&oacute;gicos y de desarrollo vegetal, para la generaci&oacute;n de herramientas biotecnol&oacute;gicas.\nTrabajamos en cinco <strong>l&iacute;neas principales de investigaci&oacute;n<\/strong>:\n&nbsp;\n\n<strong>Estudio de las bases moleculares de la alergenicidad y la reactividad cruzada de alimentos vegetales.<\/strong> Identificaci&oacute;n y caracterizaci&oacute;n de al&eacute;rgenos vegetales. Dise&ntilde;o de nuevos m&eacute;todos de diagn&oacute;stico molecular. Dise&ntilde;o de nuevas estrategias en inmunoterapia.\n\n&nbsp;\n\n<strong>Estudios computacionales de sistemas macromoleculares en procesos biol&oacute;gicos. <\/strong>C&aacute;lculos de docking. Modelado estructural y propiedades. Mec&aacute;nica Molecular. Din&aacute;mica Molecular.\n\n&nbsp;\n\n<strong>Control circadiano y estacional de los ciclos dormancia-crecimiento en &aacute;rboles. <\/strong>Estudio del control gen&eacute;tico y ambiental de la dormancia invernal. Herramientas para el incremento de la biomasa vegetal le&ntilde;osa. Biotecnolog&iacute;a aplicada a protecci&oacute;n de yemas florales y vegetativas.\n\n<strong>&nbsp;<\/strong>\n\n<strong>Regulaci&oacute;n del crecimiento a&eacute;reo en plantas. <\/strong>Estudio de los mecanismos de control del tiempo de desarrollo. Regulaci&oacute;n del crecimiento meristem&aacute;tico en yemas y cambium vascular.\n\n<strong>&nbsp;<\/strong>\n\n<strong>Desarrollo y crecimiento de &oacute;rganos radiculares<\/strong>. Desarrollo de las herramientas gen&eacute;ticas para modular la arquitectura radicular, la regeneraci&oacute;n de &oacute;rganos y mejorar enraizamiento. Estudio de la pluripotencia y la regeneraci&oacute;n celular.\n","parent":0,"count":5,"filter":"raw","term_order":"0"},{"term_id":252,"name":"Centro de Biotecnolog\u00eda y Gen\u00f3mica de Plantas (CBGP)","slug":"centro-de-biotecnologia-y-genomica-de-plantas-cbgp","term_group":0,"term_taxonomy_id":252,"taxonomy":"donde","description":"","parent":0,"count":19,"filter":"raw","term_order":"0"},{"term_id":556,"name":"Centro de Tecnolog\u00eda Biom\u00e9dica (CTB)","slug":"centro-de-tecnologia-biomedica-ctb","term_group":0,"term_taxonomy_id":556,"taxonomy":"donde","description":"","parent":0,"count":84,"filter":"raw","term_order":"0"},{"term_id":652,"name":"Grupo de \u00d3ptica F\u00f3tonica y Biofot\u00f3nica (GOFB)","slug":"grupo-de-optica-fotonica-y-biofotonica-gofb","term_group":0,"term_taxonomy_id":652,"taxonomy":"donde","description":"Nuestro objetivo principal es investigar y desarrollar sistemas &oacute;pticos y fot&oacute;nicos para aplicaciones biol&oacute;gicas y opto-qu&iacute;micas como puedan ser sistemas <em>Point-of-Care <\/em>para diagn&oacute;stico <em>In-Vitro<\/em>, sistemas para an&aacute;lisis y diagn&oacute;stico el l&iacute;quidos, chips y micro-chips para sistemas de detecci&oacute;n y para aplicaciones <em>body-on-a-chip.<\/em> Para alcanzar este objetivo nos centramos en diversas &aacute;reas de investigaci&oacute;n:\n&nbsp;\n\nSimulaci&oacute;n de estructuras micro y nano fot&oacute;nicas\nMicro-nano fabricaci&oacute;n de transductores&nbsp; en chips y biochips\nCaracterizaci&oacute;n &oacute;ptica avanzada de transductores\nDesarrollo de sistemas &oacute;ptica avanzados\nMicro y nano flu&iacute;dica\nFuncionalizaci&oacute;n y biofuncionalizaci&oacute;n de superficies\nInmunoensayos y bioqu&iacute;mica\n","parent":0,"count":15,"filter":"raw","term_order":"0"}],"infraestructura":[],"ods":[],"origen":[{"term_id":180,"name":"Patente","slug":"patente","term_group":0,"term_taxonomy_id":180,"taxonomy":"origen","description":"","parent":0,"count":614,"filter":"raw","term_order":"0"}],"familia_tax":false,"quien_tax":false,"donde_tax":false,"year":"","contacto":"<strong>Principales: <\/strong><ul><li>MIGUEL HOLGADO BOLA\u00d1OS <blockquote><strong>m.holgado@upm.es<\/strong><\/blockquote><\/li><li>MARIA FE LAGUNA HERAS <blockquote><strong>mariafe.laguna@upm.es<\/strong><\/blockquote><\/li><li>LUIS FERNANDEZ PACIOS <blockquote><strong>luis.fpacios@upm.es<\/strong><\/blockquote><\/li><li>ARACELI DIAZ PERALES <blockquote><strong>araceli.diaz@upm.es<\/strong><\/blockquote><\/li><li>MARIA GARRIDO ARANDIA <blockquote><strong>maria.garrido@upm.es<\/strong><\/blockquote><\/li><li>ROCIO LOPEZ ESPINOSA <blockquote><strong>rocio.lopez@upm.es<\/strong><\/blockquote><\/li><li>BEATRIZ SANTAMARIA FERNANDEZ <blockquote><strong>betxu.santamaria@upm.es<\/strong><\/blockquote><\/li><li>ALEJANDRO ROMERO SAHAGUN <blockquote><strong>alejandro.romero.sahagun@upm.es<\/strong><\/blockquote><\/li><\/ul><strong>Otros inventores: <\/strong><ul><li>YolandaRam\u00edrez Alonso Bio Optical Detection SL<\/li> <li>Francisco Javier Sanza Guti\u00e9rrez Bio Optical Detection SL<\/li> <\/ul>","telefono":"","pagina_web":"","email":"","id_ficha_portal":"1515","video":"","adjuntos":false,"adjuntos_portal":"https:\/\/www.upm.es\/S2i\/Acuse\/recuperarArchivo.jsp?id=1515&id_archivo=11483&tipo=patente&extension=fichero ","inf":false,"departamento":"","acf":[],"lang":"es","translation":{"es":8791},"_links":{"self":[{"href":"https:\/\/www.upm.es\/recursosidi\/wp-json\/wp\/v2\/product\/8791"}],"collection":[{"href":"https:\/\/www.upm.es\/recursosidi\/wp-json\/wp\/v2\/product"}],"about":[{"href":"https:\/\/www.upm.es\/recursosidi\/wp-json\/wp\/v2\/types\/product"}],"wp:attachment":[{"href":"https:\/\/www.upm.es\/recursosidi\/wp-json\/wp\/v2\/media?parent=8791"}],"wp:term":[{"taxonomy":"product_cat","embeddable":true,"href":"https:\/\/www.upm.es\/recursosidi\/wp-json\/wp\/v2\/product_cat?post=8791"},{"taxonomy":"product_tag","embeddable":true,"href":"https:\/\/www.upm.es\/recursosidi\/wp-json\/wp\/v2\/product_tag?post=8791"},{"taxonomy":"comunidad_upm","embeddable":true,"href":"https:\/\/www.upm.es\/recursosidi\/wp-json\/wp\/v2\/comunidades-upm?post=8791"},{"taxonomy":"quien","embeddable":true,"href":"https:\/\/www.upm.es\/recursosidi\/wp-json\/wp\/v2\/quien?post=8791"},{"taxonomy":"mapa","embeddable":true,"href":"https:\/\/www.upm.es\/recursosidi\/wp-json\/wp\/v2\/mapa?post=8791"},{"taxonomy":"disponibilidad","embeddable":true,"href":"https:\/\/www.upm.es\/recursosidi\/wp-json\/wp\/v2\/disponibilidad?post=8791"},{"taxonomy":"donde","embeddable":true,"href":"https:\/\/www.upm.es\/recursosidi\/wp-json\/wp\/v2\/donde?post=8791"},{"taxonomy":"infraestructura","embeddable":true,"href":"https:\/\/www.upm.es\/recursosidi\/wp-json\/wp\/v2\/infraestructura?post=8791"},{"taxonomy":"ods","embeddable":true,"href":"https:\/\/www.upm.es\/recursosidi\/wp-json\/wp\/v2\/ods?post=8791"},{"taxonomy":"origen","embeddable":true,"href":"https:\/\/www.upm.es\/recursosidi\/wp-json\/wp\/v2\/origen?post=8791"}],"curies":[{"name":"wp","href":"https:\/\/api.w.org\/{rel}","templated":true}]}}